{"id":9687,"date":"2022-09-20T06:34:09","date_gmt":"2022-09-20T06:34:09","guid":{"rendered":"https:\/\/tehnikabacko.rs\/index.php\/product\/villager-ps-20-motorna-prskalica\/"},"modified":"2025-06-01T09:27:11","modified_gmt":"2025-06-01T09:27:11","slug":"villager-ps-20-motorna-prskalica","status":"publish","type":"product","link":"https:\/\/tehnikabacko.rs\/index.php\/product\/villager-ps-20-motorna-prskalica\/","title":{"rendered":"Villager PS 20 motorna prskalica"},"content":{"rendered":"<p>Motorna ledjna prskalica Villager PS 20 atomizer<br \/>\nVillager\u00ae PS 20 je le\u0111na prskalica velikog kapaciteta namenjena upotrebi na velikim povr\u0161inama.<br \/>\nSa rezervoarom od \u010dak 20 litara, agilnim dvotaktnim motorom snage 0.75 kW, i setom dodatnih aksesoara (brener i nastavci), sa sigurno\u0161\u0107u \u0107e pru\u017eiti udobnost i veliku autonomiju u radu.<\/p>\n","protected":false},"excerpt":{"rendered":"<p>AC glave za trimere<br \/>\n13 products<\/p>\n","protected":false},"featured_media":9685,"comment_status":"open","ping_status":"closed","template":"","meta":{"inline_featured_image":false},"product_brand":[],"product_cat":[148,245,257],"product_tag":[259],"class_list":{"0":"post-9687","1":"product","2":"type-product","3":"status-publish","4":"has-post-thumbnail","6":"product_cat-alati","7":"product_cat-prskalice","8":"product_cat-villager","9":"product_tag-villager","11":"first","12":"instock","13":"shipping-taxable","14":"purchasable","15":"product-type-simple"},"_links":{"self":[{"href":"https:\/\/tehnikabacko.rs\/index.php\/wp-json\/wp\/v2\/product\/9687","targetHints":{"allow":["GET"]}}],"collection":[{"href":"https:\/\/tehnikabacko.rs\/index.php\/wp-json\/wp\/v2\/product"}],"about":[{"href":"https:\/\/tehnikabacko.rs\/index.php\/wp-json\/wp\/v2\/types\/product"}],"replies":[{"embeddable":true,"href":"https:\/\/tehnikabacko.rs\/index.php\/wp-json\/wp\/v2\/comments?post=9687"}],"wp:featuredmedia":[{"embeddable":true,"href":"https:\/\/tehnikabacko.rs\/index.php\/wp-json\/wp\/v2\/media\/9685"}],"wp:attachment":[{"href":"https:\/\/tehnikabacko.rs\/index.php\/wp-json\/wp\/v2\/media?parent=9687"}],"wp:term":[{"taxonomy":"product_brand","embeddable":true,"href":"https:\/\/tehnikabacko.rs\/index.php\/wp-json\/wp\/v2\/product_brand?post=9687"},{"taxonomy":"product_cat","embeddable":true,"href":"https:\/\/tehnikabacko.rs\/index.php\/wp-json\/wp\/v2\/product_cat?post=9687"},{"taxonomy":"product_tag","embeddable":true,"href":"https:\/\/tehnikabacko.rs\/index.php\/wp-json\/wp\/v2\/product_tag?post=9687"}],"curies":[{"name":"wp","href":"https:\/\/api.w.org\/{rel}","templated":true}]}}