{"id":9609,"date":"2022-09-20T06:33:07","date_gmt":"2022-09-20T06:33:07","guid":{"rendered":"https:\/\/tehnikabacko.rs\/index.php\/product\/villager-bc-900-s-motorni-trimer\/"},"modified":"2026-03-06T13:46:55","modified_gmt":"2026-03-06T13:46:55","slug":"villager-bc-900-s-motorni-trimer","status":"publish","type":"product","link":"https:\/\/tehnikabacko.rs\/index.php\/product\/villager-bc-900-s-motorni-trimer\/","title":{"rendered":"Villager BC 900 S motorni trimer"},"content":{"rendered":"<table class=\"w-full overflow-hidden rounded-[5px]\">\n<tbody class=\"border-separate\">\n<tr class=\"border-t-2 border-white\">\n<td class=\"w-1\/3 max-w-[15ch] break-words border-r-2 border-white bg-gray-200 px-3 py-2\">Brend<\/td>\n<td class=\"max-w-[20ch] break-words bg-gray-100 px-3 py-2\">Villager<\/td>\n<\/tr>\n<tr class=\"border-t-2 border-white\">\n<td class=\"w-1\/3 max-w-[15ch] break-words border-r-2 border-white bg-gray-200 px-3 py-2\">Radna zapremina<\/td>\n<td class=\"max-w-[20ch] break-words bg-gray-100 px-3 py-2\">32.6 cc<\/td>\n<\/tr>\n<tr class=\"border-t-2 border-white\">\n<td class=\"w-1\/3 max-w-[15ch] break-words border-r-2 border-white bg-gray-200 px-3 py-2\">Me\u0161avina goriva<\/td>\n<td class=\"max-w-[20ch] break-words bg-gray-100 px-3 py-2\">Benzin : 2T ulje (40:1)<\/td>\n<\/tr>\n<tr class=\"border-t-2 border-white\">\n<td class=\"w-1\/3 max-w-[15ch] break-words border-r-2 border-white bg-gray-200 px-3 py-2\">\u0160irina se\u010denja no\u017ea<\/td>\n<td class=\"max-w-[20ch] break-words bg-gray-100 px-3 py-2\">25.5 cm<\/td>\n<\/tr>\n<tr class=\"border-t-2 border-white\">\n<td class=\"w-1\/3 max-w-[15ch] break-words border-r-2 border-white bg-gray-200 px-3 py-2\">Snaga motora (kW\/KS)<\/td>\n<td class=\"max-w-[20ch] break-words bg-gray-100 px-3 py-2\">0.9 kW<\/td>\n<\/tr>\n<tr class=\"border-t-2 border-white\">\n<td class=\"w-1\/3 max-w-[15ch] break-words border-r-2 border-white bg-gray-200 px-3 py-2\">Tip vratila<\/td>\n<td class=\"max-w-[20ch] break-words bg-gray-100 px-3 py-2\">Jednodelno<\/td>\n<\/tr>\n<tr class=\"border-t-2 border-white\">\n<td class=\"w-1\/3 max-w-[15ch] break-words border-r-2 border-white bg-gray-200 px-3 py-2\">\u0160irina se\u010denja najlona<\/td>\n<td class=\"max-w-[20ch] break-words bg-gray-100 px-3 py-2\">41.5 cm<\/td>\n<\/tr>\n<tr class=\"border-t-2 border-white\">\n<td class=\"w-1\/3 max-w-[15ch] break-words border-r-2 border-white bg-gray-200 px-3 py-2\">Max. broj obrtaja<\/td>\n<td class=\"max-w-[20ch] break-words bg-gray-100 px-3 py-2\">7800 o\/min<\/td>\n<\/tr>\n<tr class=\"border-t-2 border-white\">\n<td class=\"w-1\/3 max-w-[15ch] break-words border-r-2 border-white bg-gray-200 px-3 py-2\">Sistem se\u010denja<\/td>\n<td class=\"max-w-[20ch] break-words bg-gray-100 px-3 py-2\">No\u017e\/Najlon<\/td>\n<\/tr>\n<tr class=\"border-t-2 border-white\">\n<td class=\"w-1\/3 max-w-[15ch] break-words border-r-2 border-white bg-gray-200 px-3 py-2\">Tip motora<\/td>\n<td class=\"max-w-[20ch] break-words bg-gray-100 px-3 py-2\">Dvotaktni<\/td>\n<\/tr>\n<tr class=\"border-t-2 border-white\">\n<td class=\"w-1\/3 max-w-[15ch] break-words border-r-2 border-white bg-gray-200 px-3 py-2\">Ru\u010dka<\/td>\n<td class=\"max-w-[20ch] break-words bg-gray-100 px-3 py-2\">U-tip<\/td>\n<\/tr>\n<tr class=\"border-t-2 border-white\">\n<td class=\"w-1\/3 max-w-[15ch] break-words border-r-2 border-white bg-gray-200 px-3 py-2\">Masa<\/td>\n<td class=\"max-w-[20ch] break-words bg-gray-100 px-3 py-2\">7 kg<\/td>\n<\/tr>\n<tr class=\"border-t-2 border-white\">\n<td class=\"w-1\/3 max-w-[15ch] break-words border-r-2 border-white bg-gray-200 px-3 py-2\">Prava potro\u0161a\u010da<\/td>\n<td class=\"max-w-[20ch] break-words bg-gray-100 px-3 py-2\">Zagarantovana sva prava kupaca po osnovu zakona o za\u0161titi potro\u0161a\u010da<\/td>\n<\/tr>\n<\/tbody>\n<\/table>\n","protected":false},"excerpt":{"rendered":"<p>Brend Villager Radna zapremina 32.6 cc Me\u0161avina goriva Benzin : 2T ulje (40:1) \u0160irina se\u010denja no\u017ea 25.5 cm Snaga motora (kW\/KS) 0.9 kW Tip vratila Jednodelno \u0160irina se\u010denja najlona 41.5 cm Max. broj obrtaja 7800 o\/min Sistem se\u010denja No\u017e\/Najlon Tip motora Dvotaktni Ru\u010dka U-tip Masa 7 kg Prava potro\u0161a\u010da Zagarantovana sva prava kupaca po osnovu [&hellip;]<\/p>\n","protected":false},"featured_media":9608,"comment_status":"open","ping_status":"closed","template":"","meta":{"inline_featured_image":false},"product_brand":[],"product_cat":[320,290,257],"product_tag":[259],"class_list":{"0":"post-9609","1":"product","2":"type-product","3":"status-publish","4":"has-post-thumbnail","6":"product_cat-motorni-trimeri","7":"product_cat-trimeri-za-travu","8":"product_cat-villager","9":"product_tag-villager","11":"first","12":"instock","13":"sale","14":"shipping-taxable","15":"purchasable","16":"product-type-simple"},"_links":{"self":[{"href":"https:\/\/tehnikabacko.rs\/index.php\/wp-json\/wp\/v2\/product\/9609","targetHints":{"allow":["GET"]}}],"collection":[{"href":"https:\/\/tehnikabacko.rs\/index.php\/wp-json\/wp\/v2\/product"}],"about":[{"href":"https:\/\/tehnikabacko.rs\/index.php\/wp-json\/wp\/v2\/types\/product"}],"replies":[{"embeddable":true,"href":"https:\/\/tehnikabacko.rs\/index.php\/wp-json\/wp\/v2\/comments?post=9609"}],"wp:featuredmedia":[{"embeddable":true,"href":"https:\/\/tehnikabacko.rs\/index.php\/wp-json\/wp\/v2\/media\/9608"}],"wp:attachment":[{"href":"https:\/\/tehnikabacko.rs\/index.php\/wp-json\/wp\/v2\/media?parent=9609"}],"wp:term":[{"taxonomy":"product_brand","embeddable":true,"href":"https:\/\/tehnikabacko.rs\/index.php\/wp-json\/wp\/v2\/product_brand?post=9609"},{"taxonomy":"product_cat","embeddable":true,"href":"https:\/\/tehnikabacko.rs\/index.php\/wp-json\/wp\/v2\/product_cat?post=9609"},{"taxonomy":"product_tag","embeddable":true,"href":"https:\/\/tehnikabacko.rs\/index.php\/wp-json\/wp\/v2\/product_tag?post=9609"}],"curies":[{"name":"wp","href":"https:\/\/api.w.org\/{rel}","templated":true}]}}