{"id":12118,"date":"2026-04-27T12:25:38","date_gmt":"2026-04-27T12:25:38","guid":{"rendered":"https:\/\/tehnikabacko.rs\/?post_type=product&#038;p=12118"},"modified":"2026-04-27T12:25:38","modified_gmt":"2026-04-27T12:25:38","slug":"stacionarna-potezna-kruzna-testera-ger-255mm-super-ingco-bm2s180017","status":"publish","type":"product","link":"https:\/\/tehnikabacko.rs\/index.php\/product\/stacionarna-potezna-kruzna-testera-ger-255mm-super-ingco-bm2s180017\/","title":{"rendered":"Stacionarna potezna kru\u017ena testera ger 255mm Super INGCO BM2S180017"},"content":{"rendered":"<p>BM2S180017 Kru\u017ena testera ger 1800W 255 mm SUPER INGCO Opis proizvoda: S robusnim motorom od 1800 W, nudi veliku snagu rezanja za razli\u010dite primene Ergonomski dizajn i sigurnosne zna\u010dajke osiguravaju kontroliran i udoban rad, bilo da ste profesionalni stolar ili entuzijast za ku\u0107ne radove. Kompaktna elektri\u010dna testera precizna i laka za upotrebu Efikasno usisavanje pra\u0161ine preko integrisane matrice za pra\u0161inu Ova testera je savr\u0161ena za unakrsno, kao i se\u010denje pod uglom i zako\u0161eno u drvnoj gra\u0111i i kompozitnim materijalima od drveta, kao i za podne panele, aluminijum i plastiku. Tehni\u010dke karakteristike proizvoda: Brend: SUPER INGCO Model: BM2S180017 Napon: 220-240V~50\/60Hz Ulazna snaga: 1800W Brzina praznog hoda: 5200 o\/min Velicina diska: 255 mm x 25,4 mm Paralelne dvostruke klizne \u0161ine Maksimalni kapacitet secenja: 89x320mm Kapacitet secenja: Kru\u017eno\/Kosina: V x \u0160 0\u00b0 \/0\u00b0 : 89mm x 320mm 45\u00b0 \/0\u00b0 : 42mm x 320mm 0\u00b0 \/45\u00b0 : 89mm x 320mm 45\u00b0 \/45\u00b0 : 42mm x 210mm Krug sece 0-45\u00b0 levo i desno Koso sece do 45\u00b0 ulevo Obim isporuke proizvoda: BM2S180017 Kru\u017ena testera ger 1800W 255 mm SUPER INGCO Uputstvo za upotrebu proizvoda Kartonsko pakovanje Garancija 3 godine<\/p>\n<table id=\"product-attribute-specs-table\" class=\"data table additional-attributes\">\n<caption class=\"table-caption\">Vi\u0161e informacija<\/caption>\n<tbody>\n<tr id=\"decl-attribute-no-1\" class=\"decl-attribute decl-attribute-no-1\">\n<th class=\"col label\" scope=\"row\">Uvoznik<\/th>\n<td class=\"col data\" data-th=\"Uvoznik\">Sim d.o.o. \u2013 Novi Sad<\/td>\n<\/tr>\n<tr id=\"decl-attribute-no-2\" class=\"decl-attribute decl-attribute-no-2\">\n<th class=\"col label\" scope=\"row\">Zemlja porekla<\/th>\n<td class=\"col data\" data-th=\"Zemlja porekla\">Kina<\/td>\n<\/tr>\n<tr id=\"decl-attribute-no-3\" class=\"decl-attribute decl-attribute-no-3\">\n<th class=\"col label\" scope=\"row\">Naziv, vrsta robe i model<\/th>\n<td class=\"col data\" data-th=\"Naziv, vrsta robe i model\">Kru\u017ena testera ger BM2S180017 1800W 255 mm SUPER INGCO<\/td>\n<\/tr>\n<\/tbody>\n<\/table>\n","protected":false},"excerpt":{"rendered":"<ul>\n<li>Snaga: 1.800 W<\/li>\n<li>Pre\u010dnik lista testere: 255 mm<\/li>\n<li>Otvor lista testere: 25,4 mm<\/li>\n<li>Kapacitet se\u010denja pod 0\u00b0 (max): 89 x 320 mm<\/li>\n<li>Broj obrtaja: 5.200 min<sup>-1<\/sup><\/li>\n<\/ul>\n","protected":false},"featured_media":12119,"comment_status":"open","ping_status":"closed","template":"","meta":{"inline_featured_image":false},"product_brand":[],"product_cat":[403],"product_tag":[],"class_list":{"0":"post-12118","1":"product","2":"type-product","3":"status-publish","4":"has-post-thumbnail","6":"product_cat-stona-kruzna-testera","8":"first","9":"instock","10":"sale","11":"shipping-taxable","12":"purchasable","13":"product-type-simple"},"_links":{"self":[{"href":"https:\/\/tehnikabacko.rs\/index.php\/wp-json\/wp\/v2\/product\/12118","targetHints":{"allow":["GET"]}}],"collection":[{"href":"https:\/\/tehnikabacko.rs\/index.php\/wp-json\/wp\/v2\/product"}],"about":[{"href":"https:\/\/tehnikabacko.rs\/index.php\/wp-json\/wp\/v2\/types\/product"}],"replies":[{"embeddable":true,"href":"https:\/\/tehnikabacko.rs\/index.php\/wp-json\/wp\/v2\/comments?post=12118"}],"wp:featuredmedia":[{"embeddable":true,"href":"https:\/\/tehnikabacko.rs\/index.php\/wp-json\/wp\/v2\/media\/12119"}],"wp:attachment":[{"href":"https:\/\/tehnikabacko.rs\/index.php\/wp-json\/wp\/v2\/media?parent=12118"}],"wp:term":[{"taxonomy":"product_brand","embeddable":true,"href":"https:\/\/tehnikabacko.rs\/index.php\/wp-json\/wp\/v2\/product_brand?post=12118"},{"taxonomy":"product_cat","embeddable":true,"href":"https:\/\/tehnikabacko.rs\/index.php\/wp-json\/wp\/v2\/product_cat?post=12118"},{"taxonomy":"product_tag","embeddable":true,"href":"https:\/\/tehnikabacko.rs\/index.php\/wp-json\/wp\/v2\/product_tag?post=12118"}],"curies":[{"name":"wp","href":"https:\/\/api.w.org\/{rel}","templated":true}]}}