{"id":12104,"date":"2026-04-23T13:33:58","date_gmt":"2026-04-23T13:33:58","guid":{"rendered":"https:\/\/tehnikabacko.rs\/?post_type=product&#038;p=12104"},"modified":"2026-04-23T13:33:58","modified_gmt":"2026-04-23T13:33:58","slug":"gorenje-multipraktik-mmc1000xe","status":"publish","type":"product","link":"https:\/\/tehnikabacko.rs\/index.php\/product\/gorenje-multipraktik-mmc1000xe\/","title":{"rendered":"Gorenje Multipraktik MMC1000XE"},"content":{"rendered":"<table id=\"product-attribute-specs-table\" class=\"data table additional-attributes\">\n<caption class=\"table-caption\">More Information<\/caption>\n<tbody>\n<tr>\n<td class=\"col data\" data-th=\"Import Specifikacija\">\n<ul>\n<li>BojaCrna<\/li>\n<li>Brzina7<\/li>\n<li>Dimenzije36 cm x 37,2 cm x 27 cm<\/li>\n<li>DodaciZa me\u0161enje testa Za me\u0161anje Metlica za mu\u0107enje<\/li>\n<li>ModelGorenje MMC1000XE<\/li>\n<li>OstaloSofrt Start &#8211; lagani start motora Bezbedno za pranje u sudoma\u0161ini za brzo i efikasno \u010di\u0161\u0107enje 3D me\u0161anje za potpuno me\u0161enje sastojaka Rotiraju\u0107e dugme za uklju\u010divanje\/isklju\u010divanje i regulaciju Automatska regulacija broja obrtaja za prilago\u0111avanje pripremanoj smesi Pristupa\u010dan otvor za dodavanje sastojaka tokom me\u0161enja Gumirane nogice za stabilnost Za\u0161tita od pregrevanja za bezbedan rad Sigurnosni prekida\u010d Za\u0161tita od ponovnog uklju\u010denja za ve\u0107u sigurnost u kuhinji Za\u0161ti\u0107eni pogonski delovi Zaklju\u010davanje motora za dodatnu sigurnost Za\u0161titni poklopac Materijal ku\u0107i\u0161ta od aluminijuma Du\u017eina priklju\u010dnog kabla: 1 m AC naizmeni\u010dna struja Tihi rad<\/li>\n<li>Snaga1000 W<\/li>\n<li>Te\u017eina6,7 kg<\/li>\n<li>TipMultipraktik<\/li>\n<li>Zapremina posude5 l<\/li>\n<li>UvoznikGORENJE DOO BEOGRAD<\/li>\n<li>Zemlja poreklaSijera Leone<\/li>\n<\/ul>\n<\/td>\n<\/tr>\n<\/tbody>\n<\/table>\n","protected":false},"excerpt":{"rendered":"<ul>\n<li>Odli\u010dan multipraktik sa 7 promenljivih brzina snage od 1000 W<\/li>\n<li>Kapacitet posude za me\u0161anje od 5 l za 4 razli\u010ditih nastavaka<\/li>\n<li>Automatska regulacija broja obrtaja za prilago\u0111avanje pripremanoj smesi<\/li>\n<li>Za\u0161tita od pregrevanja za bezbedan rad<\/li>\n<\/ul>\n","protected":false},"featured_media":12105,"comment_status":"open","ping_status":"closed","template":"","meta":{"inline_featured_image":false},"product_brand":[],"product_cat":[459,460],"product_tag":[],"class_list":{"0":"post-12104","1":"product","2":"type-product","3":"status-publish","4":"has-post-thumbnail","6":"product_cat-multipraktik","7":"product_cat-robot-mikser","9":"first","10":"instock","11":"sale","12":"shipping-taxable","13":"purchasable","14":"product-type-simple"},"_links":{"self":[{"href":"https:\/\/tehnikabacko.rs\/index.php\/wp-json\/wp\/v2\/product\/12104","targetHints":{"allow":["GET"]}}],"collection":[{"href":"https:\/\/tehnikabacko.rs\/index.php\/wp-json\/wp\/v2\/product"}],"about":[{"href":"https:\/\/tehnikabacko.rs\/index.php\/wp-json\/wp\/v2\/types\/product"}],"replies":[{"embeddable":true,"href":"https:\/\/tehnikabacko.rs\/index.php\/wp-json\/wp\/v2\/comments?post=12104"}],"wp:featuredmedia":[{"embeddable":true,"href":"https:\/\/tehnikabacko.rs\/index.php\/wp-json\/wp\/v2\/media\/12105"}],"wp:attachment":[{"href":"https:\/\/tehnikabacko.rs\/index.php\/wp-json\/wp\/v2\/media?parent=12104"}],"wp:term":[{"taxonomy":"product_brand","embeddable":true,"href":"https:\/\/tehnikabacko.rs\/index.php\/wp-json\/wp\/v2\/product_brand?post=12104"},{"taxonomy":"product_cat","embeddable":true,"href":"https:\/\/tehnikabacko.rs\/index.php\/wp-json\/wp\/v2\/product_cat?post=12104"},{"taxonomy":"product_tag","embeddable":true,"href":"https:\/\/tehnikabacko.rs\/index.php\/wp-json\/wp\/v2\/product_tag?post=12104"}],"curies":[{"name":"wp","href":"https:\/\/api.w.org\/{rel}","templated":true}]}}