{"id":12061,"date":"2026-04-10T11:37:28","date_gmt":"2026-04-10T11:37:28","guid":{"rendered":"https:\/\/tehnikabacko.rs\/?post_type=product&#038;p=12061"},"modified":"2026-04-10T11:37:28","modified_gmt":"2026-04-10T11:37:28","slug":"motorna-kosilica-flm4608bs","status":"publish","type":"product","link":"https:\/\/tehnikabacko.rs\/index.php\/product\/motorna-kosilica-flm4608bs\/","title":{"rendered":"Motorna kosilica FLM4608BS"},"content":{"rendered":"<table class=\"data-table\">\n<thead>\n<tr class=\"hidden-row\">\n<th width=\"25%\">\u2193 Naziv<\/th>\n<th>\u2193 Vrednost<\/th>\n<\/tr>\n<\/thead>\n<tbody>\n<tr class=\"odd\">\n<td class=\"spec-name\">Ku\u0107i\u0161te<\/td>\n<td class=\"spec-value\">18\u201dmetalno kuc\u0301is\u030cte<\/td>\n<\/tr>\n<tr class=\"even\">\n<td class=\"spec-name\">Tip Motora<\/td>\n<td class=\"spec-value\">B&amp;S 450E<\/td>\n<\/tr>\n<tr class=\"odd\">\n<td class=\"spec-name\">\u0160irina Rezanja<\/td>\n<td class=\"spec-value\">46cm<\/td>\n<\/tr>\n<tr class=\"even\">\n<td class=\"spec-name\">Visina Ko\u0161enja<\/td>\n<td class=\"spec-value\">2,5-7,5 cm, 6-stepeno visinsko centralno podes\u030cavanje<\/td>\n<\/tr>\n<tr class=\"odd\">\n<td class=\"spec-name\">Dimenzija To\u010dkova<\/td>\n<td class=\"spec-value\">7\u201d(prednji)\/8\u201d(zadnji) toc\u030ckovi<\/td>\n<\/tr>\n<tr class=\"even\">\n<td class=\"spec-name\">Rezervoar Goriva<\/td>\n<td class=\"spec-value\">0,8L<\/td>\n<\/tr>\n<tr class=\"odd\">\n<td class=\"spec-name\">Povr\u0161ina Ko\u0161enja<\/td>\n<td class=\"spec-value\">1100 m2<\/td>\n<\/tr>\n<tr class=\"even\">\n<td class=\"spec-name\">Vrsta motora<\/td>\n<td class=\"spec-value\">BRIGGS &amp; STRATTON<\/td>\n<\/tr>\n<\/tbody>\n<\/table>\n","protected":false},"excerpt":{"rendered":"<p>Uz ovu guraju\u0107u motornu kosilicu put do savr\u0161enog travnjaka nikad nije bio lak\u0161i i br\u017ei. Ovaj model preporu\u010den je za povr\u0161ine do\u00a0<strong>1100m2<\/strong>, nude\u0107i\u00a0<strong>\u00a06-stepeno centralno visinsko pode\u0161avanje\u00a0 ko\u0161enja od 2,5 do 7,5cm<\/strong>, \u0161to vam daje mogu\u0107nost da prilagodite izgled travnjaka li\u010dnom ukusu. Korpa za travu zapremine\u00a0<strong>65l<\/strong>\u00a0vas osloba\u0111a kasnijeg grabuljanja, pored opcije sakupljanja trave u korpu ima i opciju izbacivanja trave sa strane. \u0160irina ko\u0161enja je\u00a0<strong>46cm<\/strong>. Pouzdan B&amp;S motor, zapremine\u00a0<strong>125cc<\/strong>. Metalno ku\u0107i\u0161te dimenzije (<strong>18\u201d<\/strong>) poseduje\u00a0 konektor za samoispiranje. Pre\u010dnik prednjih to\u010dkova je\u00a0<strong>7&#8243;<\/strong>, zadnjih\u00a0<strong>8&#8243;<\/strong>.<\/p>\n","protected":false},"featured_media":12062,"comment_status":"open","ping_status":"closed","template":"","meta":{"inline_featured_image":false},"product_brand":[],"product_cat":[272],"product_tag":[],"class_list":{"0":"post-12061","1":"product","2":"type-product","3":"status-publish","4":"has-post-thumbnail","6":"product_cat-motorna-kosilica","8":"first","9":"instock","10":"sale","11":"shipping-taxable","12":"purchasable","13":"product-type-simple"},"_links":{"self":[{"href":"https:\/\/tehnikabacko.rs\/index.php\/wp-json\/wp\/v2\/product\/12061","targetHints":{"allow":["GET"]}}],"collection":[{"href":"https:\/\/tehnikabacko.rs\/index.php\/wp-json\/wp\/v2\/product"}],"about":[{"href":"https:\/\/tehnikabacko.rs\/index.php\/wp-json\/wp\/v2\/types\/product"}],"replies":[{"embeddable":true,"href":"https:\/\/tehnikabacko.rs\/index.php\/wp-json\/wp\/v2\/comments?post=12061"}],"wp:featuredmedia":[{"embeddable":true,"href":"https:\/\/tehnikabacko.rs\/index.php\/wp-json\/wp\/v2\/media\/12062"}],"wp:attachment":[{"href":"https:\/\/tehnikabacko.rs\/index.php\/wp-json\/wp\/v2\/media?parent=12061"}],"wp:term":[{"taxonomy":"product_brand","embeddable":true,"href":"https:\/\/tehnikabacko.rs\/index.php\/wp-json\/wp\/v2\/product_brand?post=12061"},{"taxonomy":"product_cat","embeddable":true,"href":"https:\/\/tehnikabacko.rs\/index.php\/wp-json\/wp\/v2\/product_cat?post=12061"},{"taxonomy":"product_tag","embeddable":true,"href":"https:\/\/tehnikabacko.rs\/index.php\/wp-json\/wp\/v2\/product_tag?post=12061"}],"curies":[{"name":"wp","href":"https:\/\/api.w.org\/{rel}","templated":true}]}}