{"id":12036,"date":"2026-04-06T12:51:47","date_gmt":"2026-04-06T12:51:47","guid":{"rendered":"https:\/\/tehnikabacko.rs\/?post_type=product&#038;p=12036"},"modified":"2026-04-06T12:51:47","modified_gmt":"2026-04-06T12:51:47","slug":"scheppach-motorni-trimer-za-zivu-ogradu-hth250-240p-1ks","status":"publish","type":"product","link":"https:\/\/tehnikabacko.rs\/index.php\/product\/scheppach-motorni-trimer-za-zivu-ogradu-hth250-240p-1ks\/","title":{"rendered":"Scheppach motorni trimer za \u017eivu ogradu HTH250\/240P 1KS"},"content":{"rendered":"<table>\n<tbody>\n<tr>\n<td>Proizvo\u0111a\u010d<\/td>\n<td>Scheppach<\/td>\n<\/tr>\n<tr>\n<td>Model<\/td>\n<td>HTH250\/240P<\/td>\n<\/tr>\n<tr>\n<td>Katalo\u0161ka oznaka<\/td>\n<td>5910401903<\/td>\n<\/tr>\n<tr>\n<td>Snaga<\/td>\n<td>0.7 kW \/ 1 KS<\/td>\n<\/tr>\n<tr>\n<td>Zapremina motora<\/td>\n<td>24 cm\u00b3<\/td>\n<\/tr>\n<tr>\n<td>Zapremina rezervoara goriva<\/td>\n<td>0.6 L<\/td>\n<\/tr>\n<tr>\n<td>Du\u017eina reza<\/td>\n<td>600 mm<\/td>\n<\/tr>\n<tr>\n<td>Pre\u010dnik sje\u010denja<\/td>\n<td>27<\/td>\n<\/tr>\n<tr>\n<td>Dimenzije<\/td>\n<td>1165 x 230 x 240 mm<\/td>\n<\/tr>\n<tr>\n<td>Te\u017eina<\/td>\n<td>8,34 kg<\/td>\n<\/tr>\n<tr>\n<td>Dodatne informacije<\/td>\n<td>Prozirni \u0161titnik za ruku<br \/>\nTih motor od 700 W s dosljedno visokim u\u010dinkom<br \/>\nNo\u017eevi s dvostrukom cijevi za izvrsne performanse rezanja<br \/>\nLagan, uravnote\u017een dizajn za fleksibilan i jednostavan rad<\/td>\n<\/tr>\n<\/tbody>\n<\/table>\n","protected":false},"excerpt":{"rendered":"<p>No\u017eevi s dvostrukom cijevi za izvrsne performanse rezanja<br \/>\nLagan, uravnote\u017een dizajn za fleksibilan i jednostavan rad<br \/>\nTe\u017eina: 8 kg<\/p>\n<p>Rad na velikim povr\u0161inama sa zahtevnom \u017eivom ogradom<br \/>\nKvalitetni dvostruki no\u017eevi izra\u0111eni od \u010delika<\/p>\n","protected":false},"featured_media":12037,"comment_status":"open","ping_status":"closed","template":"","meta":{"inline_featured_image":false},"product_brand":[],"product_cat":[320,340],"product_tag":[],"class_list":{"0":"post-12036","1":"product","2":"type-product","3":"status-publish","4":"has-post-thumbnail","6":"product_cat-motorni-trimeri","7":"product_cat-trimeri-za-zivicu","9":"first","10":"instock","11":"sale","12":"shipping-taxable","13":"purchasable","14":"product-type-simple"},"_links":{"self":[{"href":"https:\/\/tehnikabacko.rs\/index.php\/wp-json\/wp\/v2\/product\/12036","targetHints":{"allow":["GET"]}}],"collection":[{"href":"https:\/\/tehnikabacko.rs\/index.php\/wp-json\/wp\/v2\/product"}],"about":[{"href":"https:\/\/tehnikabacko.rs\/index.php\/wp-json\/wp\/v2\/types\/product"}],"replies":[{"embeddable":true,"href":"https:\/\/tehnikabacko.rs\/index.php\/wp-json\/wp\/v2\/comments?post=12036"}],"wp:featuredmedia":[{"embeddable":true,"href":"https:\/\/tehnikabacko.rs\/index.php\/wp-json\/wp\/v2\/media\/12037"}],"wp:attachment":[{"href":"https:\/\/tehnikabacko.rs\/index.php\/wp-json\/wp\/v2\/media?parent=12036"}],"wp:term":[{"taxonomy":"product_brand","embeddable":true,"href":"https:\/\/tehnikabacko.rs\/index.php\/wp-json\/wp\/v2\/product_brand?post=12036"},{"taxonomy":"product_cat","embeddable":true,"href":"https:\/\/tehnikabacko.rs\/index.php\/wp-json\/wp\/v2\/product_cat?post=12036"},{"taxonomy":"product_tag","embeddable":true,"href":"https:\/\/tehnikabacko.rs\/index.php\/wp-json\/wp\/v2\/product_tag?post=12036"}],"curies":[{"name":"wp","href":"https:\/\/api.w.org\/{rel}","templated":true}]}}