{"id":12004,"date":"2026-03-25T15:42:02","date_gmt":"2026-03-25T15:42:02","guid":{"rendered":"https:\/\/tehnikabacko.rs\/?post_type=product&#038;p=12004"},"modified":"2026-03-25T15:42:02","modified_gmt":"2026-03-25T15:42:02","slug":"robot-kosacica-villager-quix-xs","status":"publish","type":"product","link":"https:\/\/tehnikabacko.rs\/index.php\/product\/robot-kosacica-villager-quix-xs\/","title":{"rendered":"Robot kosa\u010dica Villager QUIX XS"},"content":{"rendered":"<table class=\"table\">\n<thead class=\"thead-dark\">\n<tr>\n<th colspan=\"2\">\n<div class=\"d-flex align-items-center\"><span class=\"h5 mb-0 text-light\">Karakteristike<\/span><\/div>\n<\/th>\n<\/tr>\n<\/thead>\n<tbody>\n<tr>\n<td>Kategorija<\/td>\n<td><strong>Robot kosa\u010dice<\/strong><\/td>\n<\/tr>\n<tr>\n<td>Motor<\/td>\n<td><strong>Indukcioni elektromotor<\/strong><\/td>\n<\/tr>\n<tr>\n<td>Povr\u0161ina ko\u0161enja<\/td>\n<td><strong>300 m\u00b2<\/strong><\/td>\n<\/tr>\n<tr>\n<td>Tip baterije<\/td>\n<td><strong>Lithium-ion 18V, Max 20V, 2.0Ah<\/strong><\/td>\n<\/tr>\n<tr>\n<td>\u0160irina ko\u0161enja<\/td>\n<td><strong>160 mm<\/strong><\/td>\n<\/tr>\n<tr>\n<td>Visina ko\u0161enja<\/td>\n<td><strong>20 mm &#8211; 50 mm (centralno)<\/strong><\/td>\n<\/tr>\n<tr>\n<td>Maksimalni radni nagib<\/td>\n<td><strong>25% (15\u00b0)<\/strong><\/td>\n<\/tr>\n<tr>\n<td>Barkod<\/td>\n<td><strong title=\"Robot kosa\u010dica Villager QUIX XS\">8605032638294<\/strong><\/td>\n<\/tr>\n<\/tbody>\n<\/table>\n<p><strong>Karakteristike:<\/strong><br \/>\nUniformisano ko\u0161enje,<br \/>\nSenzor ki\u0161e<br \/>\nSenzor podizanja<br \/>\nSenzor udara<br \/>\nStop dugme<br \/>\nPin code<br \/>\nSenzor prevrtanja<\/p>\n<p><strong>Oprema:<\/strong><br \/>\nBaza za punjenje<br \/>\nOgradna \u017eica &#8211; 100m<br \/>\nKlinovi za ogradnu \u017eicu &#8211; 130 kom<br \/>\n3+6 \u017eileta<br \/>\n3+6 zavrtnjeva za \u017eilete<br \/>\nKlinovi za montiranje stanice za punjenje \u0161ablon (lenjir) za odstojanje<\/p>\n","protected":false},"excerpt":{"rendered":"<p>Robot kosa\u010dica Villager QUIX XS moderno je i prakti\u010dno re\u0161enje za automatsko odr\u017eavanje travnjaka. Samostalno kosi i vra\u0107a se na punjenje, obezbe\u0111uju\u0107i uvek uredan travnjak bez napora. Kompaktna, tiha i jednostavna za kori\u0161\u0107enje \u2013 idealna za manje ba\u0161te i dvori\u0161ta.<\/p>\n","protected":false},"featured_media":12005,"comment_status":"open","ping_status":"closed","template":"","meta":{"inline_featured_image":false},"product_brand":[],"product_cat":[382],"product_tag":[],"class_list":{"0":"post-12004","1":"product","2":"type-product","3":"status-publish","4":"has-post-thumbnail","6":"product_cat-robot-kosacice","8":"first","9":"instock","10":"sale","11":"shipping-taxable","12":"purchasable","13":"product-type-simple"},"_links":{"self":[{"href":"https:\/\/tehnikabacko.rs\/index.php\/wp-json\/wp\/v2\/product\/12004","targetHints":{"allow":["GET"]}}],"collection":[{"href":"https:\/\/tehnikabacko.rs\/index.php\/wp-json\/wp\/v2\/product"}],"about":[{"href":"https:\/\/tehnikabacko.rs\/index.php\/wp-json\/wp\/v2\/types\/product"}],"replies":[{"embeddable":true,"href":"https:\/\/tehnikabacko.rs\/index.php\/wp-json\/wp\/v2\/comments?post=12004"}],"wp:featuredmedia":[{"embeddable":true,"href":"https:\/\/tehnikabacko.rs\/index.php\/wp-json\/wp\/v2\/media\/12005"}],"wp:attachment":[{"href":"https:\/\/tehnikabacko.rs\/index.php\/wp-json\/wp\/v2\/media?parent=12004"}],"wp:term":[{"taxonomy":"product_brand","embeddable":true,"href":"https:\/\/tehnikabacko.rs\/index.php\/wp-json\/wp\/v2\/product_brand?post=12004"},{"taxonomy":"product_cat","embeddable":true,"href":"https:\/\/tehnikabacko.rs\/index.php\/wp-json\/wp\/v2\/product_cat?post=12004"},{"taxonomy":"product_tag","embeddable":true,"href":"https:\/\/tehnikabacko.rs\/index.php\/wp-json\/wp\/v2\/product_tag?post=12004"}],"curies":[{"name":"wp","href":"https:\/\/api.w.org\/{rel}","templated":true}]}}