{"id":11919,"date":"2026-03-05T14:02:55","date_gmt":"2026-03-05T14:02:55","guid":{"rendered":"https:\/\/tehnikabacko.rs\/?post_type=product&#038;p=11919"},"modified":"2026-03-05T14:02:55","modified_gmt":"2026-03-05T14:02:55","slug":"traktorska-kosacica-t66rs-d4-32834-adk-rm1","status":"publish","type":"product","link":"https:\/\/tehnikabacko.rs\/index.php\/product\/traktorska-kosacica-t66rs-d4-32834-adk-rm1\/","title":{"rendered":"Traktorska kosa\u010dica T66RS-D4 (32834) ADK RM1"},"content":{"rendered":"<p><strong>Tehni\u010dke karakteristike proizvoda:<\/strong><\/p>\n<ul>\n<li>Model motora: 1P75F LONCIN<\/li>\n<li>Zapremina motora: 224 ccm<\/li>\n<li>Snaga motora: 4,5 kW | 6,12 KS<\/li>\n<li>\u0160irina ko\u0161enja: 650 mm<\/li>\n<li>Zapremina rezervoara goriva: 1,4 l<\/li>\n<li>Zapremina rezervoara ulja: 0,5 l<\/li>\n<li>Zapremina korpe za travu: 150 l<\/li>\n<li>Visina ko\u0161nja: 30-80 mm\/ 6 pozicija<\/li>\n<li>Na\u010din ko\u0161nja: Sakupljanje, bo\u010dno izbacivanje, mal\u010diranje<\/li>\n<li>Sistem pogona: 5 brzina naprijed \/ 1 brzina nazad<\/li>\n<li>Veli\u010dina to\u010dka (in\u010di)13\u2019\/15\u2019<\/li>\n<li>Te\u017eina: 152 kg.<\/li>\n<\/ul>\n<p><strong>Obim isporuke proizvoda:<\/strong><\/p>\n<ul>\n<li>T66RS-D4 Traktorska kosa\u010dica (32834) ADK RM1<\/li>\n<li>Uputstvo za upotrebu proizvoda<\/li>\n<\/ul>\n<p><strong>Saobraznost 24 meseci<\/strong><\/p>\n<table class=\"woocommerce-product-attributes shop_attributes\" aria-label=\"Detalji o proizvodu\">\n<tbody>\n<tr class=\"woocommerce-product-attributes-item woocommerce-product-attributes-item--attribute_pa_proizvodjac\">\n<th class=\"woocommerce-product-attributes-item__label\" scope=\"row\">Proizvodja\u010d<\/th>\n<td class=\"woocommerce-product-attributes-item__value\"><a href=\"https:\/\/koncarelektro.rs\/proizvodjac\/adk\/\" rel=\"tag\">ADK<\/a><\/td>\n<\/tr>\n<tr class=\"woocommerce-product-attributes-item woocommerce-product-attributes-item--attribute_pa_uvoznik\">\n<th class=\"woocommerce-product-attributes-item__label\" scope=\"row\">Uvoznik<\/th>\n<td class=\"woocommerce-product-attributes-item__value\"><a href=\"https:\/\/koncarelektro.rs\/uvoznik\/ciak-d-o-o-novi-sad\/\" rel=\"tag\">CIAK D.O.O. \u2013 Novi Sad<\/a><\/td>\n<\/tr>\n<tr class=\"woocommerce-product-attributes-item woocommerce-product-attributes-item--attribute_pa_zemlja-porekla\">\n<th class=\"woocommerce-product-attributes-item__label\" scope=\"row\">Zemlja porekla<\/th>\n<td class=\"woocommerce-product-attributes-item__value\"><a href=\"https:\/\/koncarelektro.rs\/zemlja-porekla\/n-a\/\" rel=\"tag\">N\/A<\/a><\/td>\n<\/tr>\n<\/tbody>\n<\/table>\n","protected":false},"excerpt":{"rendered":"<p>Pokre\u0107e je sna\u017ean 1P75F LONCIN motor, koji s impresivnom snagom od 224 cc \/ 4,5 kW\/ 2.800 rpm omogu\u0107uje izvanredne performanse \u010dak i u zahtevnijim situacijama.<br \/>\nRezervoar goriva od 1,4 litara osigurava dugotrajno ko\u0161enje bez prekida, dok rezervoar ulja od 0,5 litara \u010duva va\u0161 motor u optimalnom stanju.<br \/>\nKorpa za travu od 150 litara, mo\u017eete kositi ve\u0107e povr\u0161ine bez potrebe za \u010destim pra\u017enjenjem.<br \/>\nVisina ko\u0161nje mo\u017ee se jednostavno prilagoditi u 6 razli\u010ditih pozicija, omogu\u0107avaju\u0107i vam precizno pode\u0161avanje visine trave od 30 do 80 mm.<br \/>\nOsim klasi\u010dnog sakupljanja trave, ova kosilica nudi i mogu\u0107nost bo\u010dnog izbacivanja ili mal\u010diranja, prilago\u0111avaju\u0107i se va\u0161im preferencijama i potrebama va\u0161eg travnjaka.<br \/>\nMenja\u010d s 5 brzina naprijed i 1 brzinom unatrag omogu\u0107uje vam jednostavno manevriranje i prilagodbu brzine va\u0161em tempu i terenu.<br \/>\nTo\u010dkovi veli\u010dine 13\u2019\/15\u2019, osigurava se stabilnost i vu\u010da \u010dak i na neravnim terenima.<br \/>\nUz ADK traktorsku kosilicu dobijate pouzdanu, svestranu i u\u010dinkovitu kosilicu koja \u0107e va\u0161 travnjak pretvoriti u oazu ljepote i redovitog odr\u017eavanja.<\/p>\n","protected":false},"featured_media":11920,"comment_status":"open","ping_status":"closed","template":"","meta":{"inline_featured_image":false},"product_brand":[],"product_cat":[273],"product_tag":[],"class_list":{"0":"post-11919","1":"product","2":"type-product","3":"status-publish","4":"has-post-thumbnail","6":"product_cat-traktorska-kosilica","8":"first","9":"instock","10":"sale","11":"shipping-taxable","12":"purchasable","13":"product-type-simple"},"_links":{"self":[{"href":"https:\/\/tehnikabacko.rs\/index.php\/wp-json\/wp\/v2\/product\/11919","targetHints":{"allow":["GET"]}}],"collection":[{"href":"https:\/\/tehnikabacko.rs\/index.php\/wp-json\/wp\/v2\/product"}],"about":[{"href":"https:\/\/tehnikabacko.rs\/index.php\/wp-json\/wp\/v2\/types\/product"}],"replies":[{"embeddable":true,"href":"https:\/\/tehnikabacko.rs\/index.php\/wp-json\/wp\/v2\/comments?post=11919"}],"wp:featuredmedia":[{"embeddable":true,"href":"https:\/\/tehnikabacko.rs\/index.php\/wp-json\/wp\/v2\/media\/11920"}],"wp:attachment":[{"href":"https:\/\/tehnikabacko.rs\/index.php\/wp-json\/wp\/v2\/media?parent=11919"}],"wp:term":[{"taxonomy":"product_brand","embeddable":true,"href":"https:\/\/tehnikabacko.rs\/index.php\/wp-json\/wp\/v2\/product_brand?post=11919"},{"taxonomy":"product_cat","embeddable":true,"href":"https:\/\/tehnikabacko.rs\/index.php\/wp-json\/wp\/v2\/product_cat?post=11919"},{"taxonomy":"product_tag","embeddable":true,"href":"https:\/\/tehnikabacko.rs\/index.php\/wp-json\/wp\/v2\/product_tag?post=11919"}],"curies":[{"name":"wp","href":"https:\/\/api.w.org\/{rel}","templated":true}]}}