{"id":11902,"date":"2026-03-03T14:31:49","date_gmt":"2026-03-03T14:31:49","guid":{"rendered":"https:\/\/tehnikabacko.rs\/?post_type=product&#038;p=11902"},"modified":"2026-03-03T14:31:50","modified_gmt":"2026-03-03T14:31:50","slug":"ingco-multifunkcionalni-trimer-gmt55231","status":"publish","type":"product","link":"https:\/\/tehnikabacko.rs\/index.php\/product\/ingco-multifunkcionalni-trimer-gmt55231\/","title":{"rendered":"INGCO Multifunkcionalni trimer GMT55231"},"content":{"rendered":"<ul>\n<li>Zapremina: 52cc<\/li>\n<li>Nazivna snaga: 1.4Kv (2.2HP)<\/li>\n<li>Maksimalna brzina: 10000rpm<\/li>\n<li>Maksimalni rez: 420 mm<\/li>\n<li>Obloga zavojnice: 2,4 mm k 4 m<\/li>\n<li>Pre\u010dnik se\u010diva: 255 mm (3 zuba)<\/li>\n<li>Kapacitet rezervoara za gorivo: 1200 ml<\/li>\n<li>2-taktni motor<\/li>\n<li>Sa 1 kom kosilice za travu, 1 kom seka\u010dem za \u010detke, 1 kom trimerom za \u017eivu ogradu, 1 kom motornom testerom<\/li>\n<li>Upakovano u kutiju<\/li>\n<li>Te\u017eina seta: 13 kg.<\/li>\n<\/ul>\n<p><strong>Saobraznost 24 meseci<\/strong><\/p>\n","protected":false},"excerpt":{"rendered":"<p><strong>Sadr\u017ei trimer za travu sa glavom<br \/>\nsa silkom i se\u010divom, trimer za \u017eivu ogradu i teleskopsku motornu testeru.<\/strong><\/p>\n","protected":false},"featured_media":11903,"comment_status":"open","ping_status":"closed","template":"","meta":{"inline_featured_image":false},"product_brand":[],"product_cat":[319,320,290,340],"product_tag":[],"class_list":{"0":"post-11902","1":"product","2":"type-product","3":"status-publish","4":"has-post-thumbnail","6":"product_cat-aku-trimeri-za-zivu-ogradu","7":"product_cat-motorni-trimeri","8":"product_cat-trimeri-za-travu","9":"product_cat-trimeri-za-zivicu","11":"first","12":"instock","13":"sale","14":"shipping-taxable","15":"purchasable","16":"product-type-simple"},"_links":{"self":[{"href":"https:\/\/tehnikabacko.rs\/index.php\/wp-json\/wp\/v2\/product\/11902","targetHints":{"allow":["GET"]}}],"collection":[{"href":"https:\/\/tehnikabacko.rs\/index.php\/wp-json\/wp\/v2\/product"}],"about":[{"href":"https:\/\/tehnikabacko.rs\/index.php\/wp-json\/wp\/v2\/types\/product"}],"replies":[{"embeddable":true,"href":"https:\/\/tehnikabacko.rs\/index.php\/wp-json\/wp\/v2\/comments?post=11902"}],"wp:featuredmedia":[{"embeddable":true,"href":"https:\/\/tehnikabacko.rs\/index.php\/wp-json\/wp\/v2\/media\/11903"}],"wp:attachment":[{"href":"https:\/\/tehnikabacko.rs\/index.php\/wp-json\/wp\/v2\/media?parent=11902"}],"wp:term":[{"taxonomy":"product_brand","embeddable":true,"href":"https:\/\/tehnikabacko.rs\/index.php\/wp-json\/wp\/v2\/product_brand?post=11902"},{"taxonomy":"product_cat","embeddable":true,"href":"https:\/\/tehnikabacko.rs\/index.php\/wp-json\/wp\/v2\/product_cat?post=11902"},{"taxonomy":"product_tag","embeddable":true,"href":"https:\/\/tehnikabacko.rs\/index.php\/wp-json\/wp\/v2\/product_tag?post=11902"}],"curies":[{"name":"wp","href":"https:\/\/api.w.org\/{rel}","templated":true}]}}