{"id":11895,"date":"2026-03-03T13:54:23","date_gmt":"2026-03-03T13:54:23","guid":{"rendered":"https:\/\/tehnikabacko.rs\/?post_type=product&#038;p=11895"},"modified":"2026-03-03T13:54:23","modified_gmt":"2026-03-03T13:54:23","slug":"ingco-elektricna-kosacica-1200w-lm321","status":"publish","type":"product","link":"https:\/\/tehnikabacko.rs\/index.php\/product\/ingco-elektricna-kosacica-1200w-lm321\/","title":{"rendered":"Ingco elektri\u010dna kosa\u010dica 1200W LM321"},"content":{"rendered":"<p>Napon Ingco elektri\u010dne kosa\u010dice: 220-240~50Hz<br \/>\nUlazna snaga LM321 elektri\u010dne kosa\u010dice: 1200W<br \/>\nMotor sa ugljeni\u010dnim \u010detkicama<br \/>\nBroj obrtaja bez optere\u0107enja:<br \/>\n3300rpm<br \/>\n\u0160irina \u0161i\u0161anja: 320mm<br \/>\nVisina \u0161i\u0161anja: 28\/48\/68mm<br \/>\nVeli\u010dina kutije za travu: 28L<br \/>\n0.35m kabel<br \/>\nPakovano u kolornu kutiju<\/p>\n","protected":false},"excerpt":{"rendered":"<p>lazna snaga LM321 elektri\u010dne kosa\u010dice: 1200W<br \/>\nMotor sa ugljeni\u010dnim \u010detkicama<\/p>\n","protected":false},"featured_media":11896,"comment_status":"open","ping_status":"closed","template":"","meta":{"inline_featured_image":false},"product_brand":[],"product_cat":[271],"product_tag":[],"class_list":{"0":"post-11895","1":"product","2":"type-product","3":"status-publish","4":"has-post-thumbnail","6":"product_cat-elektricna-kosilica","8":"first","9":"instock","10":"sale","11":"shipping-taxable","12":"purchasable","13":"product-type-simple"},"_links":{"self":[{"href":"https:\/\/tehnikabacko.rs\/index.php\/wp-json\/wp\/v2\/product\/11895","targetHints":{"allow":["GET"]}}],"collection":[{"href":"https:\/\/tehnikabacko.rs\/index.php\/wp-json\/wp\/v2\/product"}],"about":[{"href":"https:\/\/tehnikabacko.rs\/index.php\/wp-json\/wp\/v2\/types\/product"}],"replies":[{"embeddable":true,"href":"https:\/\/tehnikabacko.rs\/index.php\/wp-json\/wp\/v2\/comments?post=11895"}],"wp:featuredmedia":[{"embeddable":true,"href":"https:\/\/tehnikabacko.rs\/index.php\/wp-json\/wp\/v2\/media\/11896"}],"wp:attachment":[{"href":"https:\/\/tehnikabacko.rs\/index.php\/wp-json\/wp\/v2\/media?parent=11895"}],"wp:term":[{"taxonomy":"product_brand","embeddable":true,"href":"https:\/\/tehnikabacko.rs\/index.php\/wp-json\/wp\/v2\/product_brand?post=11895"},{"taxonomy":"product_cat","embeddable":true,"href":"https:\/\/tehnikabacko.rs\/index.php\/wp-json\/wp\/v2\/product_cat?post=11895"},{"taxonomy":"product_tag","embeddable":true,"href":"https:\/\/tehnikabacko.rs\/index.php\/wp-json\/wp\/v2\/product_tag?post=11895"}],"curies":[{"name":"wp","href":"https:\/\/api.w.org\/{rel}","templated":true}]}}