{"id":11833,"date":"2026-02-24T15:09:45","date_gmt":"2026-02-24T15:09:45","guid":{"rendered":"https:\/\/tehnikabacko.rs\/?post_type=product&#038;p=11833"},"modified":"2026-02-24T15:09:45","modified_gmt":"2026-02-24T15:09:45","slug":"adk-motorni-trimer-za-travu-cg632u-2e","status":"publish","type":"product","link":"https:\/\/tehnikabacko.rs\/index.php\/product\/adk-motorni-trimer-za-travu-cg632u-2e\/","title":{"rendered":"ADK motorni trimer za travu CG632U-2E"},"content":{"rendered":"<h2>TEHNI\u010cKE KARAKTERISTIKE<\/h2>\n<p class=\"ealati_row\"><span class=\"ealati_span\">Motor<\/span><span class=\"ealati_span\">Benzinski, dvotaktni motor, zra\u010dno hla\u0111enje<\/span><\/p>\n<p class=\"ealati_row\"><span class=\"ealati_span\">Snaga motora<\/span><span class=\"ealati_span\">2,0 kW \/ 2,72 KS pri 8500 o\/min<\/span><\/p>\n<p class=\"ealati_row\"><span class=\"ealati_span\">Zapremina motora<\/span><span class=\"ealati_span\">63,3 cm3<\/span><\/p>\n<p class=\"ealati_row\"><span class=\"ealati_span\">Omjer goriva<\/span><span class=\"ealati_span\">30<\/span><\/p>\n<p class=\"ealati_row\"><span class=\"ealati_span\">Kapacitet spremnika goriva<\/span><span class=\"ealati_span\">1100 ml<\/span><\/p>\n<p class=\"ealati_row\"><span class=\"ealati_span\">Promjer cijevi<\/span><span class=\"ealati_span\">28 mm<\/span><\/p>\n<p class=\"ealati_row\"><span class=\"ealati_span\">\u0160irina rezanja<\/span><span class=\"ealati_span\">305 mm (reza\u010d grmlja), 480 mm (trimer za travu)<\/span><\/p>\n<p class=\"ealati_row\"><span class=\"ealati_span\">Vrsta ru\u010dke<\/span><span class=\"ealati_span\">U-tip<\/span><\/p>\n<p class=\"ealati_row\"><span class=\"ealati_span\">Sustav<\/span><span class=\"ealati_span\">Antivibracijski sustav<\/span><\/p>\n<p>&nbsp;<\/p>\n<p><img fetchpriority=\"high\" decoding=\"async\" class=\"\" src=\"https:\/\/www.ealati.hr\/wp-content\/uploads\/2026\/01\/A261-CG632U2E-ADK.jpg\" width=\"665\" height=\"665\" \/><\/p>\n<p>&nbsp;<\/p>\n<p>&nbsp;<\/p>\n","protected":false},"excerpt":{"rendered":"<p>TEHNI\u010cKE KARAKTERISTIKE MotorBenzinski, dvotaktni motor, zra\u010dno hla\u0111enje Snaga motora2,0 kW \/ 2,72 KS pri 8500 o\/min Zapremina motora63,3 cm3 Omjer goriva30 Kapacitet spremnika goriva1100 ml Promjer cijevi28 mm \u0160irina rezanja305 mm (reza\u010d grmlja), 480 mm (trimer za travu) Vrsta ru\u010dkeU-tip SustavAntivibracijski sustav &nbsp; &nbsp; &nbsp;<\/p>\n","protected":false},"featured_media":11834,"comment_status":"open","ping_status":"closed","template":"","meta":{"inline_featured_image":false},"product_brand":[],"product_cat":[148,290],"product_tag":[],"class_list":{"0":"post-11833","1":"product","2":"type-product","3":"status-publish","4":"has-post-thumbnail","6":"product_cat-alati","7":"product_cat-trimeri-za-travu","9":"first","10":"instock","11":"sale","12":"shipping-taxable","13":"purchasable","14":"product-type-simple"},"_links":{"self":[{"href":"https:\/\/tehnikabacko.rs\/index.php\/wp-json\/wp\/v2\/product\/11833","targetHints":{"allow":["GET"]}}],"collection":[{"href":"https:\/\/tehnikabacko.rs\/index.php\/wp-json\/wp\/v2\/product"}],"about":[{"href":"https:\/\/tehnikabacko.rs\/index.php\/wp-json\/wp\/v2\/types\/product"}],"replies":[{"embeddable":true,"href":"https:\/\/tehnikabacko.rs\/index.php\/wp-json\/wp\/v2\/comments?post=11833"}],"wp:featuredmedia":[{"embeddable":true,"href":"https:\/\/tehnikabacko.rs\/index.php\/wp-json\/wp\/v2\/media\/11834"}],"wp:attachment":[{"href":"https:\/\/tehnikabacko.rs\/index.php\/wp-json\/wp\/v2\/media?parent=11833"}],"wp:term":[{"taxonomy":"product_brand","embeddable":true,"href":"https:\/\/tehnikabacko.rs\/index.php\/wp-json\/wp\/v2\/product_brand?post=11833"},{"taxonomy":"product_cat","embeddable":true,"href":"https:\/\/tehnikabacko.rs\/index.php\/wp-json\/wp\/v2\/product_cat?post=11833"},{"taxonomy":"product_tag","embeddable":true,"href":"https:\/\/tehnikabacko.rs\/index.php\/wp-json\/wp\/v2\/product_tag?post=11833"}],"curies":[{"name":"wp","href":"https:\/\/api.w.org\/{rel}","templated":true}]}}