{"id":11821,"date":"2026-02-19T14:57:41","date_gmt":"2026-02-19T14:57:41","guid":{"rendered":"https:\/\/tehnikabacko.rs\/?post_type=product&#038;p=11821"},"modified":"2026-02-19T14:57:41","modified_gmt":"2026-02-19T14:57:41","slug":"kosacica-motorna-wr65242-wr65494-bs450-adk","status":"publish","type":"product","link":"https:\/\/tehnikabacko.rs\/index.php\/product\/kosacica-motorna-wr65242-wr65494-bs450-adk\/","title":{"rendered":"KOSACICA MOTORNA WR65242\/WR65494 (B&#038;S450) ADK"},"content":{"rendered":"<p>\u0160irina ko\u0161nje: 20&#8243; (510 mm)<br \/>\nNa\u010din upravljanja: Ru\u010dno guranje<br \/>\nMotor i zapremina: B&amp;S 450E 125cc<\/p>\n<div class=\"hideopis\">\n<p>\u0160irina ko\u0161nje: 20&#8243; (510 mm)<br \/>\nNa\u010din upravljanja: Ru\u010dno guranje<br \/>\nMotor i zapremina: B&amp;S 450E 125cc<br \/>\nPostolje kosilice: \u010delik<br \/>\nRadni broj okretaja: 2800~3000RPM<br \/>\nO\u0161trica: jednostruka<br \/>\nVisina ko\u0161nje:jedna ru\u010dica za pode\u0161avanje, 5 pozicija pode\u0161avanja, visina 25mm-75mm,<br \/>\nsa ko\u010dnicom<br \/>\nVeli\u010dina prednjih kota\u010da: 7\u201d (180 mm)<br \/>\nVeli\u010dina stra\u017enjih kota\u010da: 7&#8220; (180 mm)<br \/>\nKota\u010di su sa le\u017eajevima<br \/>\nIZBACIVANJE SA STRANE<br \/>\nMAL\u010cIRANJE<\/p>\n<\/div>\n<p><img decoding=\"async\" src=\"https:\/\/ciakrs.rs\/images\/artikli\/img06-03-2020_090003_71611.jpg\" \/><\/p>\n","protected":false},"excerpt":{"rendered":"<p>\u0160irina ko\u0161nje: 20&#8243; (510 mm) Na\u010din upravljanja: Ru\u010dno guranje Motor i zapremina: B&amp;S 450E 125cc \u0160irina ko\u0161nje: 20&#8243; (510 mm) Na\u010din upravljanja: Ru\u010dno guranje Motor i zapremina: B&amp;S 450E 125cc Postolje kosilice: \u010delik Radni broj okretaja: 2800~3000RPM O\u0161trica: jednostruka Visina ko\u0161nje:jedna ru\u010dica za pode\u0161avanje, 5 pozicija pode\u0161avanja, visina 25mm-75mm, sa ko\u010dnicom Veli\u010dina prednjih kota\u010da: 7\u201d [&hellip;]<\/p>\n","protected":false},"featured_media":11822,"comment_status":"open","ping_status":"closed","template":"","meta":{"inline_featured_image":false},"product_brand":[],"product_cat":[244,272],"product_tag":[],"class_list":{"0":"post-11821","1":"product","2":"type-product","3":"status-publish","4":"has-post-thumbnail","6":"product_cat-kosacice","7":"product_cat-motorna-kosilica","9":"first","10":"instock","11":"sale","12":"shipping-taxable","13":"purchasable","14":"product-type-simple"},"_links":{"self":[{"href":"https:\/\/tehnikabacko.rs\/index.php\/wp-json\/wp\/v2\/product\/11821","targetHints":{"allow":["GET"]}}],"collection":[{"href":"https:\/\/tehnikabacko.rs\/index.php\/wp-json\/wp\/v2\/product"}],"about":[{"href":"https:\/\/tehnikabacko.rs\/index.php\/wp-json\/wp\/v2\/types\/product"}],"replies":[{"embeddable":true,"href":"https:\/\/tehnikabacko.rs\/index.php\/wp-json\/wp\/v2\/comments?post=11821"}],"wp:featuredmedia":[{"embeddable":true,"href":"https:\/\/tehnikabacko.rs\/index.php\/wp-json\/wp\/v2\/media\/11822"}],"wp:attachment":[{"href":"https:\/\/tehnikabacko.rs\/index.php\/wp-json\/wp\/v2\/media?parent=11821"}],"wp:term":[{"taxonomy":"product_brand","embeddable":true,"href":"https:\/\/tehnikabacko.rs\/index.php\/wp-json\/wp\/v2\/product_brand?post=11821"},{"taxonomy":"product_cat","embeddable":true,"href":"https:\/\/tehnikabacko.rs\/index.php\/wp-json\/wp\/v2\/product_cat?post=11821"},{"taxonomy":"product_tag","embeddable":true,"href":"https:\/\/tehnikabacko.rs\/index.php\/wp-json\/wp\/v2\/product_tag?post=11821"}],"curies":[{"name":"wp","href":"https:\/\/api.w.org\/{rel}","templated":true}]}}