{"id":11788,"date":"2026-02-11T15:35:28","date_gmt":"2026-02-11T15:35:28","guid":{"rendered":"https:\/\/tehnikabacko.rs\/?post_type=product&#038;p=11788"},"modified":"2026-02-11T15:35:28","modified_gmt":"2026-02-11T15:35:28","slug":"blender-ke-36a","status":"publish","type":"product","link":"https:\/\/tehnikabacko.rs\/index.php\/product\/blender-ke-36a\/","title":{"rendered":"Blender KE-36A"},"content":{"rendered":"<ul>\n<li><strong>Snaga: 300W;<\/strong><\/li>\n<li><strong>Napon: 220V\/50Hz;<\/strong><\/li>\n<li><strong>Zapremina plasti\u010dne posude od 1,5L;<\/strong><\/li>\n<li><strong>1 no\u017ei\u0107 od ner\u0111aju\u0107eg \u010delika;<\/strong><\/li>\n<li><strong>4 brzine seckanja;<\/strong><\/li>\n<li><strong>Dodatak za mlevenje kafe i \u0161e\u0107era.<\/strong><\/li>\n<\/ul>\n","protected":false},"excerpt":{"rendered":"<div class=\"elementor-element elementor-element-1caffc0 wd-width-100 elementor-widget elementor-widget-wd_title\" data-id=\"1caffc0\" data-element_type=\"widget\" data-widget_type=\"wd_title.default\">\n<div class=\"elementor-widget-container\">\n<div class=\"title-wrapper set-mb-s reset-last-child wd-title-color-default wd-title-style-default wd-title-size-default text-left\">\n<div class=\"liner-continer\">\n<h4 class=\"woodmart-title-container title wd-fontsize-l\">Opis proizvoda<\/h4>\n<\/div>\n<\/div>\n<\/div>\n<\/div>\n<div class=\"elementor-element elementor-element-e24b901 wd-single-content elementor-widget elementor-widget-wd_single_product_content\" data-id=\"e24b901\" data-element_type=\"widget\" data-widget_type=\"wd_single_product_content.default\">\n<div class=\"elementor-widget-container\">\n<p><strong>Blender KE-36A<\/strong><\/p>\n<p>Otkrijte svestranost i prakti\u010dnost na\u0161eg blendera KE-36A. Sa snagom od 300W i naponom od 220V\/50Hz, ovaj blender nudi snagu i efikasnost za pripremu raznovrsnih napitaka i jela.<\/p>\n<p>Zapremina plasti\u010dne posude od 1,5L pru\u017ea dovoljno prostora za pripremu ve\u0107ih koli\u010dina smesa ili napitaka. No\u017ei\u0107 od ner\u0111aju\u0107eg \u010delika obezbe\u0111uje o\u0161tro seckanje i blendanje sastojaka.<\/p>\n<p>Sa \u010detiri brzine seckanja, prilago\u0111ava se va\u0161im potrebama za teksturu i konzistenciju. Dodatak za mlevenje kafe i \u0161e\u0107era pro\u0161iruje funkcionalnost ovog blendera, omogu\u0107avaju\u0107i vam da napravite razli\u010dite prahaste supstance po va\u0161oj \u017eelji.<\/p>\n<p>Ovaj blender postaje idealan partner u kuhinji, omogu\u0107avaju\u0107i vam da brzo i lako pripremite smutije, koktele, sosove i jo\u0161 mnogo toga. Sa jednostavnim dizajnom i dodatkom za mlevenje, pru\u017ea prakti\u010dno i efikasno re\u0161enje za pripremu razli\u010ditih jela i napitaka.<\/p>\n<\/div>\n<\/div>\n","protected":false},"featured_media":11789,"comment_status":"open","ping_status":"closed","template":"","meta":{"inline_featured_image":false},"product_brand":[],"product_cat":[446],"product_tag":[],"class_list":{"0":"post-11788","1":"product","2":"type-product","3":"status-publish","4":"has-post-thumbnail","6":"product_cat-blenderi","8":"first","9":"instock","10":"sale","11":"shipping-taxable","12":"purchasable","13":"product-type-simple"},"_links":{"self":[{"href":"https:\/\/tehnikabacko.rs\/index.php\/wp-json\/wp\/v2\/product\/11788","targetHints":{"allow":["GET"]}}],"collection":[{"href":"https:\/\/tehnikabacko.rs\/index.php\/wp-json\/wp\/v2\/product"}],"about":[{"href":"https:\/\/tehnikabacko.rs\/index.php\/wp-json\/wp\/v2\/types\/product"}],"replies":[{"embeddable":true,"href":"https:\/\/tehnikabacko.rs\/index.php\/wp-json\/wp\/v2\/comments?post=11788"}],"wp:featuredmedia":[{"embeddable":true,"href":"https:\/\/tehnikabacko.rs\/index.php\/wp-json\/wp\/v2\/media\/11789"}],"wp:attachment":[{"href":"https:\/\/tehnikabacko.rs\/index.php\/wp-json\/wp\/v2\/media?parent=11788"}],"wp:term":[{"taxonomy":"product_brand","embeddable":true,"href":"https:\/\/tehnikabacko.rs\/index.php\/wp-json\/wp\/v2\/product_brand?post=11788"},{"taxonomy":"product_cat","embeddable":true,"href":"https:\/\/tehnikabacko.rs\/index.php\/wp-json\/wp\/v2\/product_cat?post=11788"},{"taxonomy":"product_tag","embeddable":true,"href":"https:\/\/tehnikabacko.rs\/index.php\/wp-json\/wp\/v2\/product_tag?post=11788"}],"curies":[{"name":"wp","href":"https:\/\/api.w.org\/{rel}","templated":true}]}}