{"id":11727,"date":"2026-01-27T15:03:06","date_gmt":"2026-01-27T15:03:06","guid":{"rendered":"https:\/\/tehnikabacko.rs\/?post_type=product&#038;p=11727"},"modified":"2026-01-27T15:03:06","modified_gmt":"2026-01-27T15:03:06","slug":"indukcioni-reso-nist-ic-3600","status":"publish","type":"product","link":"https:\/\/tehnikabacko.rs\/index.php\/product\/indukcioni-reso-nist-ic-3600\/","title":{"rendered":"Indukcioni re\u0161o NIST IC 3600"},"content":{"rendered":"<table class=\"table product-attrbite-table\">\n<thead>\n<tr>\n<th>Karakteristika<\/th>\n<th>Vrednost<\/th>\n<\/tr>\n<\/thead>\n<tbody>\n<tr>\n<td>Kategorija<\/td>\n<td><a title=\"Indukcione plo\u010de\" href=\"https:\/\/www.agromarket.rs\/indukcione-ploce\">Indukcione plo\u010de<\/a><\/td>\n<\/tr>\n<tr class=\"attr-table-product-weight\">\n<td>Te\u017eina pakovanja<\/td>\n<td>5.61 kg<\/td>\n<\/tr>\n<tr class=\"attr-brend\">\n<td>Brend<\/td>\n<td><a title=\"NIST\" href=\"https:\/\/www.agromarket.rs\/proizvodi\/brend-nist\">NIST<\/a><\/td>\n<\/tr>\n<tr class=\"attr-napon\">\n<td>Napon<\/td>\n<td>230 V ~ 50 Hz<\/td>\n<\/tr>\n<tr class=\"attr-prikljucna-snaga\">\n<td>Priklju\u010dna snaga<\/td>\n<td>3600 W<\/td>\n<\/tr>\n<\/tbody>\n<\/table>\n<p>&#8211; Raspon radne temperature: 80\u00b0C \u2013 240\u00b0C<br \/>\n&#8211; Dimenzije: 280x350x67 mm<\/p>\n","protected":false},"excerpt":{"rendered":"<p>Indukcioni re\u0161o NIST IC 3600 je sna\u017ean i moderan ure\u0111aj koji donosi profesionalne performanse u va\u0161u kuhinju. Sa snagom od 3600 W obezbe\u0111uje izuzetno brzo zagrevanje, preciznu kontrolu temperature i visoku energetsku efikasnost. Idealan je za doma\u0107instva koja \u017eele vrhunske rezultate, ali i za ugostiteljske objekte kojima je potrebna pouzdana i sna\u017ena oprema.<\/p>\n<p>Kompaktan i izdr\u017eljiv dizajn \u010dini ga pogodnim za svakodnevnu upotrebu, dok indukciona tehnologija omogu\u0107ava sigurnost<\/p>\n","protected":false},"featured_media":11728,"comment_status":"open","ping_status":"closed","template":"","meta":{"inline_featured_image":false},"product_brand":[],"product_cat":[442,443],"product_tag":[],"class_list":{"0":"post-11727","1":"product","2":"type-product","3":"status-publish","4":"has-post-thumbnail","6":"product_cat-indukcioni-reso","7":"product_cat-reso","9":"first","10":"instock","11":"sale","12":"shipping-taxable","13":"purchasable","14":"product-type-simple"},"_links":{"self":[{"href":"https:\/\/tehnikabacko.rs\/index.php\/wp-json\/wp\/v2\/product\/11727","targetHints":{"allow":["GET"]}}],"collection":[{"href":"https:\/\/tehnikabacko.rs\/index.php\/wp-json\/wp\/v2\/product"}],"about":[{"href":"https:\/\/tehnikabacko.rs\/index.php\/wp-json\/wp\/v2\/types\/product"}],"replies":[{"embeddable":true,"href":"https:\/\/tehnikabacko.rs\/index.php\/wp-json\/wp\/v2\/comments?post=11727"}],"wp:featuredmedia":[{"embeddable":true,"href":"https:\/\/tehnikabacko.rs\/index.php\/wp-json\/wp\/v2\/media\/11728"}],"wp:attachment":[{"href":"https:\/\/tehnikabacko.rs\/index.php\/wp-json\/wp\/v2\/media?parent=11727"}],"wp:term":[{"taxonomy":"product_brand","embeddable":true,"href":"https:\/\/tehnikabacko.rs\/index.php\/wp-json\/wp\/v2\/product_brand?post=11727"},{"taxonomy":"product_cat","embeddable":true,"href":"https:\/\/tehnikabacko.rs\/index.php\/wp-json\/wp\/v2\/product_cat?post=11727"},{"taxonomy":"product_tag","embeddable":true,"href":"https:\/\/tehnikabacko.rs\/index.php\/wp-json\/wp\/v2\/product_tag?post=11727"}],"curies":[{"name":"wp","href":"https:\/\/api.w.org\/{rel}","templated":true}]}}