{"id":11720,"date":"2026-01-26T15:00:16","date_gmt":"2026-01-26T15:00:16","guid":{"rendered":"https:\/\/tehnikabacko.rs\/?post_type=product&#038;p=11720"},"modified":"2026-01-26T15:00:16","modified_gmt":"2026-01-26T15:00:16","slug":"adler-ad6413w-krcko-aparat-za-sporo-kuvanje-58l","status":"publish","type":"product","link":"https:\/\/tehnikabacko.rs\/index.php\/product\/adler-ad6413w-krcko-aparat-za-sporo-kuvanje-58l\/","title":{"rendered":"ADLER AD6413W KR\u010cKO APARAT ZA SPORO KUVANJE 5,8L"},"content":{"rendered":"","protected":false},"excerpt":{"rendered":"<ul>\n<li>So\u010dna jela karakteristi\u010dnog ukusa.<\/li>\n<li>Kapacitet: 5,8 L<\/li>\n<li>Do 10 porcija.<\/li>\n<li>Poklopac od kaljenog stakla.<\/li>\n<li>Snaga: 290W.<\/li>\n<li>Napajanje: 220-240? ~50??.<\/li>\n<li>Dimenzije:36,5&#215;32,4&#215;24,8 cm.<\/li>\n<li>3 stepena pode\u0161avanja snage: visoka, srednja i niska. Sadr\u017ei nogice protiv klizanja.<\/li>\n<li>Ru\u010dke se ne greju.<\/li>\n<li>Du\u017eina kabla: 95 cm.<\/li>\n<li>Boja &#8211; bela.<\/li>\n<li>Mo\u017ee se prati u sudo ma\u0161ini.<\/li>\n<li>Uklonjiva kerami\u010dka posuda. Ku\u0107i\u0161te je od nerdjaju\u0107eg \u010delika.<\/li>\n<\/ul>\n","protected":false},"featured_media":11721,"comment_status":"open","ping_status":"closed","template":"","meta":{"inline_featured_image":false},"product_brand":[],"product_cat":[441],"product_tag":[],"class_list":{"0":"post-11720","1":"product","2":"type-product","3":"status-publish","4":"has-post-thumbnail","6":"product_cat-krcko","8":"first","9":"instock","10":"sale","11":"shipping-taxable","12":"purchasable","13":"product-type-simple"},"_links":{"self":[{"href":"https:\/\/tehnikabacko.rs\/index.php\/wp-json\/wp\/v2\/product\/11720","targetHints":{"allow":["GET"]}}],"collection":[{"href":"https:\/\/tehnikabacko.rs\/index.php\/wp-json\/wp\/v2\/product"}],"about":[{"href":"https:\/\/tehnikabacko.rs\/index.php\/wp-json\/wp\/v2\/types\/product"}],"replies":[{"embeddable":true,"href":"https:\/\/tehnikabacko.rs\/index.php\/wp-json\/wp\/v2\/comments?post=11720"}],"wp:featuredmedia":[{"embeddable":true,"href":"https:\/\/tehnikabacko.rs\/index.php\/wp-json\/wp\/v2\/media\/11721"}],"wp:attachment":[{"href":"https:\/\/tehnikabacko.rs\/index.php\/wp-json\/wp\/v2\/media?parent=11720"}],"wp:term":[{"taxonomy":"product_brand","embeddable":true,"href":"https:\/\/tehnikabacko.rs\/index.php\/wp-json\/wp\/v2\/product_brand?post=11720"},{"taxonomy":"product_cat","embeddable":true,"href":"https:\/\/tehnikabacko.rs\/index.php\/wp-json\/wp\/v2\/product_cat?post=11720"},{"taxonomy":"product_tag","embeddable":true,"href":"https:\/\/tehnikabacko.rs\/index.php\/wp-json\/wp\/v2\/product_tag?post=11720"}],"curies":[{"name":"wp","href":"https:\/\/api.w.org\/{rel}","templated":true}]}}