{"id":11704,"date":"2026-01-23T14:24:31","date_gmt":"2026-01-23T14:24:31","guid":{"rendered":"https:\/\/tehnikabacko.rs\/?post_type=product&#038;p=11704"},"modified":"2026-01-23T14:24:31","modified_gmt":"2026-01-23T14:24:31","slug":"motorna-testera-ld858c-51cm-oregon","status":"publish","type":"product","link":"https:\/\/tehnikabacko.rs\/index.php\/product\/motorna-testera-ld858c-51cm-oregon\/","title":{"rendered":"MOTORNA TESTERA LD858C 51CM OREGON"},"content":{"rendered":"<p>MOTORNA TESTERA GS5800Z &#8211; 51 cm OREGON<br \/>\nTip motora: vazdu\u0161no hla\u0111enje, Dvotaktni, 1 cilindar<br \/>\nSnaga motora: 2.15 KW (2,9HP) \/ 8500rpm<br \/>\nZapremina motora: 58cc<br \/>\nRasplinja\u010d: sa pumpom<br \/>\nOmer me\u0161anja goriva (benzin) \/ ulja za 2-taktne motora: 25:1<br \/>\nBrzina praznog hoda: 3000 +\/- 200 r\/min<br \/>\nDu\u017eina vodilice: 20&#8243;\u00a0 ( 51 cm )<br \/>\nOREGON MA\u010c I LANAC<\/p>\n","protected":false},"excerpt":{"rendered":"<p>Motorna testera LD858C 510 mm 2,9 ks je alat \u0161irokog profila pogodan za brzo i visokokvalitetno se\u010denje stabala i obrezivanje grana.<br \/>\nDr\u0161ka ima prikladan oblik dr\u017eanja, \u0161to osigurava pouzdano sigurno dr\u017eanje alata tokom rada.<br \/>\nMotorna testera ADK opremljena je profesionalnim dvotaktnim motorom zapremine 58 cc.<br \/>\nNjegov resurs omoguc\u0301ava upotrebu alata na velikim povr\u0161inama i sa zna\u010dajnim opterec\u0301enjem.<\/p>\n","protected":false},"featured_media":11705,"comment_status":"open","ping_status":"closed","template":"","meta":{"inline_featured_image":false},"product_brand":[],"product_cat":[283],"product_tag":[],"class_list":{"0":"post-11704","1":"product","2":"type-product","3":"status-publish","4":"has-post-thumbnail","6":"product_cat-motorna-testera","8":"first","9":"instock","10":"sale","11":"shipping-taxable","12":"purchasable","13":"product-type-simple"},"_links":{"self":[{"href":"https:\/\/tehnikabacko.rs\/index.php\/wp-json\/wp\/v2\/product\/11704","targetHints":{"allow":["GET"]}}],"collection":[{"href":"https:\/\/tehnikabacko.rs\/index.php\/wp-json\/wp\/v2\/product"}],"about":[{"href":"https:\/\/tehnikabacko.rs\/index.php\/wp-json\/wp\/v2\/types\/product"}],"replies":[{"embeddable":true,"href":"https:\/\/tehnikabacko.rs\/index.php\/wp-json\/wp\/v2\/comments?post=11704"}],"wp:featuredmedia":[{"embeddable":true,"href":"https:\/\/tehnikabacko.rs\/index.php\/wp-json\/wp\/v2\/media\/11705"}],"wp:attachment":[{"href":"https:\/\/tehnikabacko.rs\/index.php\/wp-json\/wp\/v2\/media?parent=11704"}],"wp:term":[{"taxonomy":"product_brand","embeddable":true,"href":"https:\/\/tehnikabacko.rs\/index.php\/wp-json\/wp\/v2\/product_brand?post=11704"},{"taxonomy":"product_cat","embeddable":true,"href":"https:\/\/tehnikabacko.rs\/index.php\/wp-json\/wp\/v2\/product_cat?post=11704"},{"taxonomy":"product_tag","embeddable":true,"href":"https:\/\/tehnikabacko.rs\/index.php\/wp-json\/wp\/v2\/product_tag?post=11704"}],"curies":[{"name":"wp","href":"https:\/\/api.w.org\/{rel}","templated":true}]}}