{"id":11657,"date":"2026-01-13T10:42:43","date_gmt":"2026-01-13T10:42:43","guid":{"rendered":"https:\/\/tehnikabacko.rs\/?post_type=product&#038;p=11657"},"modified":"2026-01-13T10:42:43","modified_gmt":"2026-01-13T10:42:43","slug":"digitalni-dvb-t2-hdr-h-265-risiver","status":"publish","type":"product","link":"https:\/\/tehnikabacko.rs\/index.php\/product\/digitalni-dvb-t2-hdr-h-265-risiver\/","title":{"rendered":"Digitalni DVB-T2 HDR H.265 risiver"},"content":{"rendered":"<div class=\"product-tech-info-title mobile-h3\">Tehni\u010dki podaci<\/div>\n<table>\n<tbody>\n<tr>\n<td class=\"product-texh-info-td-label\">Brend<\/td>\n<td class=\"product-texh-info-td-text\">PROSTO<\/td>\n<\/tr>\n<tr>\n<td class=\"product-texh-info-td-label\">Tip<\/td>\n<td class=\"product-texh-info-td-text\">Video risiver (DVB-T2)<\/td>\n<\/tr>\n<tr>\n<td class=\"product-texh-info-td-label\">Napajanje<\/td>\n<td class=\"product-texh-info-td-text\">100-240 V~, 50\/60 Hz<\/td>\n<\/tr>\n<tr>\n<td class=\"product-texh-info-td-label\">Frekventni opseg<\/td>\n<td class=\"product-texh-info-td-text\">177.5 MHz ~ 226.5 MHz (VHF), 474 MHz ~ 858 MHz (UHF)<\/td>\n<\/tr>\n<tr>\n<td class=\"product-texh-info-td-label\">Audio dekoder<\/td>\n<td class=\"product-texh-info-td-text\">MPEG-1 layer I\/II, PCM downmix<\/td>\n<\/tr>\n<tr>\n<td class=\"product-texh-info-td-label\">Video dekoder<\/td>\n<td class=\"product-texh-info-td-text\">H.265 video (HEVC\/H.265), BP\/MP\/HP up to L4.1&amp; H.263 P3, H.264 video (ISO\/IEC 14496-10), BP\/MP\/HP up to L4.1<\/td>\n<\/tr>\n<tr>\n<td class=\"product-texh-info-td-label\">Procesor<\/td>\n<td class=\"product-texh-info-td-text\">Ali 3822P<\/td>\n<\/tr>\n<tr>\n<td class=\"product-texh-info-td-label\">Memorija<\/td>\n<td class=\"product-texh-info-td-text\">32 Mb (fle\u0161), 512 Mb (RAM)<\/td>\n<\/tr>\n<tr>\n<td class=\"product-texh-info-td-label\">Broj kanala<\/td>\n<td class=\"product-texh-info-td-text\">Maks. 1000<\/td>\n<\/tr>\n<tr>\n<td class=\"product-texh-info-td-label\">Video format<\/td>\n<td class=\"product-texh-info-td-text\">4:3 \/ 16:9 (promenljivo)<\/td>\n<\/tr>\n<tr>\n<td class=\"product-texh-info-td-label\">Rezolucija<\/td>\n<td class=\"product-texh-info-td-text\">1920&#215;1080, 1280&#215;720, 720&#215;480<\/td>\n<\/tr>\n<tr>\n<td class=\"product-texh-info-td-label\">Priklju\u010dci<\/td>\n<td class=\"product-texh-info-td-text\">1 x IEC169-2 \u017eenska &#8222;koax&#8220; uti\u010dnica, 1 x IEC169-2 mu\u0161ki &#8222;koax&#8220; utika\u010d, LOOP THROUGH, 1 x HDMI, 1 x SCART, 1 x USB 2.0<\/td>\n<\/tr>\n<tr>\n<td class=\"product-texh-info-td-label\">Daljinski upravlja\u010d<\/td>\n<td class=\"product-texh-info-td-text\">Da, 2 x 1.5 V AAA baterije (u sklopu)<\/td>\n<\/tr>\n<\/tbody>\n<\/table>\n","protected":false},"excerpt":{"rendered":"<p>PROSTO DVBT402 je prakti\u010dan digitalni prijemnik koji ti omogu\u0107ava da gleda\u0161 omiljene TV kanale u visokoj rezoluciji, bez potrebe za kablovskom ili dodatnim pretplatama<\/p>\n<p>Ako tvoj televizor nema podr\u0161ku za DVB-T2, ovo je jednostavno re\u0161enje \u2013 samo pove\u017ee\u0161 prijemnik i ve\u0107 si spreman za gledanje<\/p>\n<p>Mo\u017ee\u0161 ga povezati putem HDMI ili SCART kabela, \u0161to zna\u010di da radi i sa starijim i sa novim televizorima<\/p>\n<p>Ima USB priklju\u010dak, pa mo\u017ee\u0161 snimati emisije, pauzirati program u\u017eivo, ili pu\u0161tati filmove, muziku i slike direktno sa USB memorije<\/p>\n<p>Navigacija kroz kanale je laka uz elektronski programski vodi\u010d (EPG), a titlovi i vi\u0161ejezi\u010dna podr\u0161ka olak\u0161avaju gledanje razli\u010ditih sadr\u017eaja<\/p>\n","protected":false},"featured_media":11658,"comment_status":"open","ping_status":"closed","template":"","meta":{"inline_featured_image":false},"product_brand":[],"product_cat":[435],"product_tag":[],"class_list":{"0":"post-11657","1":"product","2":"type-product","3":"status-publish","4":"has-post-thumbnail","6":"product_cat-tv-digitalni-risiver","8":"first","9":"instock","10":"sale","11":"shipping-taxable","12":"purchasable","13":"product-type-simple"},"_links":{"self":[{"href":"https:\/\/tehnikabacko.rs\/index.php\/wp-json\/wp\/v2\/product\/11657","targetHints":{"allow":["GET"]}}],"collection":[{"href":"https:\/\/tehnikabacko.rs\/index.php\/wp-json\/wp\/v2\/product"}],"about":[{"href":"https:\/\/tehnikabacko.rs\/index.php\/wp-json\/wp\/v2\/types\/product"}],"replies":[{"embeddable":true,"href":"https:\/\/tehnikabacko.rs\/index.php\/wp-json\/wp\/v2\/comments?post=11657"}],"wp:featuredmedia":[{"embeddable":true,"href":"https:\/\/tehnikabacko.rs\/index.php\/wp-json\/wp\/v2\/media\/11658"}],"wp:attachment":[{"href":"https:\/\/tehnikabacko.rs\/index.php\/wp-json\/wp\/v2\/media?parent=11657"}],"wp:term":[{"taxonomy":"product_brand","embeddable":true,"href":"https:\/\/tehnikabacko.rs\/index.php\/wp-json\/wp\/v2\/product_brand?post=11657"},{"taxonomy":"product_cat","embeddable":true,"href":"https:\/\/tehnikabacko.rs\/index.php\/wp-json\/wp\/v2\/product_cat?post=11657"},{"taxonomy":"product_tag","embeddable":true,"href":"https:\/\/tehnikabacko.rs\/index.php\/wp-json\/wp\/v2\/product_tag?post=11657"}],"curies":[{"name":"wp","href":"https:\/\/api.w.org\/{rel}","templated":true}]}}