{"id":11506,"date":"2025-11-13T13:43:50","date_gmt":"2025-11-13T13:43:50","guid":{"rendered":"https:\/\/tehnikabacko.rs\/?post_type=product&#038;p=11506"},"modified":"2025-11-13T13:43:51","modified_gmt":"2025-11-13T13:43:51","slug":"keno-pumpa-za-vodu-pw750a","status":"publish","type":"product","link":"https:\/\/tehnikabacko.rs\/index.php\/product\/keno-pumpa-za-vodu-pw750a\/","title":{"rendered":"KENO Pumpa za vodu PW750A"},"content":{"rendered":"<ul>\n<li>Snaga: 450W<\/li>\n<li>Napon: 220-230V<\/li>\n<li>Frekvencija: 50Hz<\/li>\n<li>Protok 13.500L\/H<\/li>\n<li>Maksimalna dubina potapanja: 5 m<\/li>\n<li>Maksimalna visina: 5 m<\/li>\n<li>Te\u017eina: 4 kg<\/li>\n<\/ul>\n","protected":false},"excerpt":{"rendered":"<p>Pumpa za vodu Keno PW 750A &#8211; da bi se voda mogla koristiti kao teku\u0107a u doma\u0107instvu potrebno je da ona u sistemu bude pod odre\u0111enim pritiskom. Kod vode iz vodovoda taj uslov je unapred zadovoljen, ali kada imate bunar ili cisternu, neki tip pumpe za vodu ili hidrofor je potreban.\u00a0Pumpa za vodu Keno PW 750A je snage 450 W, a protok 13.500 litara po \u010dasu. Maksimalna dubina potapanja je 5m dok je maksimalna visina tako\u0111e 5m. Te\u017eina ove pumpe je 4 kg.\u00a0Pumpa za vodu Keno PW 750A je idealan izbor za vas.<\/p>\n","protected":false},"featured_media":11507,"comment_status":"open","ping_status":"closed","template":"","meta":{"inline_featured_image":false},"product_brand":[],"product_cat":[300],"product_tag":[],"class_list":{"0":"post-11506","1":"product","2":"type-product","3":"status-publish","4":"has-post-thumbnail","6":"product_cat-potapajuca-pumpa","8":"first","9":"instock","10":"sale","11":"shipping-taxable","12":"purchasable","13":"product-type-simple"},"_links":{"self":[{"href":"https:\/\/tehnikabacko.rs\/index.php\/wp-json\/wp\/v2\/product\/11506","targetHints":{"allow":["GET"]}}],"collection":[{"href":"https:\/\/tehnikabacko.rs\/index.php\/wp-json\/wp\/v2\/product"}],"about":[{"href":"https:\/\/tehnikabacko.rs\/index.php\/wp-json\/wp\/v2\/types\/product"}],"replies":[{"embeddable":true,"href":"https:\/\/tehnikabacko.rs\/index.php\/wp-json\/wp\/v2\/comments?post=11506"}],"wp:featuredmedia":[{"embeddable":true,"href":"https:\/\/tehnikabacko.rs\/index.php\/wp-json\/wp\/v2\/media\/11507"}],"wp:attachment":[{"href":"https:\/\/tehnikabacko.rs\/index.php\/wp-json\/wp\/v2\/media?parent=11506"}],"wp:term":[{"taxonomy":"product_brand","embeddable":true,"href":"https:\/\/tehnikabacko.rs\/index.php\/wp-json\/wp\/v2\/product_brand?post=11506"},{"taxonomy":"product_cat","embeddable":true,"href":"https:\/\/tehnikabacko.rs\/index.php\/wp-json\/wp\/v2\/product_cat?post=11506"},{"taxonomy":"product_tag","embeddable":true,"href":"https:\/\/tehnikabacko.rs\/index.php\/wp-json\/wp\/v2\/product_tag?post=11506"}],"curies":[{"name":"wp","href":"https:\/\/api.w.org\/{rel}","templated":true}]}}