{"id":11481,"date":"2025-11-12T12:41:42","date_gmt":"2025-11-12T12:41:42","guid":{"rendered":"https:\/\/tehnikabacko.rs\/?post_type=product&#038;p=11481"},"modified":"2025-11-12T12:41:42","modified_gmt":"2025-11-12T12:41:42","slug":"odvijac-za-gips-karton-ploce-th-dy-500-e","status":"publish","type":"product","link":"https:\/\/tehnikabacko.rs\/index.php\/product\/odvijac-za-gips-karton-ploce-th-dy-500-e\/","title":{"rendered":"Odvija\u010d za gips-karton plo\u010de TH-DY 500 E"},"content":{"rendered":"<div class=\"content-item module-headline-paragraph headline paragraph -color-headline-black\">\n<h2 class=\"heading delta\">Tehni\u010dke specifikacije<\/h2>\n<\/div>\n<div class=\"content-item module-table -styling-beta -div-based\">\n<div class=\"table__table table\">\n<div class=\"tbody\">\n<div class=\"-show tr tr-odd\">\n<div class=\"td\"><span class=\"bold\">Napajanje<\/span><\/div>\n<div class=\"td\">230 V | 50 Hz<\/div>\n<\/div>\n<div class=\"-show tr tr-even\">\n<div class=\"td\"><span class=\"bold\">Snaga<\/span><\/div>\n<div class=\"td\">500 W<\/div>\n<\/div>\n<div class=\"-show tr tr-odd\">\n<div class=\"td\"><span class=\"bold\">Prazan hod<\/span><\/div>\n<div class=\"td\">0 min^-1 \u2013 2200 min^-1<\/div>\n<\/div>\n<div class=\"-show tr tr-even\">\n<div class=\"td\"><span class=\"bold\">Dr\u017ea\u010d alata<\/span><\/div>\n<div class=\"td\">6.35 mm | Bit holder (6,35 mm\/\u00bc\u201d)<\/div>\n<div><span class=\"heading gamma\">Opis artikla<\/span>TH-DY 500 E vija\u010dnik je lagan i moc\u0301an alat za ambiciozne uradi sam ljubitelje, koji nudi jednostavnost kori\u0161\u0107enja i u\u0161tedu vremena pri ugradnji gipsanih plo\u010da i iverice. Zahvaljujuc\u0301i automatskom start-stop zup\u010daniku, osovina se ne okrec\u0301e sve dok se vijak ne pozicionira i automatski se zaustavlja \u010dim se vijak spoji. Elektronika za kontrolu brzine sa predpode\u0161iva\u010dem brzine i preusmeravanjem su dodatne karakteristike kvaliteta. Robusna metalna glava zup\u010danika TH-DY 500 E osigurava izdr\u017eljivost \u010dak i u zahtevnim poslovima. Vij\u010danik dolazi sa \u0161estostranom steznom glavom od mm \u201c(6.35 mm). Neograni\u010deno ograni\u010denje dubine garantuje konstantnu dubinu zavrtanja. Brzo napreduje na projektima koji zahtevaju mnogo uvrtanja. Korisna kukica za kai\u0161 i magnetni nosa\u010d bitova bita \u010dine alat kompletnim.<\/div>\n<\/div>\n<\/div>\n<\/div>\n<\/div>\n","protected":false},"excerpt":{"rendered":"<ul>\n<li class=\" meta\">Automatski start-stop prenosnik<\/li>\n<li class=\" meta\">Elektronska kontrola brzine sa izborom brzine<\/li>\n<li class=\" meta\">Rotacija u oba smera<\/li>\n<li class=\" meta\">Robustna metalna glava prenosnika<\/li>\n<li class=\" meta\">Alatna glava za \u00bc\u201d(6,35 mm)unutra\u0161lji \u0161estougaoni<\/li>\n<li class=\"-marked meta\">Beskona\u010dno podesiv grani\u010dnik dubine<\/li>\n<li class=\"-marked meta\">Dugme za zaklju\u010davanje za trajni rad<\/li>\n<\/ul>\n","protected":false},"featured_media":11482,"comment_status":"open","ping_status":"closed","template":"","meta":{"inline_featured_image":false},"product_brand":[],"product_cat":[148,343],"product_tag":[],"class_list":{"0":"post-11481","1":"product","2":"type-product","3":"status-publish","4":"has-post-thumbnail","6":"product_cat-alati","7":"product_cat-odvrtaci","9":"first","10":"instock","11":"sale","12":"shipping-taxable","13":"purchasable","14":"product-type-simple"},"_links":{"self":[{"href":"https:\/\/tehnikabacko.rs\/index.php\/wp-json\/wp\/v2\/product\/11481","targetHints":{"allow":["GET"]}}],"collection":[{"href":"https:\/\/tehnikabacko.rs\/index.php\/wp-json\/wp\/v2\/product"}],"about":[{"href":"https:\/\/tehnikabacko.rs\/index.php\/wp-json\/wp\/v2\/types\/product"}],"replies":[{"embeddable":true,"href":"https:\/\/tehnikabacko.rs\/index.php\/wp-json\/wp\/v2\/comments?post=11481"}],"wp:featuredmedia":[{"embeddable":true,"href":"https:\/\/tehnikabacko.rs\/index.php\/wp-json\/wp\/v2\/media\/11482"}],"wp:attachment":[{"href":"https:\/\/tehnikabacko.rs\/index.php\/wp-json\/wp\/v2\/media?parent=11481"}],"wp:term":[{"taxonomy":"product_brand","embeddable":true,"href":"https:\/\/tehnikabacko.rs\/index.php\/wp-json\/wp\/v2\/product_brand?post=11481"},{"taxonomy":"product_cat","embeddable":true,"href":"https:\/\/tehnikabacko.rs\/index.php\/wp-json\/wp\/v2\/product_cat?post=11481"},{"taxonomy":"product_tag","embeddable":true,"href":"https:\/\/tehnikabacko.rs\/index.php\/wp-json\/wp\/v2\/product_tag?post=11481"}],"curies":[{"name":"wp","href":"https:\/\/api.w.org\/{rel}","templated":true}]}}