{"id":11468,"date":"2025-11-12T12:29:43","date_gmt":"2025-11-12T12:29:43","guid":{"rendered":"https:\/\/tehnikabacko.rs\/?post_type=product&#038;p=11468"},"modified":"2025-11-12T12:29:43","modified_gmt":"2025-11-12T12:29:43","slug":"benzisnki-agregat-za-struju-tc-pg-55-e5","status":"publish","type":"product","link":"https:\/\/tehnikabacko.rs\/index.php\/product\/benzisnki-agregat-za-struju-tc-pg-55-e5\/","title":{"rendered":"Benzisnki agregat za struju TC-PG 55\/E5"},"content":{"rendered":"<div class=\"content-item module-headline-paragraph headline paragraph -color-headline-black\">\n<h2 class=\"heading delta\">Tehni\u010dke specifikacije<\/h2>\n<\/div>\n<div class=\"content-item module-table -styling-beta -div-based\">\n<div class=\"table__table table\">\n<div class=\"tbody\">\n<div class=\"-show tr tr-odd\">\n<div class=\"td\"><span class=\"bold\">Broj uti\u010dnica 230 V<\/span><\/div>\n<div class=\"td\">2 pcs<\/div>\n<\/div>\n<div class=\"-show tr tr-even\">\n<div class=\"td\"><span class=\"bold\">Broj uti\u010dnica 400 V<\/span><\/div>\n<div class=\"td\">1 pcs<\/div>\n<\/div>\n<div class=\"-show tr tr-odd\">\n<div class=\"td\"><span class=\"bold\">Maks. kontinuirana snaga<\/span><\/div>\n<div class=\"td\">5000 W<\/div>\n<\/div>\n<div class=\"-show tr tr-even\">\n<div class=\"td\"><span class=\"bold\">Maks. snaga<\/span><\/div>\n<div class=\"td\">5500 W<\/div>\n<\/div>\n<div class=\"-show tr tr-odd\">\n<div class=\"td\"><span class=\"bold\">Te\u017eina proizvoda<\/span><\/div>\n<div class=\"td\">80.4 Kg<\/div>\n<\/div>\n<div class=\"-show tr tr-even\">\n<div class=\"td\"><span class=\"bold\">Tip generatora<\/span><\/div>\n<div class=\"td\">Sinhroni<\/div>\n<\/div>\n<div class=\"-show tr tr-odd\">\n<div class=\"td\"><span class=\"bold\">Vreme rada pri 2\/3 optere\u0107enja<\/span><\/div>\n<div class=\"td\">11.7 h<\/div>\n<\/div>\n<div class=\"-show tr tr-even\">\n<div class=\"td\"><span class=\"bold\">Zapremina rezervoara<\/span><\/div>\n<div class=\"td\">25 l<\/div>\n<div><span class=\"heading gamma\">Opis artikla<\/span>Generator Einhell TC-PG 55\/E5 (benzin) pokrec\u0301e moc\u0301an, robustan i \u010dist 4-taktni motor i snabdeva strujom svuda gde je potrebno da se proizvede nezavisno od mre\u017enog napajanja: tako da uz minimalan napor brzo snabdeva strujom u ku\u0107ama , na gradili\u0161tima, prilikom kampovanja, u radionicama i gara\u017eama, ili \u010dak za odmor u samostojec\u0301im objektima kao \u0161to su \u0161umske, ribarske ili planinske kolibe. Pored toga, motor je sa niskim emisijama zahvaljujuc\u0301i uskla\u0111enosti sa propisima o emisiji Euro-5. Postoje dve uti\u010dnice od 230 V i jedna uti\u010dnica od 400 V za povezivanje ure\u0111aja i njihovo snabdevanje elektri\u010dnom energijom: kontinualna snaga od 3.000 W i maksimalna snaga od 3.300 W su dostupni za uti\u010dnicu od 230 V, a kontinuirana snaga od 3.600 W i maksimalna snaga od 5500 W za uti\u010dnicu od 400 V. Funkcija AVR (automatski sistem kontrole napona) obezbe\u0111uje stabilnu izlaznu snagu, elektri\u010dno pokretanje je jednostavno za korisnika, a baterija za startovanje je vec\u0301 uklju\u010dena u proizvod. Veliki rezervoar od 25 litara sa indikatorom nivoa napunjenosti pogodan je za dug rad generatora. Za sigurnost i dugotrajnu upotrebu oprema ima prekida\u010d za preopterec\u0301enje i isklju\u010divanje u slu\u010daju niskog nivoa ulja. Generator ima dva velika to\u010dka i ru\u010dku na \u0161arkama za mobilnost, \u0161to ga \u010dini lakim za transport sa mesta na mesto.<\/div>\n<\/div>\n<\/div>\n<\/div>\n<\/div>\n","protected":false},"excerpt":{"rendered":"<ul>\n<li class=\" meta\">Sna\u017ean, robustan i \u010dist \u010detvorotaktni motor<\/li>\n<li class=\" meta\">Dva potro\u0161a\u010da od 230 V ili jedan od 400 V mogu da se snabdevaju strujom<\/li>\n<li class=\" meta\">Dva velika to\u010dka i zglobna ru\u010dka za lak\u0161i transport<\/li>\n<li class=\" meta\">Veliki rezervoar od 25 litara sa indikatorom nivoa napunjenosti za kontinuirani rad<\/li>\n<li class=\" meta\">Prekida\u010d za preoptere\u0107enje i nizak nivo ulja, kao i funkcija AVR<\/li>\n<li class=\"-marked meta\">Jednostavano elektri\u010dno pokretanje (dolazi sa baterijom za startovanje)<\/li>\n<\/ul>\n","protected":false},"featured_media":11471,"comment_status":"open","ping_status":"closed","template":"","meta":{"inline_featured_image":false},"product_brand":[],"product_cat":[263],"product_tag":[],"class_list":{"0":"post-11468","1":"product","2":"type-product","3":"status-publish","4":"has-post-thumbnail","6":"product_cat-agregati","8":"first","9":"instock","10":"sale","11":"shipping-taxable","12":"purchasable","13":"product-type-simple"},"_links":{"self":[{"href":"https:\/\/tehnikabacko.rs\/index.php\/wp-json\/wp\/v2\/product\/11468","targetHints":{"allow":["GET"]}}],"collection":[{"href":"https:\/\/tehnikabacko.rs\/index.php\/wp-json\/wp\/v2\/product"}],"about":[{"href":"https:\/\/tehnikabacko.rs\/index.php\/wp-json\/wp\/v2\/types\/product"}],"replies":[{"embeddable":true,"href":"https:\/\/tehnikabacko.rs\/index.php\/wp-json\/wp\/v2\/comments?post=11468"}],"wp:featuredmedia":[{"embeddable":true,"href":"https:\/\/tehnikabacko.rs\/index.php\/wp-json\/wp\/v2\/media\/11471"}],"wp:attachment":[{"href":"https:\/\/tehnikabacko.rs\/index.php\/wp-json\/wp\/v2\/media?parent=11468"}],"wp:term":[{"taxonomy":"product_brand","embeddable":true,"href":"https:\/\/tehnikabacko.rs\/index.php\/wp-json\/wp\/v2\/product_brand?post=11468"},{"taxonomy":"product_cat","embeddable":true,"href":"https:\/\/tehnikabacko.rs\/index.php\/wp-json\/wp\/v2\/product_cat?post=11468"},{"taxonomy":"product_tag","embeddable":true,"href":"https:\/\/tehnikabacko.rs\/index.php\/wp-json\/wp\/v2\/product_tag?post=11468"}],"curies":[{"name":"wp","href":"https:\/\/api.w.org\/{rel}","templated":true}]}}