{"id":11438,"date":"2025-11-07T14:21:36","date_gmt":"2025-11-07T14:21:36","guid":{"rendered":"https:\/\/tehnikabacko.rs\/?post_type=product&#038;p=11438"},"modified":"2025-11-07T14:21:36","modified_gmt":"2025-11-07T14:21:36","slug":"elektricna-dizalica-kzubr-kpa-1200","status":"publish","type":"product","link":"https:\/\/tehnikabacko.rs\/index.php\/product\/elektricna-dizalica-kzubr-kpa-1200\/","title":{"rendered":"Elektri\u010dna dizalica Kzubr KPA-1200"},"content":{"rendered":"<p data-start=\"755\" data-end=\"787\">Tehni\u010dke karakteristike:<\/p>\n<ul data-start=\"789\" data-end=\"1979\">\n<li data-start=\"789\" data-end=\"835\">Kapacitet podizanja: 1200 kg<\/li>\n<li data-start=\"836\" data-end=\"942\">Napajanje: Elektri\u010dna energija, 220V<\/li>\n<li data-start=\"943\" data-end=\"1020\">Visina podizanja: Do 12 metara<\/li>\n<li data-start=\"1021\" data-end=\"1104\">Brzina podizanja: Izme\u0111u 8-12 metara u minuti, u zavisnosti od modela.<\/li>\n<li data-start=\"1105\" data-end=\"1179\">Pogon: Elektri\u010dni motor sa za\u0161titom od preoptere\u0107enja i pregrevanja.<\/li>\n<li data-start=\"1180\" data-end=\"1647\">Sigurnosne karakteristike:\n<ul data-start=\"1215\" data-end=\"1647\">\n<li data-start=\"1215\" data-end=\"1333\">Za\u0161tita od pregrevanja: Dizalica je opremljena automatskom za\u0161titom koja isklju\u010duje motor u slu\u010daju pregrevanja.<\/li>\n<li data-start=\"1336\" data-end=\"1411\">Ko\u010dnice: Ugra\u0111ene ko\u010dnice za sigurno zaustavljanje podignutog tereta.<\/li>\n<li data-start=\"1414\" data-end=\"1550\">Za\u0161tita od preoptere\u0107enja: Dizalica se automatski isklju\u010duje ili smanjuje snagu u slu\u010daju kada teret prema\u0161i dozvoljeni kapacitet.<\/li>\n<li data-start=\"1553\" data-end=\"1647\">Sigurnosni sistem: Sistemi koji spre\u010davaju padanje tereta u slu\u010daju prestanka napajanja.<\/li>\n<\/ul>\n<\/li>\n<\/ul>\n","protected":false},"excerpt":{"rendered":"<p><strong data-start=\"431\" data-end=\"449\">KPA-1200<\/strong>\u00a0je elektri\u010dna dizalica koja omogu\u0107ava podizanje tereta do\u00a0<strong data-start=\"508\" data-end=\"519\">1200 kg<\/strong>\u00a0(1.2 tona). S obzirom na visok kapacitet podizanja, dizalica je pogodna za rad u te\u0161kim uslovima i \u010desto se koristi na gradili\u0161tima, u industrijskim radionicama, skladi\u0161tima, kao i u drugim komercijalnim i industrijskim aplikacijama.<\/p>\n","protected":false},"featured_media":11439,"comment_status":"open","ping_status":"closed","template":"","meta":{"inline_featured_image":false},"product_brand":[],"product_cat":[350],"product_tag":[],"class_list":{"0":"post-11438","1":"product","2":"type-product","3":"status-publish","4":"has-post-thumbnail","6":"product_cat-dizalice","8":"first","9":"instock","10":"sale","11":"shipping-taxable","12":"purchasable","13":"product-type-simple"},"_links":{"self":[{"href":"https:\/\/tehnikabacko.rs\/index.php\/wp-json\/wp\/v2\/product\/11438","targetHints":{"allow":["GET"]}}],"collection":[{"href":"https:\/\/tehnikabacko.rs\/index.php\/wp-json\/wp\/v2\/product"}],"about":[{"href":"https:\/\/tehnikabacko.rs\/index.php\/wp-json\/wp\/v2\/types\/product"}],"replies":[{"embeddable":true,"href":"https:\/\/tehnikabacko.rs\/index.php\/wp-json\/wp\/v2\/comments?post=11438"}],"wp:featuredmedia":[{"embeddable":true,"href":"https:\/\/tehnikabacko.rs\/index.php\/wp-json\/wp\/v2\/media\/11439"}],"wp:attachment":[{"href":"https:\/\/tehnikabacko.rs\/index.php\/wp-json\/wp\/v2\/media?parent=11438"}],"wp:term":[{"taxonomy":"product_brand","embeddable":true,"href":"https:\/\/tehnikabacko.rs\/index.php\/wp-json\/wp\/v2\/product_brand?post=11438"},{"taxonomy":"product_cat","embeddable":true,"href":"https:\/\/tehnikabacko.rs\/index.php\/wp-json\/wp\/v2\/product_cat?post=11438"},{"taxonomy":"product_tag","embeddable":true,"href":"https:\/\/tehnikabacko.rs\/index.php\/wp-json\/wp\/v2\/product_tag?post=11438"}],"curies":[{"name":"wp","href":"https:\/\/api.w.org\/{rel}","templated":true}]}}