{"id":11420,"date":"2025-11-01T11:33:10","date_gmt":"2025-11-01T11:33:10","guid":{"rendered":"https:\/\/tehnikabacko.rs\/?post_type=product&#038;p=11420"},"modified":"2025-11-01T11:33:10","modified_gmt":"2025-11-01T11:33:10","slug":"aparat-za-vakumiranje-status-homevac-hv500","status":"publish","type":"product","link":"https:\/\/tehnikabacko.rs\/index.php\/product\/aparat-za-vakumiranje-status-homevac-hv500\/","title":{"rendered":"Aparat za vakumiranje Status Homevac HV500"},"content":{"rendered":"<h3><strong>Status Home Aparat za vakumiranje HV 500: Efikasnost i prakti\u010dnost<\/strong><\/h3>\n<p>Status Home HV 500 predstavlja idealno re\u0161enje za doma\u0107instva koja te\u017ee ka efikasnom \u010duvanju hrane. Ovaj aparat za vakumiranje kombinuje napredne tehnolo\u0161ke karakteristike s prakti\u010dno\u0161\u0107u, osiguravaju\u0107i da namirnice ostanu sve\u017ee i za\u0161ti\u0107ene od faktora koji doprinose kvarenju.<\/p>\n<h3><strong>Visoka funkcionalnost za savremene potrebe<\/strong><\/h3>\n<p>HV 500 je opremljen sna\u017enom vakuum pumpom koja precizno uklanja vazduh iz vakuum kesa, minimiziraju\u0107i rizik od oksidacije i produ\u017eavaju\u0107i sve\u017einu hrane. Ure\u0111aj nudi opcije za vakumiranje kako suvih tako i mokrih namirnica, \u010dine\u0107i ga svestranim izborom za razli\u010dite tipove hrane, od suhih \u017eitarica do mariniranih mesa i so\u010dnog vo\u0107a.<\/p>\n<h3><strong>Kompaktan dizajn i jednostavnost kori\u0161\u0107enja<\/strong><\/h3>\n<p>Status Home HV 500 odlikuje se kompaktnim dizajnom koji je idealan za manje kuhinje ili za skladi\u0161tenje kada nije u upotrebi. Intuitivni kontrolni panel sa jasno ozna\u010denim dugmadima i digitalnim displejem olak\u0161ava navigaciju i prilago\u0111avanje razli\u010ditim potrebama vakumiranja. Transparentni poklopac omogu\u0107ava korisnicima da precizno postave kese i nadgledaju proces vakumiranja.<\/p>\n","protected":false},"excerpt":{"rendered":"<ul>\n<li>Aktivirajte ure\u0111aj tako \u0161to \u0107ete ga uklju\u010diti u elektri\u010dnu mre\u017eu<\/li>\n<li>Prvo napravite kesu od folije u rolni<\/li>\n<li>Isecite odgovaraju\u0107u du\u017einu i zavarite<\/li>\n<li>Ivicu kese postavite na traku za zavarivanje, zatvorite ure\u0111aj i pritisnite dugme Kuvanje<\/li>\n<li>Ubacite \u04bbranu u kesu, zatvorite ure\u0111aj i pritisnite Usisavanje kese.<\/li>\n<\/ul>\n","protected":false},"featured_media":11421,"comment_status":"open","ping_status":"closed","template":"","meta":{"inline_featured_image":false},"product_brand":[],"product_cat":[416,316],"product_tag":[],"class_list":{"0":"post-11420","1":"product","2":"type-product","3":"status-publish","4":"has-post-thumbnail","6":"product_cat-aparati-za-vakumiranje","7":"product_cat-vakumerke","9":"first","10":"instock","11":"sale","12":"shipping-taxable","13":"purchasable","14":"product-type-simple"},"_links":{"self":[{"href":"https:\/\/tehnikabacko.rs\/index.php\/wp-json\/wp\/v2\/product\/11420","targetHints":{"allow":["GET"]}}],"collection":[{"href":"https:\/\/tehnikabacko.rs\/index.php\/wp-json\/wp\/v2\/product"}],"about":[{"href":"https:\/\/tehnikabacko.rs\/index.php\/wp-json\/wp\/v2\/types\/product"}],"replies":[{"embeddable":true,"href":"https:\/\/tehnikabacko.rs\/index.php\/wp-json\/wp\/v2\/comments?post=11420"}],"wp:featuredmedia":[{"embeddable":true,"href":"https:\/\/tehnikabacko.rs\/index.php\/wp-json\/wp\/v2\/media\/11421"}],"wp:attachment":[{"href":"https:\/\/tehnikabacko.rs\/index.php\/wp-json\/wp\/v2\/media?parent=11420"}],"wp:term":[{"taxonomy":"product_brand","embeddable":true,"href":"https:\/\/tehnikabacko.rs\/index.php\/wp-json\/wp\/v2\/product_brand?post=11420"},{"taxonomy":"product_cat","embeddable":true,"href":"https:\/\/tehnikabacko.rs\/index.php\/wp-json\/wp\/v2\/product_cat?post=11420"},{"taxonomy":"product_tag","embeddable":true,"href":"https:\/\/tehnikabacko.rs\/index.php\/wp-json\/wp\/v2\/product_tag?post=11420"}],"curies":[{"name":"wp","href":"https:\/\/api.w.org\/{rel}","templated":true}]}}