{"id":11337,"date":"2025-10-16T13:01:09","date_gmt":"2025-10-16T13:01:09","guid":{"rendered":"https:\/\/tehnikabacko.rs\/?post_type=product&#038;p=11337"},"modified":"2025-10-16T13:01:09","modified_gmt":"2025-10-16T13:01:09","slug":"crna-zidna-grejalica-fs-6135","status":"publish","type":"product","link":"https:\/\/tehnikabacko.rs\/index.php\/product\/crna-zidna-grejalica-fs-6135\/","title":{"rendered":"Crna zidna grejalica FS-6135"},"content":{"rendered":"<p>2000W<\/p>\n<p>daljinski upravlja\u010d<\/p>\n<p>za\u0161tita protiv pregrevanja<\/p>\n<p>Digitalna<\/p>\n<p>Sa tajmerom<\/p>\n<p>Sa ventilatorom<\/p>\n<p>Za\u0161tita od pregrevanja<\/p>\n<p>Dve opcije grejanja 1000W i 2000W<\/p>\n<p>Dimenzije : 54x18x12.5 cm<\/p>\n<p>&nbsp;<\/p>\n","protected":false},"excerpt":{"rendered":"<p>Ova elegantna grejalica se diskretno montira na zid, \u0161tede\u0107i prostor, dok istovremeno pru\u017ea efikasno zagrevanje. Pomo\u0107u daljinskog upravlja\u010da lako kontroli\u0161ete temperaturu.<\/p>\n<p>U\u017eivajte u toplini koja ne naru\u0161ava estetiku va\u0161eg prostora \u2013 idealno re\u0161enje za svaki moderan dom !<\/p>\n","protected":false},"featured_media":11338,"comment_status":"open","ping_status":"closed","template":"","meta":{"inline_featured_image":false},"product_brand":[],"product_cat":[312,405],"product_tag":[],"class_list":{"0":"post-11337","1":"product","2":"type-product","3":"status-publish","4":"has-post-thumbnail","6":"product_cat-grejalice","7":"product_cat-nazidne-grejalice","9":"first","10":"instock","11":"sale","12":"shipping-taxable","13":"purchasable","14":"product-type-simple"},"_links":{"self":[{"href":"https:\/\/tehnikabacko.rs\/index.php\/wp-json\/wp\/v2\/product\/11337","targetHints":{"allow":["GET"]}}],"collection":[{"href":"https:\/\/tehnikabacko.rs\/index.php\/wp-json\/wp\/v2\/product"}],"about":[{"href":"https:\/\/tehnikabacko.rs\/index.php\/wp-json\/wp\/v2\/types\/product"}],"replies":[{"embeddable":true,"href":"https:\/\/tehnikabacko.rs\/index.php\/wp-json\/wp\/v2\/comments?post=11337"}],"wp:featuredmedia":[{"embeddable":true,"href":"https:\/\/tehnikabacko.rs\/index.php\/wp-json\/wp\/v2\/media\/11338"}],"wp:attachment":[{"href":"https:\/\/tehnikabacko.rs\/index.php\/wp-json\/wp\/v2\/media?parent=11337"}],"wp:term":[{"taxonomy":"product_brand","embeddable":true,"href":"https:\/\/tehnikabacko.rs\/index.php\/wp-json\/wp\/v2\/product_brand?post=11337"},{"taxonomy":"product_cat","embeddable":true,"href":"https:\/\/tehnikabacko.rs\/index.php\/wp-json\/wp\/v2\/product_cat?post=11337"},{"taxonomy":"product_tag","embeddable":true,"href":"https:\/\/tehnikabacko.rs\/index.php\/wp-json\/wp\/v2\/product_tag?post=11337"}],"curies":[{"name":"wp","href":"https:\/\/api.w.org\/{rel}","templated":true}]}}