{"id":11296,"date":"2025-10-06T11:57:33","date_gmt":"2025-10-06T11:57:33","guid":{"rendered":"https:\/\/tehnikabacko.rs\/?post_type=product&#038;p=11296"},"modified":"2025-10-06T11:57:33","modified_gmt":"2025-10-06T11:57:33","slug":"iskra-halogena-grejalica-1600w-hh09","status":"publish","type":"product","link":"https:\/\/tehnikabacko.rs\/index.php\/product\/iskra-halogena-grejalica-1600w-hh09\/","title":{"rendered":"ISKRA Halogena grejalica 1600W HH09"},"content":{"rendered":"<table id=\"prodspec\" class=\"table table-bordered table-hover table-striped\">\n<tbody>\n<tr>\n<td class=\"st\">Tip<\/td>\n<td class=\"sc\">Halogena grejalica<\/td>\n<\/tr>\n<tr>\n<td class=\"st\">Boja<\/td>\n<td class=\"sc\">Siva<\/td>\n<\/tr>\n<tr>\n<td class=\"st\">Snaga<\/td>\n<td class=\"sc\">400 \/ 800 \/ 1200 \/ 1600 W<\/td>\n<\/tr>\n<tr>\n<td class=\"st\">Opis<\/td>\n<td class=\"sc\">\n<div>Napajanje:220-240 V~ \/ 50-60 Hz<\/div>\n<div>Du\u017eina kabela: 1.5 m<\/div>\n<div>IP za\u0161tita: IP20<\/div>\n<div>Za\u0161tita od pregrevanja: Ne<\/div>\n<div>Za\u0161tita kod prevrtanja: Da<\/div>\n<div>Termostat: Ne<\/div>\n<div>Podesiva snaga: Da<\/div>\n<div>Tajmer: Ne<\/div>\n<div>Dodatne funkcije: Osciliraju\u0107i rad<\/div>\n<div>Daljinski upravlja\u010d: Ne<\/div>\n<div>Masa: 1 kg<\/div>\n<div>Dimenzije: 405(D) x 300(\u0160) x 560(V) mm<\/div>\n<\/td>\n<\/tr>\n<tr>\n<td class=\"st\">Zakonska saobraznost<\/td>\n<td class=\"sc\">Zakonska saobraznost 25 meseci (greja\u010d ne podle\u017ee garanciji)<\/td>\n<\/tr>\n<\/tbody>\n<\/table>\n<p><img fetchpriority=\"high\" decoding=\"async\" class=\"\" src=\"https:\/\/www.bigbang.rs\/upload\/b\/110924-iskra-halogena-grejalica-1600w-hh09.jpg\" alt=\"Image 1 of 1\" width=\"553\" height=\"415\" \/><\/p>\n","protected":false},"excerpt":{"rendered":"<p>Halogena grejalica 1600W HH09 Iskra &#8211; podna halogena grejalica.<\/p>\n<div>Opremljena sa 4 sna\u017ena greja\u010da, koji omogu\u0107avaju pode\u0161avanje \u017eeljene snage rada.\n<\/div>\n<div>Poseduje funkciju oscilacije u \u0161irokom luku, time osiguravaju\u0107i brzo i ravnomerno zagrevanje prostorije.\n<\/div>\n<div>Za\u0161tita pri prevrtanju i ku\u0107i\u0161te otporno na toplotu obezbe\u0111uju njeno sigurno kori\u0161tenje.<\/div>\n","protected":false},"featured_media":11297,"comment_status":"open","ping_status":"closed","template":"","meta":{"inline_featured_image":false},"product_brand":[],"product_cat":[312],"product_tag":[],"class_list":{"0":"post-11296","1":"product","2":"type-product","3":"status-publish","4":"has-post-thumbnail","6":"product_cat-grejalice","8":"first","9":"instock","10":"sale","11":"shipping-taxable","12":"purchasable","13":"product-type-simple"},"_links":{"self":[{"href":"https:\/\/tehnikabacko.rs\/index.php\/wp-json\/wp\/v2\/product\/11296","targetHints":{"allow":["GET"]}}],"collection":[{"href":"https:\/\/tehnikabacko.rs\/index.php\/wp-json\/wp\/v2\/product"}],"about":[{"href":"https:\/\/tehnikabacko.rs\/index.php\/wp-json\/wp\/v2\/types\/product"}],"replies":[{"embeddable":true,"href":"https:\/\/tehnikabacko.rs\/index.php\/wp-json\/wp\/v2\/comments?post=11296"}],"wp:featuredmedia":[{"embeddable":true,"href":"https:\/\/tehnikabacko.rs\/index.php\/wp-json\/wp\/v2\/media\/11297"}],"wp:attachment":[{"href":"https:\/\/tehnikabacko.rs\/index.php\/wp-json\/wp\/v2\/media?parent=11296"}],"wp:term":[{"taxonomy":"product_brand","embeddable":true,"href":"https:\/\/tehnikabacko.rs\/index.php\/wp-json\/wp\/v2\/product_brand?post=11296"},{"taxonomy":"product_cat","embeddable":true,"href":"https:\/\/tehnikabacko.rs\/index.php\/wp-json\/wp\/v2\/product_cat?post=11296"},{"taxonomy":"product_tag","embeddable":true,"href":"https:\/\/tehnikabacko.rs\/index.php\/wp-json\/wp\/v2\/product_tag?post=11296"}],"curies":[{"name":"wp","href":"https:\/\/api.w.org\/{rel}","templated":true}]}}