{"id":11292,"date":"2025-10-06T11:41:18","date_gmt":"2025-10-06T11:41:18","guid":{"rendered":"https:\/\/tehnikabacko.rs\/?post_type=product&#038;p=11292"},"modified":"2025-10-06T11:41:18","modified_gmt":"2025-10-06T11:41:18","slug":"prosto-grejalica-fh-a01","status":"publish","type":"product","link":"https:\/\/tehnikabacko.rs\/index.php\/product\/prosto-grejalica-fh-a01\/","title":{"rendered":"Prosto Grejalica FH-A01"},"content":{"rendered":"<table id=\"product-attribute-specs-table\" class=\"data table additional-attributes\">\n<caption class=\"table-caption\">More Information<\/caption>\n<tbody>\n<tr>\n<td class=\"col data\" data-th=\"Import Specifikacija\">\n<ul>\n<li>BojaBela<\/li>\n<li>Dimenzije26,5 cm x 21,5 cm x 13,5 cm<\/li>\n<li>ModelProsto FH-A01<\/li>\n<li>MaterijalPlastika<\/li>\n<li>Napajanje230 V \/ 50 Hz<\/li>\n<li>OstaloPovr\u0161ina grejne prostorije od 15 m\u00b2 do 20 m\u00b2 Nivo buke: &lt; 45 dB<\/li>\n<li>Za\u0161tita od pregrevanjaDa<\/li>\n<li>Snaga2000 W<\/li>\n<li>TermostatDa<\/li>\n<li>Te\u017eina0,9 kg<\/li>\n<li>TipKalorifer<\/li>\n<li>VentilatorDa<\/li>\n<li>UvoznikELEMENTA DOO SUBOTICA, ROAMING ELECTRONICS DOO BEOGRAD, GANAR RETAIL D.O.O., GANAR HOUSE DOO \u010cA\u010cAK<\/li>\n<li>Zemlja poreklaKina<\/li>\n<\/ul>\n<p><img fetchpriority=\"high\" decoding=\"async\" class=\"\" src=\"https:\/\/www.tehnomanija.rs\/media\/catalog\/product\/cache\/8b9255cfba01da396f2f934dc759f41d\/1\/1\/1121585_000000000001121585-main-webp-580-conversion-media-format_1.webp\" alt=\"Prosto Grejalica FH-A01\" width=\"440\" height=\"440\" \/><\/td>\n<\/tr>\n<\/tbody>\n<\/table>\n","protected":false},"excerpt":{"rendered":"<ul>\n<li>Kalorifer sa podesivom snagom do 2000 W<\/li>\n<li>Termostat omogu\u0107ava odr\u017eavanje optimalne temperature<\/li>\n<li>Povr\u0161ina grejne prostorije od 15 m\u00b2 do 20 m\u00b2<\/li>\n<li>Poseduje za\u0161titu od pregrevanja<\/li>\n<li>Masivno plasti\u010dno ku\u0107i\u0161te u beloj boji<\/li>\n<\/ul>\n","protected":false},"featured_media":11293,"comment_status":"open","ping_status":"closed","template":"","meta":{"inline_featured_image":false},"product_brand":[],"product_cat":[312],"product_tag":[],"class_list":{"0":"post-11292","1":"product","2":"type-product","3":"status-publish","4":"has-post-thumbnail","6":"product_cat-grejalice","8":"first","9":"instock","10":"sale","11":"shipping-taxable","12":"purchasable","13":"product-type-simple"},"_links":{"self":[{"href":"https:\/\/tehnikabacko.rs\/index.php\/wp-json\/wp\/v2\/product\/11292","targetHints":{"allow":["GET"]}}],"collection":[{"href":"https:\/\/tehnikabacko.rs\/index.php\/wp-json\/wp\/v2\/product"}],"about":[{"href":"https:\/\/tehnikabacko.rs\/index.php\/wp-json\/wp\/v2\/types\/product"}],"replies":[{"embeddable":true,"href":"https:\/\/tehnikabacko.rs\/index.php\/wp-json\/wp\/v2\/comments?post=11292"}],"wp:featuredmedia":[{"embeddable":true,"href":"https:\/\/tehnikabacko.rs\/index.php\/wp-json\/wp\/v2\/media\/11293"}],"wp:attachment":[{"href":"https:\/\/tehnikabacko.rs\/index.php\/wp-json\/wp\/v2\/media?parent=11292"}],"wp:term":[{"taxonomy":"product_brand","embeddable":true,"href":"https:\/\/tehnikabacko.rs\/index.php\/wp-json\/wp\/v2\/product_brand?post=11292"},{"taxonomy":"product_cat","embeddable":true,"href":"https:\/\/tehnikabacko.rs\/index.php\/wp-json\/wp\/v2\/product_cat?post=11292"},{"taxonomy":"product_tag","embeddable":true,"href":"https:\/\/tehnikabacko.rs\/index.php\/wp-json\/wp\/v2\/product_tag?post=11292"}],"curies":[{"name":"wp","href":"https:\/\/api.w.org\/{rel}","templated":true}]}}