{"id":11151,"date":"2025-08-06T13:40:59","date_gmt":"2025-08-06T13:40:59","guid":{"rendered":"https:\/\/tehnikabacko.rs\/?post_type=product&#038;p=11151"},"modified":"2025-10-22T13:32:04","modified_gmt":"2025-10-22T13:32:04","slug":"kzubr-elektricna-busilica-za-rusenje-kdh110-2000","status":"publish","type":"product","link":"https:\/\/tehnikabacko.rs\/index.php\/product\/kzubr-elektricna-busilica-za-rusenje-kdh110-2000\/","title":{"rendered":"KZUBR Elektri\u010dna Bu\u0161ilica Za Ru\u0161enje KDH110-2000"},"content":{"rendered":"<table id=\"prodspec\" class=\"table table-bordered table-hover table-striped\">\n<tbody>\n<tr>\n<td class=\"st\">Tip<\/td>\n<td class=\"sc\">Elektri\u010dna Bu\u0161ilica Za Ru\u0161enje<\/td>\n<\/tr>\n<tr>\n<td class=\"st\">Napajanje<\/td>\n<td class=\"sc\">Elektri\u010dna<\/td>\n<\/tr>\n<tr>\n<td class=\"st\">Karakteristike<\/td>\n<td class=\"sc\">Napon: 220V~230V<br \/>\nFrekvencija: 50\/60Hz<br \/>\nUlazna snaga: 2000W<br \/>\nJa\u010dina udarca:\u00a0<b>60 J<\/b><\/td>\n<\/tr>\n<tr>\n<td class=\"st\">Zakonska saobraznost<\/td>\n<td class=\"sc\">Zakonska saobraznost: 2 godine<\/td>\n<\/tr>\n<\/tbody>\n<\/table>\n<p>&nbsp;<\/p>\n<p><img decoding=\"async\" src=\"https:\/\/img.ep-cdn.com\/i\/500\/500\/no\/nomzpxsrdbglvqiytacf\/kzubr-elektricna-busilica-za-busenje-kdh110-2000-cene.jpg\" alt=\"Kzubr elektri\u010dna bu\u0161ilica za bu\u0161enje KDH110-2000 | ePonuda.com\" \/><\/p>\n","protected":false},"excerpt":{"rendered":"<p>Tip Elektri\u010dna Bu\u0161ilica Za Ru\u0161enje Napajanje Elektri\u010dna Karakteristike Napon: 220V~230V Frekvencija: 50\/60Hz Ulazna snaga: 2000W Ja\u010dina udarca:\u00a060 J Zakonska saobraznost Zakonska saobraznost: 2 godine &nbsp;<\/p>\n","protected":false},"featured_media":11356,"comment_status":"open","ping_status":"closed","template":"","meta":{"inline_featured_image":false},"product_brand":[],"product_cat":[148,298],"product_tag":[],"class_list":{"0":"post-11151","1":"product","2":"type-product","3":"status-publish","4":"has-post-thumbnail","6":"product_cat-alati","7":"product_cat-busilica","9":"first","10":"instock","11":"sale","12":"shipping-taxable","13":"purchasable","14":"product-type-simple"},"_links":{"self":[{"href":"https:\/\/tehnikabacko.rs\/index.php\/wp-json\/wp\/v2\/product\/11151","targetHints":{"allow":["GET"]}}],"collection":[{"href":"https:\/\/tehnikabacko.rs\/index.php\/wp-json\/wp\/v2\/product"}],"about":[{"href":"https:\/\/tehnikabacko.rs\/index.php\/wp-json\/wp\/v2\/types\/product"}],"replies":[{"embeddable":true,"href":"https:\/\/tehnikabacko.rs\/index.php\/wp-json\/wp\/v2\/comments?post=11151"}],"wp:featuredmedia":[{"embeddable":true,"href":"https:\/\/tehnikabacko.rs\/index.php\/wp-json\/wp\/v2\/media\/11356"}],"wp:attachment":[{"href":"https:\/\/tehnikabacko.rs\/index.php\/wp-json\/wp\/v2\/media?parent=11151"}],"wp:term":[{"taxonomy":"product_brand","embeddable":true,"href":"https:\/\/tehnikabacko.rs\/index.php\/wp-json\/wp\/v2\/product_brand?post=11151"},{"taxonomy":"product_cat","embeddable":true,"href":"https:\/\/tehnikabacko.rs\/index.php\/wp-json\/wp\/v2\/product_cat?post=11151"},{"taxonomy":"product_tag","embeddable":true,"href":"https:\/\/tehnikabacko.rs\/index.php\/wp-json\/wp\/v2\/product_tag?post=11151"}],"curies":[{"name":"wp","href":"https:\/\/api.w.org\/{rel}","templated":true}]}}