{"id":11147,"date":"2025-08-06T13:01:56","date_gmt":"2025-08-06T13:01:56","guid":{"rendered":"https:\/\/tehnikabacko.rs\/?post_type=product&#038;p=11147"},"modified":"2025-10-22T13:40:54","modified_gmt":"2025-10-22T13:40:54","slug":"kzubr-elektricna-masina-za-sivenje-dzakova-ksm9-2","status":"publish","type":"product","link":"https:\/\/tehnikabacko.rs\/index.php\/product\/kzubr-elektricna-masina-za-sivenje-dzakova-ksm9-2\/","title":{"rendered":"KZUBR Elektri\u010dna Ma\u0161ina Za \u0160ivenje dzakova KSM9-2"},"content":{"rendered":"<div class=\"h3\">Opis proizvoda KZUBR Elektri\u010dna Ma\u0161ina Za \u0160ivenje dzakova KSM9-2<\/div>\n<div class=\"accordion__content\">\n<div class=\"pt-lg-4 pe-lg-1\">\n<p>KZUBR\u00a0Elektri\u010dna Ma\u0161ina Za \u0160ivenje dzakova\u00a0 KSM9-2<\/p>\n<table id=\"prodspec\" class=\"table table-bordered table-hover table-striped\">\n<tbody>\n<tr>\n<td class=\"st\">Specifikacija<\/td>\n<td class=\"sc\">Napon: 220V~230V<br \/>\nFrekvencija: 50\/60Hz<br \/>\nUlazna snaga: 130W<br \/>\nBrzina bez optere\u0107enja: 800r\/min<br \/>\n\u0160av: 7-9mm<br \/>\nKonac: 21s\/12-18<br \/>\nZakonska saobraznost: 2 godine<\/td>\n<\/tr>\n<\/tbody>\n<\/table>\n<\/div>\n<p><img decoding=\"async\" src=\"https:\/\/slike.gradim.rs\/images\/kzubr-elektricna-masina-za-sivenje-dzakova-ksm9-2_47de.webp\" alt=\"Elektri\u010dna ma\u0161ina za \u0161ivenje d\u017eakova KSM9-2 KZUBR - Sve za gradnju i za va\u0161u ku\u0107u\" \/><\/p>\n<\/div>\n","protected":false},"excerpt":{"rendered":"<p>Opis proizvoda KZUBR Elektri\u010dna Ma\u0161ina Za \u0160ivenje dzakova KSM9-2 KZUBR\u00a0Elektri\u010dna Ma\u0161ina Za \u0160ivenje dzakova\u00a0 KSM9-2 Specifikacija Napon: 220V~230V Frekvencija: 50\/60Hz Ulazna snaga: 130W Brzina bez optere\u0107enja: 800r\/min \u0160av: 7-9mm Konac: 21s\/12-18 Zakonska saobraznost: 2 godine<\/p>\n","protected":false},"featured_media":11360,"comment_status":"open","ping_status":"closed","template":"","meta":{"inline_featured_image":false},"product_brand":[],"product_cat":[392],"product_tag":[],"class_list":{"0":"post-11147","1":"product","2":"type-product","3":"status-publish","4":"has-post-thumbnail","6":"product_cat-masina-za-sivenje-dzakova","8":"first","9":"instock","10":"sale","11":"shipping-taxable","12":"purchasable","13":"product-type-simple"},"_links":{"self":[{"href":"https:\/\/tehnikabacko.rs\/index.php\/wp-json\/wp\/v2\/product\/11147","targetHints":{"allow":["GET"]}}],"collection":[{"href":"https:\/\/tehnikabacko.rs\/index.php\/wp-json\/wp\/v2\/product"}],"about":[{"href":"https:\/\/tehnikabacko.rs\/index.php\/wp-json\/wp\/v2\/types\/product"}],"replies":[{"embeddable":true,"href":"https:\/\/tehnikabacko.rs\/index.php\/wp-json\/wp\/v2\/comments?post=11147"}],"wp:featuredmedia":[{"embeddable":true,"href":"https:\/\/tehnikabacko.rs\/index.php\/wp-json\/wp\/v2\/media\/11360"}],"wp:attachment":[{"href":"https:\/\/tehnikabacko.rs\/index.php\/wp-json\/wp\/v2\/media?parent=11147"}],"wp:term":[{"taxonomy":"product_brand","embeddable":true,"href":"https:\/\/tehnikabacko.rs\/index.php\/wp-json\/wp\/v2\/product_brand?post=11147"},{"taxonomy":"product_cat","embeddable":true,"href":"https:\/\/tehnikabacko.rs\/index.php\/wp-json\/wp\/v2\/product_cat?post=11147"},{"taxonomy":"product_tag","embeddable":true,"href":"https:\/\/tehnikabacko.rs\/index.php\/wp-json\/wp\/v2\/product_tag?post=11147"}],"curies":[{"name":"wp","href":"https:\/\/api.w.org\/{rel}","templated":true}]}}