{"id":11092,"date":"2025-07-23T13:06:10","date_gmt":"2025-07-23T13:06:10","guid":{"rendered":"https:\/\/tehnikabacko.rs\/?post_type=product&#038;p=11092"},"modified":"2025-07-23T13:06:10","modified_gmt":"2025-07-23T13:06:10","slug":"crhli20208-aku-hamer-22mm-2j-solo-super-ingco","status":"publish","type":"product","link":"https:\/\/tehnikabacko.rs\/index.php\/product\/crhli20208-aku-hamer-22mm-2j-solo-super-ingco\/","title":{"rendered":"CRHLI20208 AKU HAMER 22MM 2J SOLO SUPER INGCO"},"content":{"rendered":"<p><strong>Tehni\u010dke karakteristike proizvoda:<\/strong><\/p>\n<ul>\n<li>BL motor bez \u010detkica<\/li>\n<li>Brend: SUPER INGCO<\/li>\n<li>Model: CRHLI20208<\/li>\n<li>Snaga udara: 2J<\/li>\n<li>Brzina u praznom hodu: 1100 o\/min<\/li>\n<li>Broj re\u017eima: 4<\/li>\n<li>LED radno osvetljenje pru\u017ea dobar pregled radnog prostora<\/li>\n<li><strong>Bu\u0161enje<\/strong><\/li>\n<li>Maksimalni pre\u010dnik bu\u0161enja za beton: 22 mm<\/li>\n<li>Optimalno bu\u0161enje u betonu: 12mm<\/li>\n<li>Maksimalni pre\u010dnik bu\u0161enja za metal: 13 mm<\/li>\n<li>Maksimalni pre\u010dnik bu\u0161enja u drvetu: 28 mm<\/li>\n<li>Te\u017eina: 2,07 kg.<\/li>\n<\/ul>\n<p><strong>Obim isporuke proizvoda:<\/strong><\/p>\n<ul>\n<li>SUPER INGCO Akumulatorska \u010deki\u0107 bu\u0161ilica CRHLI20208 2J Solo<\/li>\n<li>Uputstvo za upotrebu proizvoda<\/li>\n<li>Kartonsko pakovanje<\/li>\n<li><strong>Bez baterije i punja\u010da<\/strong><\/li>\n<\/ul>\n","protected":false},"excerpt":{"rendered":"<p>Akumulatorska bu\u0161ilica BL 20V 2J bez baterije i punja\u010da SUPER INGCO CRHLI20208 INDUSTRIAL je namenjena za bu\u0161enje rupa u betonu, cigli i prirodnom kamenu, kao i za lake radove dletom.<br \/>\n\u010ceki\u0107 \u2013 bu\u0161ilica je lagana i ima nizak u\u010dinak vibracija, \u0161to zna\u010dajno smanjuje zamor rukovaoca i \u010dini rad sa alatom udobnim. Dizajn: 360\u00b0 rotirajuc\u0301a pomoc\u0301na ru\u010dka prekrivena gumom \u010dini je prakti\u010dnijom i udobnijom za upotrebu, sna\u017ean motor bez \u010detkica i SDS plus sistem stezne glave<br \/>\nSistem za\u0161tite baterije od preopterec\u0301enja, pregrevanja i dubokog pra\u017enjenja<br \/>\nFunkcija: dugme za pode\u0161avanje funkcije 4 u 1 (samo rotacija, samo \u010dekic\u0301, \u010dekic\u0301 sa rotacijom, pode\u0161avanje pravca dleta.<br \/>\nIntegrisano LED radno svetlo, funkcija napred\/nazad<\/p>\n","protected":false},"featured_media":11093,"comment_status":"open","ping_status":"closed","template":"","meta":{"inline_featured_image":false},"product_brand":[],"product_cat":[353],"product_tag":[],"class_list":{"0":"post-11092","1":"product","2":"type-product","3":"status-publish","4":"has-post-thumbnail","6":"product_cat-aku-hamer","8":"first","9":"instock","10":"sale","11":"shipping-taxable","12":"purchasable","13":"product-type-simple"},"_links":{"self":[{"href":"https:\/\/tehnikabacko.rs\/index.php\/wp-json\/wp\/v2\/product\/11092","targetHints":{"allow":["GET"]}}],"collection":[{"href":"https:\/\/tehnikabacko.rs\/index.php\/wp-json\/wp\/v2\/product"}],"about":[{"href":"https:\/\/tehnikabacko.rs\/index.php\/wp-json\/wp\/v2\/types\/product"}],"replies":[{"embeddable":true,"href":"https:\/\/tehnikabacko.rs\/index.php\/wp-json\/wp\/v2\/comments?post=11092"}],"wp:featuredmedia":[{"embeddable":true,"href":"https:\/\/tehnikabacko.rs\/index.php\/wp-json\/wp\/v2\/media\/11093"}],"wp:attachment":[{"href":"https:\/\/tehnikabacko.rs\/index.php\/wp-json\/wp\/v2\/media?parent=11092"}],"wp:term":[{"taxonomy":"product_brand","embeddable":true,"href":"https:\/\/tehnikabacko.rs\/index.php\/wp-json\/wp\/v2\/product_brand?post=11092"},{"taxonomy":"product_cat","embeddable":true,"href":"https:\/\/tehnikabacko.rs\/index.php\/wp-json\/wp\/v2\/product_cat?post=11092"},{"taxonomy":"product_tag","embeddable":true,"href":"https:\/\/tehnikabacko.rs\/index.php\/wp-json\/wp\/v2\/product_tag?post=11092"}],"curies":[{"name":"wp","href":"https:\/\/api.w.org\/{rel}","templated":true}]}}