{"id":11078,"date":"2025-07-23T10:41:16","date_gmt":"2025-07-23T10:41:16","guid":{"rendered":"https:\/\/tehnikabacko.rs\/?post_type=product&#038;p=11078"},"modified":"2025-07-23T10:41:16","modified_gmt":"2025-07-23T10:41:16","slug":"muhler-termomax-tx57fs-slavina-sa-grejacem-montaza-iz-zida","status":"publish","type":"product","link":"https:\/\/tehnikabacko.rs\/index.php\/product\/muhler-termomax-tx57fs-slavina-sa-grejacem-montaza-iz-zida\/","title":{"rendered":"MUHLER Termomax TX57FS &#8211; Slavina sa grejacem (montaza iz zida)"},"content":{"rendered":"<table id=\"prodspec\" class=\"table table-bordered table-hover table-striped\" style=\"height: 402px\" width=\"585\">\n<tbody>\n<tr>\n<td class=\"st\">Tip<\/td>\n<td class=\"sc\">Slavina sa greja\u010dem crna Termomax Muhler TX57FS<\/td>\n<\/tr>\n<tr>\n<td class=\"st\">Karakteristike<\/td>\n<td class=\"sc\">Sa snagom od 3000-3600W, ova slavina obezbe\u0111uje toplu vodu u svega nekoliko sekundi, na temperaturama od 30\u00b0C do 60\u00b0C, uz zna\u010dajnu u\u0161tedu energije.Dizajnirana je da funkcioni\u0161e \u010dak i pri niskom pritisku vode (0.04Mpa-0.5Mpa), \u0161to je \u010dini pogodnom za razli\u010dite instalacije. Fleksibilno silikonsko crevo omogu\u0107ava lak\u0161e kori\u0161\u0107enje, dok trep\u0107u\u0107i indikator rada pru\u017ea dodatnu preglednost.Slavina sa greja\u010dem crna Termomax Muhler je idealna za prostorije sa temperaturom iznad 0\u00b0C, a klasa za\u0161tite IPX4 daje sigurnost i pouzdanost u svim uslovima. Montira se direktno na zid, pru\u017eaju\u0107i moderan i funkcionalan dodatak va\u0161em domu.<\/p>\n<div>Snaga:3000-3600W,<\/div>\n<div>Napon:220-240V\/50-60Hz<\/div>\n<div>Topla voda dostupna za nekoliko sekundi (temperatura 30-60\u00b0 C)<\/div>\n<div>Model koji radi sa niskim pritiskom vode (0.04Mpa-0.5Mpa)<\/div>\n<div>Instaliranje u prostorijama sa okolnom temperaturom iznad 0\u00b0 C<\/div>\n<div>Klasa zastite : IPX4<\/div>\n<div>Flexibilno silikonsko crevo<\/div>\n<div>Indikator rada<\/div>\n<div>Monta\u017ea iz zida<\/div>\n<\/td>\n<\/tr>\n<tr>\n<td class=\"st\">Boja<\/td>\n<td class=\"sc\">Crna<\/td>\n<\/tr>\n<tr>\n<td class=\"st\">Zakonska saobraznost<\/td>\n<td class=\"sc\">2 godine<\/td>\n<\/tr>\n<\/tbody>\n<\/table>\n<p><img fetchpriority=\"high\" decoding=\"async\" class=\"\" src=\"https:\/\/www.bigbang.rs\/upload\/b\/276133-muhler-termomax-tx57fs-slavina-sa-grejacem-montaza-iz-zida-.jpg\" alt=\"Image 1 of 1\" width=\"599\" height=\"449\" \/><\/p>\n","protected":false},"excerpt":{"rendered":"<p>Sa snagom od 3000-3600W, ova slavina obezbe\u0111uje toplu vodu u svega nekoliko sekundi, na temperaturama od 30\u00b0C do 60\u00b0C, uz zna\u010dajnu u\u0161tedu energije.Dizajnirana je da funkcioni\u0161e \u010dak i pri niskom pritisku vode (0.04Mpa-0.5Mpa), \u0161to je \u010dini pogodnom za razli\u010dite instalacije.<\/p>\n","protected":false},"featured_media":11079,"comment_status":"open","ping_status":"closed","template":"","meta":{"inline_featured_image":false},"product_brand":[],"product_cat":[368],"product_tag":[],"class_list":{"0":"post-11078","1":"product","2":"type-product","3":"status-publish","4":"has-post-thumbnail","6":"product_cat-slavine","8":"first","9":"instock","10":"sale","11":"shipping-taxable","12":"purchasable","13":"product-type-simple"},"_links":{"self":[{"href":"https:\/\/tehnikabacko.rs\/index.php\/wp-json\/wp\/v2\/product\/11078","targetHints":{"allow":["GET"]}}],"collection":[{"href":"https:\/\/tehnikabacko.rs\/index.php\/wp-json\/wp\/v2\/product"}],"about":[{"href":"https:\/\/tehnikabacko.rs\/index.php\/wp-json\/wp\/v2\/types\/product"}],"replies":[{"embeddable":true,"href":"https:\/\/tehnikabacko.rs\/index.php\/wp-json\/wp\/v2\/comments?post=11078"}],"wp:featuredmedia":[{"embeddable":true,"href":"https:\/\/tehnikabacko.rs\/index.php\/wp-json\/wp\/v2\/media\/11079"}],"wp:attachment":[{"href":"https:\/\/tehnikabacko.rs\/index.php\/wp-json\/wp\/v2\/media?parent=11078"}],"wp:term":[{"taxonomy":"product_brand","embeddable":true,"href":"https:\/\/tehnikabacko.rs\/index.php\/wp-json\/wp\/v2\/product_brand?post=11078"},{"taxonomy":"product_cat","embeddable":true,"href":"https:\/\/tehnikabacko.rs\/index.php\/wp-json\/wp\/v2\/product_cat?post=11078"},{"taxonomy":"product_tag","embeddable":true,"href":"https:\/\/tehnikabacko.rs\/index.php\/wp-json\/wp\/v2\/product_tag?post=11078"}],"curies":[{"name":"wp","href":"https:\/\/api.w.org\/{rel}","templated":true}]}}