{"id":11074,"date":"2025-07-21T13:48:22","date_gmt":"2025-07-21T13:48:22","guid":{"rendered":"https:\/\/tehnikabacko.rs\/?post_type=product&#038;p=11074"},"modified":"2025-07-21T13:48:22","modified_gmt":"2025-07-21T13:48:22","slug":"vhw-155-perac","status":"publish","type":"product","link":"https:\/\/tehnikabacko.rs\/index.php\/product\/vhw-155-perac\/","title":{"rendered":"VHW 155 pera\u010d"},"content":{"rendered":"<table class=\"table\">\n<thead class=\"thead-dark\">\n<tr>\n<th colspan=\"2\">\n<div class=\"d-flex align-items-center\"><span class=\"h5 mb-0 text-light\">Karakteristike<\/span><\/div>\n<\/th>\n<\/tr>\n<\/thead>\n<tbody>\n<tr>\n<td>Kategorija<\/td>\n<td><strong>Pera\u010di<\/strong><\/td>\n<\/tr>\n<tr>\n<td>Tip motora<\/td>\n<td><strong>Indukcioni elektromotor<\/strong><\/td>\n<\/tr>\n<tr>\n<td>Radni napon<\/td>\n<td><strong>230 V ~ 50 Hz<\/strong><\/td>\n<\/tr>\n<tr>\n<td>Namena<\/td>\n<td><strong>Polu-profesionalni pera\u010d<\/strong><\/td>\n<\/tr>\n<tr>\n<td>Priklju\u010dna snaga<\/td>\n<td><strong>3200 W<\/strong><\/td>\n<\/tr>\n<tr>\n<td>Radni pritisak<\/td>\n<td><strong>150 bar<\/strong><\/td>\n<\/tr>\n<tr>\n<td>Tip pumpe<\/td>\n<td><strong>Aluminijumska sa mesinganom glavom<\/strong><\/td>\n<\/tr>\n<tr>\n<td>Maks. pritisak<\/td>\n<td><strong>225 bar<\/strong><\/td>\n<\/tr>\n<tr>\n<td>Maks. protok<\/td>\n<td><strong>540 l\/h<\/strong><\/td>\n<\/tr>\n<tr>\n<td>Maks. temperatura vode<\/td>\n<td><strong>50\u00b0C<\/strong><\/td>\n<\/tr>\n<tr>\n<td>Du\u017eina creva<\/td>\n<td><strong>10 m<\/strong><\/td>\n<\/tr>\n<tr>\n<td>Du\u017eina kabla<\/td>\n<td><strong>5 m<\/strong><\/td>\n<\/tr>\n<tr>\n<td>Masa<\/td>\n<td><strong>26 kg<\/strong><\/td>\n<\/tr>\n<tr>\n<td>Linija proizvoda<\/td>\n<td><strong>Orange edition<\/strong><\/td>\n<\/tr>\n<\/tbody>\n<\/table>\n<p><img fetchpriority=\"high\" decoding=\"async\" class=\"\" src=\"https:\/\/www.villager.rs\/images\/vhw155.jpg\" width=\"509\" height=\"339\" \/><\/p>\n","protected":false},"excerpt":{"rendered":"<p>VHW 155 pripada V3 klasi i predstavlja polu-profesionalni pera\u010d pod pritskom. Sadr\u017ei set od 5 mlaznica za razli\u010dite radne zadatke. Robustni dizajn ma\u0161ine sa odgovaraju\u0107om opremom optimizovan i omogu\u0107uje komfornost u radu. Komercijalna<br \/>\nvozila, terase, dvori\u0161ta su idealni objekti za pranje. Glavna odlika je velika snaga motora od 3.2 kW.<\/p>\n","protected":false},"featured_media":11075,"comment_status":"open","ping_status":"closed","template":"","meta":{"inline_featured_image":false},"product_brand":[],"product_cat":[289],"product_tag":[],"class_list":{"0":"post-11074","1":"product","2":"type-product","3":"status-publish","4":"has-post-thumbnail","6":"product_cat-perac-pod-pritiskom","8":"first","9":"instock","10":"sale","11":"shipping-taxable","12":"purchasable","13":"product-type-simple"},"_links":{"self":[{"href":"https:\/\/tehnikabacko.rs\/index.php\/wp-json\/wp\/v2\/product\/11074","targetHints":{"allow":["GET"]}}],"collection":[{"href":"https:\/\/tehnikabacko.rs\/index.php\/wp-json\/wp\/v2\/product"}],"about":[{"href":"https:\/\/tehnikabacko.rs\/index.php\/wp-json\/wp\/v2\/types\/product"}],"replies":[{"embeddable":true,"href":"https:\/\/tehnikabacko.rs\/index.php\/wp-json\/wp\/v2\/comments?post=11074"}],"wp:featuredmedia":[{"embeddable":true,"href":"https:\/\/tehnikabacko.rs\/index.php\/wp-json\/wp\/v2\/media\/11075"}],"wp:attachment":[{"href":"https:\/\/tehnikabacko.rs\/index.php\/wp-json\/wp\/v2\/media?parent=11074"}],"wp:term":[{"taxonomy":"product_brand","embeddable":true,"href":"https:\/\/tehnikabacko.rs\/index.php\/wp-json\/wp\/v2\/product_brand?post=11074"},{"taxonomy":"product_cat","embeddable":true,"href":"https:\/\/tehnikabacko.rs\/index.php\/wp-json\/wp\/v2\/product_cat?post=11074"},{"taxonomy":"product_tag","embeddable":true,"href":"https:\/\/tehnikabacko.rs\/index.php\/wp-json\/wp\/v2\/product_tag?post=11074"}],"curies":[{"name":"wp","href":"https:\/\/api.w.org\/{rel}","templated":true}]}}