{"id":11052,"date":"2025-07-16T16:23:44","date_gmt":"2025-07-16T16:23:44","guid":{"rendered":"https:\/\/tehnikabacko.rs\/?post_type=product&#038;p=11052"},"modified":"2025-07-16T16:23:44","modified_gmt":"2025-07-16T16:23:44","slug":"einhell-agillo-premium-36-255-2x-40-ah-aku-trimer-za-travu","status":"publish","type":"product","link":"https:\/\/tehnikabacko.rs\/index.php\/product\/einhell-agillo-premium-36-255-2x-40-ah-aku-trimer-za-travu\/","title":{"rendered":"EINHELL Agillo Premium 36\/255 2x 4,0 Ah aku trimer za travu"},"content":{"rendered":"<div class=\"attributes mb-3\">\n<div class=\"pt-4 row mx-0 px-0\">\n<div class=\"col-12 bg-white mb-3 border-radius-5\">\n<h4 class=\"px-2 pb-2 pt-3\">Dizajn i materijali<\/h4>\n<div class=\"row mx-0 px-0 pb-3\">\n<div class=\"attribute_wrap py-2 d-flex col-12 col-lg-6\">\n<div class=\"attribute_name text-gray\">Boja<\/div>\n<div class=\"pl-5 \">\n<div>Crvena<\/div>\n<\/div>\n<div class=\"text-gray\">\n<div class=\"attribute_name_info pl-4 pt-1\"><\/div>\n<\/div>\n<\/div>\n<\/div>\n<\/div>\n<div class=\"col-12 bg-white mb-3 border-radius-5\">\n<h4 class=\"px-2 pb-2 pt-3\">Oprema, elementi i sastavni delovi<\/h4>\n<div class=\"row mx-0 px-0 pb-3\">\n<div class=\"attribute_wrap py-2 d-flex col-12 col-lg-12\">\n<div class=\"attribute_name text-gray\">Sadr\u017eaj pakovanja<\/div>\n<div class=\"pl-5 attribute_text\">\n<div>\n<div class=\"prewrap-text\">Agillo 36\/255 2x baterija 4.0 Ah 2x Punja\u010d<\/div>\n<\/div>\n<\/div>\n<div class=\"text-gray\">\n<div class=\"attribute_name_info pl-4 pt-1\"><\/div>\n<\/div>\n<\/div>\n<\/div>\n<\/div>\n<div class=\"col-12 bg-white mb-3 border-radius-5\">\n<h4 class=\"px-2 pb-2 pt-3\">Te\u017eina i dimenzije<\/h4>\n<div class=\"row mx-0 px-0 pb-3\">\n<div class=\"attribute_wrap py-2 d-flex col-12 col-lg-6\">\n<div class=\"attribute_name text-gray\">Te\u017eina<\/div>\n<div class=\"pl-5 \">\n<div>6,09<span class=\"pl-2\">kg<\/span><\/div>\n<\/div>\n<div class=\"text-gray\">\n<div class=\"attribute_name_info pl-4 pt-1\"><\/div>\n<\/div>\n<\/div>\n<\/div>\n<\/div>\n<div class=\"col-12 bg-white mb-3 border-radius-5\">\n<h4 class=\"px-2 pb-2 pt-3\">Vrsta i karakteristike<\/h4>\n<div class=\"row mx-0 px-0 pb-3\">\n<div class=\"attribute_wrap py-2 d-flex col-12 col-lg-6\">\n<div class=\"attribute_name text-gray\">Tip<\/div>\n<div class=\"pl-5 \">\n<div>Akumulatorski trimer<\/div>\n<\/div>\n<div class=\"text-gray\">\n<div class=\"attribute_name_info pl-4 pt-1\"><\/div>\n<\/div>\n<\/div>\n<div class=\"attribute_wrap py-2 d-flex col-12 col-lg-6\">\n<div class=\"attribute_name text-gray\">Tip motora<\/div>\n<div class=\"pl-5 \">\n<div>Elektri\u010dni<\/div>\n<\/div>\n<\/div>\n<div class=\"attribute_wrap py-2 d-flex col-12 col-lg-6\">\n<div class=\"attribute_name text-gray\">Tip vratila<\/div>\n<div class=\"pl-5 \">\n<div>Modularno<\/div>\n<\/div>\n<\/div>\n<div class=\"attribute_wrap py-2 d-flex col-12 col-lg-6\">\n<div class=\"attribute_name text-gray\">Tip ru\u010dke<\/div>\n<div class=\"pl-5 \">\n<div>U-tip<\/div>\n<\/div>\n<\/div>\n<\/div>\n<\/div>\n<\/div>\n<\/div>\n<div class=\"attributes mb-3\">\n<div class=\"pt-4 row mx-0 px-0\">\n<h3 class=\"col-12 pl-2 px-0 font-weight-bold pb-3\">Tehni\u010dke karakteristike<\/h3>\n<div class=\"col-12 bg-white mb-3 border-radius-5\">\n<h4 class=\"px-2 pb-2 pt-3\">Performanse i tehni\u010dke informacije<\/h4>\n<div class=\"row mx-0 px-0 pb-3\">\n<div class=\"attribute_wrap py-2 d-flex col-12 col-lg-6\">\n<div class=\"attribute_name text-gray\">Broj obrtaja<\/div>\n<div class=\"pl-5 \">\n<div>6300<span class=\"pl-2\">o\/min<\/span><\/div>\n<\/div>\n<\/div>\n<div class=\"attribute_wrap py-2 d-flex col-12 col-lg-6\">\n<div class=\"attribute_name text-gray\">Sistem se\u010denja<\/div>\n<div class=\"pl-5 \">\n<div>No\u017e<\/div>\n<div>Najlon<\/div>\n<\/div>\n<\/div>\n<div class=\"attribute_wrap py-2 d-flex col-12 col-lg-6\">\n<div class=\"attribute_name text-gray\">\u0160irina se\u010denja no\u017ea<\/div>\n<div class=\"pl-5 \">\n<div>25,5<span class=\"pl-2\">cm<\/span><\/div>\n<\/div>\n<\/div>\n<div class=\"attribute_wrap py-2 d-flex col-12 col-lg-6\">\n<div class=\"attribute_name text-gray\">\u0160irina se\u010denja najlona<\/div>\n<div class=\"pl-5 \">\n<div>30<span class=\"pl-2\">cm<\/span><\/div>\n<\/div>\n<\/div>\n<div class=\"attribute_wrap py-2 d-flex col-12 col-lg-12\">\n<div class=\"attribute_name text-gray other\">Ostalo<\/div>\n<div class=\"pl-5 attribute_text\">\n<div>\n<div class=\"prewrap-text\">Akumulatorski trimer Einhell Agillo omogu\u0107ava efikasno ko\u0161enje u dvori\u0161tu uz visoku udobnost pri radu. Idealan je za zahtevne terene, nagibe i ivice, a zahvaljuju\u0107i radu na baterije, ne zahteva priklju\u010divanje na struju. Opremljen motorom bez \u010detkica, pru\u017ea sna\u017ean i pouzdan rad. Univerzalno podesiva ru\u010dka omogu\u0107ava sigurno upravljanje sa obe ruke, dok se brzina reguli\u0161e elektronski. Se\u010divo sa tri zuba lako se\u010de kroz gustu vegetaciju, a sistem za blokadu osovine omogu\u0107ava jednostavnu zamenu no\u017eeva. Deljiva osovina olak\u0161ava transport i skladi\u0161tenje.<\/div>\n<\/div>\n<\/div>\n<\/div>\n<\/div>\n<\/div>\n<div class=\"col-12 bg-white mb-3 border-radius-5\">\n<h4 class=\"px-2 pb-2 pt-3\">Baterija<\/h4>\n<div class=\"row mx-0 px-0 pb-3\">\n<div class=\"attribute_wrap py-2 d-flex col-12 col-lg-6\">\n<div class=\"attribute_name text-gray\">Vrsta baterije<\/div>\n<div class=\"pl-5 \">\n<div>Li-Ion<\/div>\n<\/div>\n<div class=\"text-gray\">\n<div class=\"attribute_name_info pl-4 pt-1\"><\/div>\n<\/div>\n<\/div>\n<div class=\"attribute_wrap py-2 d-flex col-12 col-lg-6\">\n<div class=\"attribute_name text-gray\">Kapacitet baterije<\/div>\n<div class=\"pl-5 \">\n<div>4.000<span class=\"pl-2\">mAh<\/span><\/div>\n<div><\/div>\n<\/div>\n<div class=\"text-gray\">\n<div class=\"attribute_name_info pl-4 pt-1\"><\/div>\n<\/div>\n<\/div>\n<div class=\"attribute_wrap py-2 d-flex col-12 col-lg-6\"><img fetchpriority=\"high\" decoding=\"async\" class=\"\" src=\"https:\/\/api.tehnoteka.rs\/uploads\/cache\/product_large\/uploads\/2025\/05\/einhell-agillo-premium-36-255-2x-4-0-ah-aku-trimer-za-travu-681d9c4f906fb.jpeg\" width=\"424\" height=\"393\" \/><\/div>\n<\/div>\n<\/div>\n<\/div>\n<\/div>\n","protected":false},"excerpt":{"rendered":"<p>Akumulatorski trimer Einhell Agillo omogu\u0107ava efikasno ko\u0161enje u dvori\u0161tu uz visoku udobnost pri radu. Idealan je za zahtevne terene, nagibe i ivice, a zahvaljuju\u0107i radu na baterije, ne zahteva priklju\u010divanje na struju. Opremljen motorom bez \u010detkica, pru\u017ea sna\u017ean i pouzdan rad. Univerzalno podesiva ru\u010dka omogu\u0107ava sigurno upravljanje sa obe ruke, dok se brzina reguli\u0161e elektronski. Se\u010divo sa tri zuba lako se\u010de kroz gustu vegetaciju, a sistem za blokadu osovine omogu\u0107ava jednostavnu zamenu no\u017eeva. Deljiva osovina olak\u0161ava transport i skladi\u0161tenje.<\/p>\n","protected":false},"featured_media":11053,"comment_status":"open","ping_status":"closed","template":"","meta":{"inline_featured_image":false},"product_brand":[],"product_cat":[318,290],"product_tag":[],"class_list":{"0":"post-11052","1":"product","2":"type-product","3":"status-publish","4":"has-post-thumbnail","6":"product_cat-aku-trimeri","7":"product_cat-trimeri-za-travu","9":"first","10":"instock","11":"sale","12":"shipping-taxable","13":"purchasable","14":"product-type-simple"},"_links":{"self":[{"href":"https:\/\/tehnikabacko.rs\/index.php\/wp-json\/wp\/v2\/product\/11052","targetHints":{"allow":["GET"]}}],"collection":[{"href":"https:\/\/tehnikabacko.rs\/index.php\/wp-json\/wp\/v2\/product"}],"about":[{"href":"https:\/\/tehnikabacko.rs\/index.php\/wp-json\/wp\/v2\/types\/product"}],"replies":[{"embeddable":true,"href":"https:\/\/tehnikabacko.rs\/index.php\/wp-json\/wp\/v2\/comments?post=11052"}],"wp:featuredmedia":[{"embeddable":true,"href":"https:\/\/tehnikabacko.rs\/index.php\/wp-json\/wp\/v2\/media\/11053"}],"wp:attachment":[{"href":"https:\/\/tehnikabacko.rs\/index.php\/wp-json\/wp\/v2\/media?parent=11052"}],"wp:term":[{"taxonomy":"product_brand","embeddable":true,"href":"https:\/\/tehnikabacko.rs\/index.php\/wp-json\/wp\/v2\/product_brand?post=11052"},{"taxonomy":"product_cat","embeddable":true,"href":"https:\/\/tehnikabacko.rs\/index.php\/wp-json\/wp\/v2\/product_cat?post=11052"},{"taxonomy":"product_tag","embeddable":true,"href":"https:\/\/tehnikabacko.rs\/index.php\/wp-json\/wp\/v2\/product_tag?post=11052"}],"curies":[{"name":"wp","href":"https:\/\/api.w.org\/{rel}","templated":true}]}}