{"id":10954,"date":"2025-04-03T12:36:42","date_gmt":"2025-04-03T12:36:42","guid":{"rendered":"https:\/\/tehnikabacko.rs\/?post_type=product&#038;p=10954"},"modified":"2025-06-01T14:29:48","modified_gmt":"2025-06-01T14:29:48","slug":"karcher-perac-pod-pritiskom-k-5-classic","status":"publish","type":"product","link":"https:\/\/tehnikabacko.rs\/index.php\/product\/karcher-perac-pod-pritiskom-k-5-classic\/","title":{"rendered":"Karcher pera\u010d pod pritiskom K 5 Classic"},"content":{"rendered":"<h3>Tehni\u010dki podaci<\/h3>\n<table class=\"table\" style=\"height: 454px\" width=\"891\">\n<tbody>\n<tr>\n<td>Napon napajanja (V\/\u00a0<span class=\"fix-spelling\">Hz<\/span>\u00a0)<\/td>\n<td>220 &#8211; 240 \/ 50 &#8211; 60<\/td>\n<\/tr>\n<tr>\n<td>Pritisak (bar\/MPa)<\/td>\n<td>20 &#8211; max.\u00a0145 \/ 2 &#8211; maks.\u00a014,5<\/td>\n<\/tr>\n<tr>\n<td>Protok vode (l\/h)<\/td>\n<td>max.\u00a0500<\/td>\n<\/tr>\n<tr>\n<td>Povr\u0161inski u\u010dinak (m\u00b2\/h)<\/td>\n<td>40<\/td>\n<\/tr>\n<tr>\n<td>Ulazna temperatura (\u00b0C)<\/td>\n<td>max.\u00a040<\/td>\n<\/tr>\n<tr>\n<td>Priklju\u010dna snaga (kW)<\/td>\n<td>2,1<\/td>\n<\/tr>\n<tr>\n<td>Kabl za napajanje (m)<\/td>\n<td>5<\/td>\n<\/tr>\n<tr>\n<td>Te\u017eina bez pribora (kg)<\/td>\n<td>5,6<\/td>\n<\/tr>\n<tr>\n<td>Te\u017eina sa priborom(kg)<\/td>\n<td>8<\/td>\n<\/tr>\n<tr>\n<td>Dimenzije (D x \u0160 x V) (mm)<\/td>\n<td>188 x 252 x 445<\/td>\n<\/tr>\n<\/tbody>\n<\/table>\n<p><img decoding=\"async\" src=\"https:\/\/www.karcher-centar-mlazmatik.rs\/images\/products\/big\/3051.jpg\" \/><\/p>\n","protected":false},"excerpt":{"rendered":"<p>Karcher K5 Classic pera\u010d pod visokim pritiskom omogu\u0107ava maksimalnu prakti\u010dnost s punom snagom. Zahvaljuju\u0107i inovativnom konceptu odlaganja creva , nakon upotrebe,crevo se\u00a0 mo\u017ee\u00a0 lako i sigurno omotati oko prednjeg poklopca. Zahvaljuju\u0107i kompaktnim dimenzijama, ure\u0111aj je jednostavan za transport i mo\u017ee se odlagati bilo gde \u2013 na policu ili u prtlja\u017enik automobila. Teleskopska ru\u010dka podesiva po visini osigurava jo\u0161 ve\u0107u udobnost rokom rada. Tako\u0111e je opremljen\u00a0<span class=\"fix-spelling\">Quick Connect<\/span>\u00a0pi\u0161toljem, visokopritisnim crevom od 8 m,\u00a0 Vario Power mlaznicom\u00a0 (VPS), mlazom za prljav\u0161tinu i filterom za vodu. Karcher K5 Classic visokopritisni pera\u010d, sa svojim univerzalnim motorom i povr\u0161inskim u\u010dinkom od 40 m\u00b2\/h, idealan je za redovnu upotrebu pri \u010di\u0161\u0107enju umerene prljav\u0161tine.<\/p>\n","protected":false},"featured_media":10955,"comment_status":"open","ping_status":"closed","template":"","meta":{"inline_featured_image":false},"product_brand":[],"product_cat":[289],"product_tag":[],"class_list":{"0":"post-10954","1":"product","2":"type-product","3":"status-publish","4":"has-post-thumbnail","6":"product_cat-perac-pod-pritiskom","8":"first","9":"instock","10":"sale","11":"shipping-taxable","12":"purchasable","13":"product-type-simple"},"_links":{"self":[{"href":"https:\/\/tehnikabacko.rs\/index.php\/wp-json\/wp\/v2\/product\/10954","targetHints":{"allow":["GET"]}}],"collection":[{"href":"https:\/\/tehnikabacko.rs\/index.php\/wp-json\/wp\/v2\/product"}],"about":[{"href":"https:\/\/tehnikabacko.rs\/index.php\/wp-json\/wp\/v2\/types\/product"}],"replies":[{"embeddable":true,"href":"https:\/\/tehnikabacko.rs\/index.php\/wp-json\/wp\/v2\/comments?post=10954"}],"wp:featuredmedia":[{"embeddable":true,"href":"https:\/\/tehnikabacko.rs\/index.php\/wp-json\/wp\/v2\/media\/10955"}],"wp:attachment":[{"href":"https:\/\/tehnikabacko.rs\/index.php\/wp-json\/wp\/v2\/media?parent=10954"}],"wp:term":[{"taxonomy":"product_brand","embeddable":true,"href":"https:\/\/tehnikabacko.rs\/index.php\/wp-json\/wp\/v2\/product_brand?post=10954"},{"taxonomy":"product_cat","embeddable":true,"href":"https:\/\/tehnikabacko.rs\/index.php\/wp-json\/wp\/v2\/product_cat?post=10954"},{"taxonomy":"product_tag","embeddable":true,"href":"https:\/\/tehnikabacko.rs\/index.php\/wp-json\/wp\/v2\/product_tag?post=10954"}],"curies":[{"name":"wp","href":"https:\/\/api.w.org\/{rel}","templated":true}]}}