{"id":10880,"date":"2025-02-03T13:57:30","date_gmt":"2025-02-03T13:57:30","guid":{"rendered":"https:\/\/tehnikabacko.rs\/?post_type=product&#038;p=10880"},"modified":"2025-02-03T13:57:31","modified_gmt":"2025-02-03T13:57:31","slug":"set-aku-alata-csuper-ingcokli2058-5-1","status":"publish","type":"product","link":"https:\/\/tehnikabacko.rs\/index.php\/product\/set-aku-alata-csuper-ingcokli2058-5-1\/","title":{"rendered":"SET AKU ALATA CSUPER INGCOKLI2058 5\/1"},"content":{"rendered":"<p>Napon: 20V<br \/>\nSa 1 komadom be\u017ei\u010dne bu\u0161ilice bez \u010detkica (CDLI204531)<br \/>\nSa 1 komadom be\u017ei\u010dnog udarnog klju\u010da (CIWLI20401)<br \/>\nSa 1 komadom be\u017ei\u010dnog rotacionog \u010deki\u0107a (CRHLI20228)<br \/>\nSa 1 komadom be\u017ei\u010dne ugaone brusilice (CAGLI21154)<br \/>\nSa 1 komadom radne lampe (CWLI2038)<\/p>\n<p><strong>Be\u017ei\u010dni udarni odvija\u010d (CIWLI20401):<\/strong><\/p>\n<ul>\n<li>Motor bez \u010detkica<\/li>\n<li>Kvadratni pogon: 1\/2&#8243;<\/li>\n<li>Brzina bez optere\u0107enja: 0-1600\/0-1900\/0-2300 o\/min<\/li>\n<li>Brzina udarca: 0-2100\/0-2500\/0-2900 udaraca\/min<\/li>\n<li>Obrtni moment za pri\u010dvr\u0161\u0107ivanje: 400Nm<\/li>\n<li>Obrtni moment za odvrtanje matica: 550Nm<\/li>\n<\/ul>\n<p><strong>Be\u017ei\u010dna bu\u0161ilica bez \u010detkica (CDLI204531):<\/strong><\/p>\n<ul>\n<li>Motor bez \u010detkica<\/li>\n<li>Brzina bez optere\u0107enja: 0-550\/0-2000 o\/min<\/li>\n<li>Maksimalni obrtni moment: 52Nm<\/li>\n<li>Plasti\u010dna glava bu\u0161ilice<\/li>\n<li>Kapacitet glave bu\u0161ilice: 0.8-10mm<\/li>\n<li>Pode\u0161avanja obrtnog momenta: 22+1<\/li>\n<li>Mehani\u010dki dvostepeni prenos<\/li>\n<li>Funkcija zaklju\u010davanja vretena<\/li>\n<\/ul>\n<p><strong>Be\u017ei\u010dni hamer (CRHLI20228):<\/strong><\/p>\n<ul>\n<li>Motor bez \u010detkica<\/li>\n<li>Brzina bez optere\u0107enja: 0-1100 o\/min<\/li>\n<li>Brzina udarca: 0-5000 udaraca\/min<\/li>\n<li>Energija udarca: 2.5J<\/li>\n<li>Maksimalni pre\u010dnik bu\u0161enja: 26mm u betonu<\/li>\n<li>Integrisano LED radno svetlo<\/li>\n<li>SDS plus sistem glave bu\u0161ilice<\/li>\n<\/ul>\n<p><strong>Be\u017ei\u010dna ugaona brusilica (CAGLI21154):<\/strong><\/p>\n<ul>\n<li>Motor bez \u010detkica<\/li>\n<li>Brzina bez optere\u0107enja: 3000\/6000\/9000 o\/min<\/li>\n<li>Pre\u010dnik diska: 115mm<\/li>\n<li>Vreteno navoj: M14<\/li>\n<\/ul>\n<p><strong>Radna lampa (CWLI2038):<\/strong><\/p>\n<ul>\n<li>Snaga LED svetla: 5W<\/li>\n<li>Osvetljenje: 270\u00b110% lumena<\/li>\n<\/ul>\n<p><strong>Uklju\u010duje:<\/strong><\/p>\n<ul>\n<li>3 komada nasadnih klju\u010deva (17, 19, 21mm)<\/li>\n<li>3 komada burgija<\/li>\n<li>1 komad dleta<\/li>\n<li>1 set abrazivnih diskova za se\u010denje metala od 115mm (25 komada)<\/li>\n<li>47 komada dodataka<\/li>\n<li>2 komada baterijskih paketa od 4.0Ah (FBLI2002)<\/li>\n<li>1 komad punja\u010da (FCLI2001E)<\/li>\n<li>Napon punjenja: 220-240V~50\/60Hz<\/li>\n<li>Pakovano u platnenu torbu<\/li>\n<\/ul>\n","protected":false},"excerpt":{"rendered":"<p>Napon: 20V Sa 1 komadom be\u017ei\u010dne bu\u0161ilice bez \u010detkica (CDLI204531) Sa 1 komadom be\u017ei\u010dnog udarnog klju\u010da (CIWLI20401) Sa 1 komadom be\u017ei\u010dnog rotacionog \u010deki\u0107a (CRHLI20228) Sa 1 komadom be\u017ei\u010dne ugaone brusilice (CAGLI21154) Sa 1 komadom radne lampe (CWLI2038) Be\u017ei\u010dni udarni odvija\u010d (CIWLI20401): Motor bez \u010detkica Kvadratni pogon: 1\/2&#8243; Brzina bez optere\u0107enja: 0-1600\/0-1900\/0-2300 o\/min Brzina udarca: 0-2100\/0-2500\/0-2900 [&hellip;]<\/p>\n","protected":false},"featured_media":10881,"comment_status":"open","ping_status":"closed","template":"","meta":{"inline_featured_image":false},"product_brand":[],"product_cat":[232,148,298,343,15],"product_tag":[],"class_list":{"0":"post-10880","1":"product","2":"type-product","3":"status-publish","4":"has-post-thumbnail","6":"product_cat-aku-alati","7":"product_cat-alati","8":"product_cat-busilica","9":"product_cat-odvrtaci","10":"product_cat-uncategorized","12":"first","13":"instock","14":"sale","15":"shipping-taxable","16":"purchasable","17":"product-type-simple"},"_links":{"self":[{"href":"https:\/\/tehnikabacko.rs\/index.php\/wp-json\/wp\/v2\/product\/10880","targetHints":{"allow":["GET"]}}],"collection":[{"href":"https:\/\/tehnikabacko.rs\/index.php\/wp-json\/wp\/v2\/product"}],"about":[{"href":"https:\/\/tehnikabacko.rs\/index.php\/wp-json\/wp\/v2\/types\/product"}],"replies":[{"embeddable":true,"href":"https:\/\/tehnikabacko.rs\/index.php\/wp-json\/wp\/v2\/comments?post=10880"}],"wp:featuredmedia":[{"embeddable":true,"href":"https:\/\/tehnikabacko.rs\/index.php\/wp-json\/wp\/v2\/media\/10881"}],"wp:attachment":[{"href":"https:\/\/tehnikabacko.rs\/index.php\/wp-json\/wp\/v2\/media?parent=10880"}],"wp:term":[{"taxonomy":"product_brand","embeddable":true,"href":"https:\/\/tehnikabacko.rs\/index.php\/wp-json\/wp\/v2\/product_brand?post=10880"},{"taxonomy":"product_cat","embeddable":true,"href":"https:\/\/tehnikabacko.rs\/index.php\/wp-json\/wp\/v2\/product_cat?post=10880"},{"taxonomy":"product_tag","embeddable":true,"href":"https:\/\/tehnikabacko.rs\/index.php\/wp-json\/wp\/v2\/product_tag?post=10880"}],"curies":[{"name":"wp","href":"https:\/\/api.w.org\/{rel}","templated":true}]}}