{"id":10853,"date":"2025-01-24T11:22:51","date_gmt":"2025-01-24T11:22:51","guid":{"rendered":"https:\/\/tehnikabacko.rs\/?post_type=product&#038;p=10853"},"modified":"2025-01-24T11:22:51","modified_gmt":"2025-01-24T11:22:51","slug":"aku-set-ckli20271e-busilica-52nm-odvijac-400nm-super-ingco","status":"publish","type":"product","link":"https:\/\/tehnikabacko.rs\/index.php\/product\/aku-set-ckli20271e-busilica-52nm-odvijac-400nm-super-ingco\/","title":{"rendered":"AKU SET CKLI20271E  (BU\u0160ILICA 52NM + ODVIJA\u010c 400NM) SUPER INGCO"},"content":{"rendered":"<p>Napon: 20V<\/p>\n<p>Sa 1 kom aku bu\u0161ilice (CDLI20453E)<\/p>\n<p>Sa 1 kom aku udarnog odvija\u010da (CIWLI2040E)<\/p>\n<p><strong>Aku bu\u0161ilica (CDLI20453E):<\/strong><\/p>\n<ul>\n<li>Motor bez \u010detkica<\/li>\n<li>Brzina bez optere\u0107enja: 0-550\/0-2000 o\/min<\/li>\n<li>Maksimalni obrtni moment: 52Nm<\/li>\n<li>Plasti\u010dna glava bu\u0161ilice<\/li>\n<li>Kapacitet glave bu\u0161ilice: 10mm<\/li>\n<li>Pode\u0161avanja momenta: 22+1<\/li>\n<li>Mehani\u010dki menja\u010d sa 2 brzine<\/li>\n<li>Funkcija zaklju\u010davanja vretena<\/li>\n<\/ul>\n<p><strong>Aku udarni odvija\u010d (CIWLI2040E):<\/strong><\/p>\n<ul>\n<li>Motor bez \u010detkica<\/li>\n<li>Kvadratni prihvat: 1\/2&#8243;<\/li>\n<li>Brzina bez optere\u0107enja: 0-1600\/0-1900\/0-2300 o\/min<\/li>\n<li>Brzina udarca: 0-2100\/0-2500\/0-2900 ud\/min<\/li>\n<li>Maksimalni obrtni moment: 400Nm<\/li>\n<li>Obrtni moment za odvijanje matica: 550Nm<\/li>\n<\/ul>\n<p><strong>Uklju\u010duje:<\/strong><\/p>\n<ul>\n<li>1 komad punja\u010d od 20V (FCLI2001E)<\/li>\n<li>2 kom baterije od 2.0Ah (FBLI2001)<\/li>\n<li>47 komada dodataka<\/li>\n<li>3 komada nasadnih klju\u010deva (17, 19, 21mm)<\/li>\n<li>Upakovano u kofer za no\u0161enje<\/li>\n<\/ul>\n","protected":false},"excerpt":{"rendered":"<p>Napon: 20V Sa 1 kom aku bu\u0161ilice (CDLI20453E) Sa 1 kom aku udarnog odvija\u010da (CIWLI2040E) Aku bu\u0161ilica (CDLI20453E): Motor bez \u010detkica Brzina bez optere\u0107enja: 0-550\/0-2000 o\/min Maksimalni obrtni moment: 52Nm Plasti\u010dna glava bu\u0161ilice Kapacitet glave bu\u0161ilice: 10mm Pode\u0161avanja momenta: 22+1 Mehani\u010dki menja\u010d sa 2 brzine Funkcija zaklju\u010davanja vretena Aku udarni odvija\u010d (CIWLI2040E): Motor bez \u010detkica [&hellip;]<\/p>\n","protected":false},"featured_media":10855,"comment_status":"open","ping_status":"closed","template":"","meta":{"inline_featured_image":false},"product_brand":[],"product_cat":[232,298,343],"product_tag":[],"class_list":{"0":"post-10853","1":"product","2":"type-product","3":"status-publish","4":"has-post-thumbnail","6":"product_cat-aku-alati","7":"product_cat-busilica","8":"product_cat-odvrtaci","10":"first","11":"instock","12":"sale","13":"shipping-taxable","14":"purchasable","15":"product-type-simple"},"_links":{"self":[{"href":"https:\/\/tehnikabacko.rs\/index.php\/wp-json\/wp\/v2\/product\/10853","targetHints":{"allow":["GET"]}}],"collection":[{"href":"https:\/\/tehnikabacko.rs\/index.php\/wp-json\/wp\/v2\/product"}],"about":[{"href":"https:\/\/tehnikabacko.rs\/index.php\/wp-json\/wp\/v2\/types\/product"}],"replies":[{"embeddable":true,"href":"https:\/\/tehnikabacko.rs\/index.php\/wp-json\/wp\/v2\/comments?post=10853"}],"wp:featuredmedia":[{"embeddable":true,"href":"https:\/\/tehnikabacko.rs\/index.php\/wp-json\/wp\/v2\/media\/10855"}],"wp:attachment":[{"href":"https:\/\/tehnikabacko.rs\/index.php\/wp-json\/wp\/v2\/media?parent=10853"}],"wp:term":[{"taxonomy":"product_brand","embeddable":true,"href":"https:\/\/tehnikabacko.rs\/index.php\/wp-json\/wp\/v2\/product_brand?post=10853"},{"taxonomy":"product_cat","embeddable":true,"href":"https:\/\/tehnikabacko.rs\/index.php\/wp-json\/wp\/v2\/product_cat?post=10853"},{"taxonomy":"product_tag","embeddable":true,"href":"https:\/\/tehnikabacko.rs\/index.php\/wp-json\/wp\/v2\/product_tag?post=10853"}],"curies":[{"name":"wp","href":"https:\/\/api.w.org\/{rel}","templated":true}]}}