{"id":10840,"date":"2025-01-18T09:41:27","date_gmt":"2025-01-18T09:41:27","guid":{"rendered":"https:\/\/tehnikabacko.rs\/?post_type=product&#038;p=10840"},"modified":"2025-06-01T21:50:10","modified_gmt":"2025-06-01T21:50:10","slug":"troslojna-ususna-rucna-casa-kzubr-kapsc-200","status":"publish","type":"product","link":"https:\/\/tehnikabacko.rs\/index.php\/product\/troslojna-ususna-rucna-casa-kzubr-kapsc-200\/","title":{"rendered":"TROSLOJNA USUSNA RU\u010cNA \u010cA\u0160A KZUBR KAPSC-200"},"content":{"rendered":"<p>TROSLOJNA USISNA RU\u010cNA \u010cA\u0160A.<\/p>\n","protected":false},"excerpt":{"rendered":"<p>KZUBR KAPSC-200<\/p>\n","protected":false},"featured_media":10841,"comment_status":"open","ping_status":"closed","template":"","meta":{"inline_featured_image":false},"product_brand":[],"product_cat":[374],"product_tag":[],"class_list":{"0":"post-10840","1":"product","2":"type-product","3":"status-publish","4":"has-post-thumbnail","6":"product_cat-usisne-case","8":"first","9":"instock","10":"shipping-taxable","11":"purchasable","12":"product-type-simple"},"_links":{"self":[{"href":"https:\/\/tehnikabacko.rs\/index.php\/wp-json\/wp\/v2\/product\/10840","targetHints":{"allow":["GET"]}}],"collection":[{"href":"https:\/\/tehnikabacko.rs\/index.php\/wp-json\/wp\/v2\/product"}],"about":[{"href":"https:\/\/tehnikabacko.rs\/index.php\/wp-json\/wp\/v2\/types\/product"}],"replies":[{"embeddable":true,"href":"https:\/\/tehnikabacko.rs\/index.php\/wp-json\/wp\/v2\/comments?post=10840"}],"wp:featuredmedia":[{"embeddable":true,"href":"https:\/\/tehnikabacko.rs\/index.php\/wp-json\/wp\/v2\/media\/10841"}],"wp:attachment":[{"href":"https:\/\/tehnikabacko.rs\/index.php\/wp-json\/wp\/v2\/media?parent=10840"}],"wp:term":[{"taxonomy":"product_brand","embeddable":true,"href":"https:\/\/tehnikabacko.rs\/index.php\/wp-json\/wp\/v2\/product_brand?post=10840"},{"taxonomy":"product_cat","embeddable":true,"href":"https:\/\/tehnikabacko.rs\/index.php\/wp-json\/wp\/v2\/product_cat?post=10840"},{"taxonomy":"product_tag","embeddable":true,"href":"https:\/\/tehnikabacko.rs\/index.php\/wp-json\/wp\/v2\/product_tag?post=10840"}],"curies":[{"name":"wp","href":"https:\/\/api.w.org\/{rel}","templated":true}]}}