{"id":10824,"date":"2024-12-19T17:42:51","date_gmt":"2024-12-19T17:42:51","guid":{"rendered":"https:\/\/tehnikabacko.rs\/?post_type=product&#038;p=10824"},"modified":"2025-06-01T17:18:24","modified_gmt":"2025-06-01T17:18:24","slug":"vet-2440-v-elektricna-lancana-testera-villager","status":"publish","type":"product","link":"https:\/\/tehnikabacko.rs\/index.php\/product\/vet-2440-v-elektricna-lancana-testera-villager\/","title":{"rendered":"VET 2440 V ELEKTRI\u010cNA LAN\u010cANA TESTERA VILLAGER"},"content":{"rendered":"<table class=\"table\">\n<thead class=\"thead-dark\">\n<tr>\n<th colspan=\"2\">\n<div class=\"d-flex align-items-center\"><span class=\"h5 mb-0 text-light\">Karakteristike<\/span><a class=\"compare-product btn btn-sm btn-secondary ml-auto\" data-id=\"14254\" data-title=\"VET 2440 V elektri\u010dna lan\u010dana testera\" data-image=\"2440_s.jpg\"><i class=\"czi-compare\"><\/i>\u00a0Dodaj u Pore\u0111enje<\/a><\/div>\n<\/th>\n<\/tr>\n<\/thead>\n<tbody>\n<tr>\n<td>Kategorija<\/td>\n<td><strong>Elektri\u010dne testere<\/strong><\/td>\n<\/tr>\n<tr>\n<td>Motor<\/td>\n<td><strong>Elektri\u010dni<\/strong><\/td>\n<\/tr>\n<tr>\n<td>Tip motora<\/td>\n<td><strong>Kolektorski elektromotor<\/strong><\/td>\n<\/tr>\n<tr>\n<td>Napon<\/td>\n<td><strong>230 V ~ 50 Hz<\/strong><\/td>\n<\/tr>\n<tr>\n<td>Priklju\u010dna snaga<\/td>\n<td><strong>2400 W<\/strong><\/td>\n<\/tr>\n<tr>\n<td>Korak lanca<\/td>\n<td><strong>Villager 3\/8, 1.3 mm<\/strong><\/td>\n<\/tr>\n<tr>\n<td>Du\u017eina vodilice<\/td>\n<td><strong>400 mm<\/strong><\/td>\n<\/tr>\n<tr>\n<td>Model vodilice<\/td>\n<td><strong>Villager 40 cm 3\/8 1.3 mm<\/strong><\/td>\n<\/tr>\n<tr>\n<td>Broj zuba lanca<\/td>\n<td><strong>28.5<\/strong><\/td>\n<\/tr>\n<tr>\n<td>Brzina lanca<\/td>\n<td><strong>14 m\/s<\/strong><\/td>\n<\/tr>\n<tr>\n<td>Zapremina rezervoara za ulje<\/td>\n<td><strong>110 ml<\/strong><\/td>\n<\/tr>\n<tr>\n<td>Masa<\/td>\n<td><strong>5.5 kg<\/strong><\/td>\n<\/tr>\n<\/tbody>\n<\/table>\n<p><img fetchpriority=\"high\" decoding=\"async\" class=\"\" src=\"https:\/\/villager.rs\/images\/2440.jpg\" width=\"491\" height=\"327\" \/><\/p>\n","protected":false},"excerpt":{"rendered":"<p>Karakteristike\u00a0Dodaj u Pore\u0111enje Kategorija Elektri\u010dne testere Motor Elektri\u010dni Tip motora Kolektorski elektromotor Napon 230 V ~ 50 Hz Priklju\u010dna snaga 2400 W Korak lanca Villager 3\/8, 1.3 mm Du\u017eina vodilice 400 mm Model vodilice Villager 40 cm 3\/8 1.3 mm Broj zuba lanca 28.5 Brzina lanca 14 m\/s Zapremina rezervoara za ulje 110 ml Masa [&hellip;]<\/p>\n","protected":false},"featured_media":10825,"comment_status":"open","ping_status":"closed","template":"","meta":{"inline_featured_image":false},"product_brand":[],"product_cat":[284],"product_tag":[],"class_list":{"0":"post-10824","1":"product","2":"type-product","3":"status-publish","4":"has-post-thumbnail","6":"product_cat-elektricna-testera","8":"first","9":"instock","10":"shipping-taxable","11":"purchasable","12":"product-type-simple"},"_links":{"self":[{"href":"https:\/\/tehnikabacko.rs\/index.php\/wp-json\/wp\/v2\/product\/10824","targetHints":{"allow":["GET"]}}],"collection":[{"href":"https:\/\/tehnikabacko.rs\/index.php\/wp-json\/wp\/v2\/product"}],"about":[{"href":"https:\/\/tehnikabacko.rs\/index.php\/wp-json\/wp\/v2\/types\/product"}],"replies":[{"embeddable":true,"href":"https:\/\/tehnikabacko.rs\/index.php\/wp-json\/wp\/v2\/comments?post=10824"}],"wp:featuredmedia":[{"embeddable":true,"href":"https:\/\/tehnikabacko.rs\/index.php\/wp-json\/wp\/v2\/media\/10825"}],"wp:attachment":[{"href":"https:\/\/tehnikabacko.rs\/index.php\/wp-json\/wp\/v2\/media?parent=10824"}],"wp:term":[{"taxonomy":"product_brand","embeddable":true,"href":"https:\/\/tehnikabacko.rs\/index.php\/wp-json\/wp\/v2\/product_brand?post=10824"},{"taxonomy":"product_cat","embeddable":true,"href":"https:\/\/tehnikabacko.rs\/index.php\/wp-json\/wp\/v2\/product_cat?post=10824"},{"taxonomy":"product_tag","embeddable":true,"href":"https:\/\/tehnikabacko.rs\/index.php\/wp-json\/wp\/v2\/product_tag?post=10824"}],"curies":[{"name":"wp","href":"https:\/\/api.w.org\/{rel}","templated":true}]}}