{"id":10766,"date":"2024-10-04T09:20:40","date_gmt":"2024-10-04T09:20:40","guid":{"rendered":"https:\/\/tehnikabacko.rs\/?post_type=product&#038;p=10766"},"modified":"2024-10-04T09:20:40","modified_gmt":"2024-10-04T09:20:40","slug":"grejalica-fg-fs-813","status":"publish","type":"product","link":"https:\/\/tehnikabacko.rs\/index.php\/product\/grejalica-fg-fs-813\/","title":{"rendered":"GREJALICA FG FS-813"},"content":{"rendered":"<p class=\"izdvajamoNaslov\">Karakteristike &#8211; Grejalica FG FS-813<\/p>\n<p>Snaga: 2000W<\/p>\n<p>Ugra\u0111eni ventilator za ravnomerno raspore\u0111ivanje toplote<\/p>\n<p>Opcija za toplo\/hladno izduvavanje, pogodna za sve godi\u0161nje doba<\/p>\n<p>Kompaktan i prakti\u010dan dizajn za lako preme\u0161tanje i skladi\u0161tenje<\/p>\n<p><img decoding=\"async\" src=\"https:\/\/www.volimsvojdom.rs\/wf-proizvodiPics\/127461\/grejalica-fg-fs-813.jpg\" alt=\"Grejalica FG FS-813\" \/><\/p>\n","protected":false},"excerpt":{"rendered":"<p>Grejalica FG FS-813 je svestrani ure\u0111aj dizajniran da pru\u017ei udobnost i toplinu u va\u0161em domu. Sa snagom od 2000W, ova grejalica je sposobna da brzo zagreje prostoriju, \u010dine\u0107i je idealnom za hladne zimske dane. Ugra\u0111eni ventilator omogu\u0107ava ravnomerno raspore\u0111ivanje toplote, osiguravaju\u0107i da se celokupan prostor efikasno zagreva. Osim toga, opcija za toplo\/hladno izduvavanje \u010dini ovu grejalicu korisnom tokom cele godine, jer mo\u017ee da pru\u017ei hla\u0111enje tokom toplijih dana. Njena kompaktna veli\u010dina i prakti\u010dan dizajn omogu\u0107avaju lako preme\u0161tanje i skladi\u0161tenje, \u010dine\u0107i je savr\u0161enim dodatkom za svaki dom.<\/p>\n","protected":false},"featured_media":10767,"comment_status":"open","ping_status":"closed","template":"","meta":{"inline_featured_image":false},"product_brand":[],"product_cat":[312,364],"product_tag":[],"class_list":{"0":"post-10766","1":"product","2":"type-product","3":"status-publish","4":"has-post-thumbnail","6":"product_cat-grejalice","7":"product_cat-grejanje","9":"first","10":"instock","11":"shipping-taxable","12":"purchasable","13":"product-type-simple"},"_links":{"self":[{"href":"https:\/\/tehnikabacko.rs\/index.php\/wp-json\/wp\/v2\/product\/10766","targetHints":{"allow":["GET"]}}],"collection":[{"href":"https:\/\/tehnikabacko.rs\/index.php\/wp-json\/wp\/v2\/product"}],"about":[{"href":"https:\/\/tehnikabacko.rs\/index.php\/wp-json\/wp\/v2\/types\/product"}],"replies":[{"embeddable":true,"href":"https:\/\/tehnikabacko.rs\/index.php\/wp-json\/wp\/v2\/comments?post=10766"}],"wp:featuredmedia":[{"embeddable":true,"href":"https:\/\/tehnikabacko.rs\/index.php\/wp-json\/wp\/v2\/media\/10767"}],"wp:attachment":[{"href":"https:\/\/tehnikabacko.rs\/index.php\/wp-json\/wp\/v2\/media?parent=10766"}],"wp:term":[{"taxonomy":"product_brand","embeddable":true,"href":"https:\/\/tehnikabacko.rs\/index.php\/wp-json\/wp\/v2\/product_brand?post=10766"},{"taxonomy":"product_cat","embeddable":true,"href":"https:\/\/tehnikabacko.rs\/index.php\/wp-json\/wp\/v2\/product_cat?post=10766"},{"taxonomy":"product_tag","embeddable":true,"href":"https:\/\/tehnikabacko.rs\/index.php\/wp-json\/wp\/v2\/product_tag?post=10766"}],"curies":[{"name":"wp","href":"https:\/\/api.w.org\/{rel}","templated":true}]}}