{"id":10763,"date":"2024-10-04T09:05:21","date_gmt":"2024-10-04T09:05:21","guid":{"rendered":"https:\/\/tehnikabacko.rs\/?post_type=product&#038;p=10763"},"modified":"2025-06-02T04:41:37","modified_gmt":"2025-06-02T04:41:37","slug":"ventilatorska-grejalica-nist-fh-2000","status":"publish","type":"product","link":"https:\/\/tehnikabacko.rs\/index.php\/product\/ventilatorska-grejalica-nist-fh-2000\/","title":{"rendered":"VENTILATORSKA  GREJALICA NIST FH 2000"},"content":{"rendered":"<table class=\"table product-attrbite-table\" style=\"height: 242px\" width=\"959\">\n<thead>\n<tr>\n<th>Karakteristika<\/th>\n<th>Vrednost<\/th>\n<\/tr>\n<\/thead>\n<tbody>\n<tr>\n<td>Kategorija<\/td>\n<td><a title=\"Elektri\u010dne grejalice\" href=\"https:\/\/www.agromarket.rs\/elektricne-grejalice\">Elektri\u010dne grejalice<\/a><\/td>\n<\/tr>\n<tr class=\"attr-table-product-weight\">\n<td>Te\u017eina pakovanja<\/td>\n<td>0.9 kg<\/td>\n<\/tr>\n<tr class=\"attr-brend\">\n<td>Brend<\/td>\n<td><a title=\"NIST\" href=\"https:\/\/www.agromarket.rs\/proizvodi\/web-brend-proizvodjac-nist\">NIST<\/a><\/td>\n<\/tr>\n<tr class=\"attr-napon\">\n<td>Napon<\/td>\n<td>230 V ~ 50 Hz<\/td>\n<\/tr>\n<tr class=\"attr-prikljucna-snaga\">\n<td>Priklju\u010dna snaga<\/td>\n<td>2000 W<\/td>\n<\/tr>\n<\/tbody>\n<\/table>\n<p><img decoding=\"async\" src=\"https:\/\/epimage.s3.eu-central-1.amazonaws.com\/images\/or\/orbtmicfkwjuavndxyzl\" alt=\"NIST ventilatorska grejalica FH 2000 ( 082450 )\" \/><\/p>\n<p>&nbsp;<\/p>\n","protected":false},"excerpt":{"rendered":"<p>Grejalica NIST FH 2000 efikasno sprovodi topao vazduh kroz prostoriju, omogu\u0107avaju\u0107i vam da osetite razliku u nekoliko trenutaka.<br \/>\nMo\u017eete birati razli\u010dite nivoe temperature na termostatu kao i nivo snage grejanja.<br \/>\nGrejalica se lako preme\u0161a u prostoru zahvaljuju\u0107i kompaktnom dizajnu i prakti\u010dnoj ru\u010dci.<br \/>\nPoseduje kontrolnu lampicu i za\u0161titu od pregrevanja.<\/p>\n<p>&#8211; Nivoi pode\u0161avanja snage: 2<br \/>\n&#8211; Termostat<br \/>\n&#8211; Za\u0161tita protiv pregrevanja<br \/>\n&#8211; Kontrolna lampica<br \/>\n&#8211; \u0160irina proizvoda: 23,5 cm<br \/>\n&#8211; Visina proizvoda: 26 cm<br \/>\n&#8211; Dubina proizvoda: 11 cm<\/p>\n","protected":false},"featured_media":10765,"comment_status":"open","ping_status":"closed","template":"","meta":{"inline_featured_image":false},"product_brand":[],"product_cat":[312,364],"product_tag":[],"class_list":{"0":"post-10763","1":"product","2":"type-product","3":"status-publish","4":"has-post-thumbnail","6":"product_cat-grejalice","7":"product_cat-grejanje","9":"first","10":"instock","11":"shipping-taxable","12":"purchasable","13":"product-type-simple"},"_links":{"self":[{"href":"https:\/\/tehnikabacko.rs\/index.php\/wp-json\/wp\/v2\/product\/10763","targetHints":{"allow":["GET"]}}],"collection":[{"href":"https:\/\/tehnikabacko.rs\/index.php\/wp-json\/wp\/v2\/product"}],"about":[{"href":"https:\/\/tehnikabacko.rs\/index.php\/wp-json\/wp\/v2\/types\/product"}],"replies":[{"embeddable":true,"href":"https:\/\/tehnikabacko.rs\/index.php\/wp-json\/wp\/v2\/comments?post=10763"}],"wp:featuredmedia":[{"embeddable":true,"href":"https:\/\/tehnikabacko.rs\/index.php\/wp-json\/wp\/v2\/media\/10765"}],"wp:attachment":[{"href":"https:\/\/tehnikabacko.rs\/index.php\/wp-json\/wp\/v2\/media?parent=10763"}],"wp:term":[{"taxonomy":"product_brand","embeddable":true,"href":"https:\/\/tehnikabacko.rs\/index.php\/wp-json\/wp\/v2\/product_brand?post=10763"},{"taxonomy":"product_cat","embeddable":true,"href":"https:\/\/tehnikabacko.rs\/index.php\/wp-json\/wp\/v2\/product_cat?post=10763"},{"taxonomy":"product_tag","embeddable":true,"href":"https:\/\/tehnikabacko.rs\/index.php\/wp-json\/wp\/v2\/product_tag?post=10763"}],"curies":[{"name":"wp","href":"https:\/\/api.w.org\/{rel}","templated":true}]}}