{"id":10718,"date":"2024-09-13T13:54:30","date_gmt":"2024-09-13T13:54:30","guid":{"rendered":"https:\/\/tehnikabacko.rs\/?post_type=product&#038;p=10718"},"modified":"2025-06-01T22:08:30","modified_gmt":"2025-06-01T22:08:30","slug":"10718","status":"publish","type":"product","link":"https:\/\/tehnikabacko.rs\/index.php\/product\/10718\/","title":{"rendered":"DEMON Motorna testera CS-65T"},"content":{"rendered":"<h3>Tehni\u010dke specifikacije Demon testere:<\/h3>\n<ul>\n<li>Model: CS 65T<\/li>\n<li>Kapacitet rezervoara za gorivo (ml): 550<\/li>\n<li>Kapacitet rezervoara za ulje (ml): 260<\/li>\n<li>Neto te\u017eina bez vodi\u010da (Kg): \u00a06.6<\/li>\n<li>Neto te\u017eina sa vodi\u010dem (Kg): 7<\/li>\n<li>Korisna du\u017eina rezanja (cm):\u00a038<\/li>\n<li>Zapremina motora (ccm): 65<\/li>\n<li>Zup\u010danik (broj re\u017eima \/ in\u010da): 7T \/ 0.325<\/li>\n<li>Preporu\u010deni tip lanca: 21BP \/ 21VB<\/li>\n<li>\u0160irina \u017eljeba za vo\u0111enje lanca (mm):\u00a01.5<\/li>\n<li>Preporu\u010deni pre\u010dnik datoteke za o\u0161trenje (mm): 4.76<\/li>\n<li>Snaga : 4.4ks<\/li>\n<li>Snaga motora : 2,55kw \/ 4.4ks<\/li>\n<li>Brzina praznog hoda (okr \/ min): 2,800<\/li>\n<li>Maksimalni broj obrtaja (okr \/ min): 8,500<\/li>\n<li>Nivo buke LvA \/ LpA (dB): 105\/109<\/li>\n<li>Prednja ru\u010dka vibracije (m \/ s 2 ): 10.7<\/li>\n<li><img decoding=\"async\" src=\"https:\/\/tehnikabacko.rs\/wp-content\/uploads\/2024\/09\/DEMON-CST-65-1-800x565.webp\" \/>Zadnja ru\u010dka vibracije (m \/ s 2 ): 9.8<\/li>\n<\/ul>\n","protected":false},"excerpt":{"rendered":"<p><strong>AKCIJSKA CENA<\/strong><\/p>\n<p>DEMON Motorna testera CS-65T<\/p>\n<p><strong>Demon testera<\/strong>\u00a0\u2013 jo\u0161 jedan vrhunski alat Poljskog proizvo\u0111a\u010da\u00a0<strong>Mar-Pol<\/strong>\u00a0iz segmenta polu-profesionalnog alata Demon, pored kod nas dobro poznatog\u00a0Demon trimera, tu je i Demon motorna testera.\u00a0<strong>Demon testera<\/strong>\u00a0je zaista mo\u0107na motorna pila koja je namenjena koji godi\u0161nje seku oko\u00a0<strong>200 metara\u00a0<a href=\"https:\/\/demonalati.rs\/product\/demon-testera-cs-58-t-3ks\/\">kubnih<\/a><\/strong>, drva. Motorka je zaista izdr\u017eljiva, na\u010dinjena od kvalitetnih materijala, kvalitetne zavr\u0161ne obrade i mo\u017ee se re\u0107i da je bez konkurencije u svom cenovnom rangu.<\/p>\n<p>Ova testera je tako\u0111e namenjena svim profesionalnim drvose\u010dama koji pored glavne testere imaju potrebu za kori\u0161\u0107enjem pomo\u0107ne pile, gde za zaista pristupa\u010dnu cifru dobijate gotovo profesionalnu motornu\u00a0<a href=\"https:\/\/novi.kupujemprodajem.com\/alati-i-orudja\/motorne-testere\/demon-testera-cs-65t-4-4ks-i-demon-testera-cs-58t-3ks\/oglas\/152609865?filterId=2140098651\">testeru<\/a>.<\/p>\n<p>&nbsp;<\/p>\n","protected":false},"featured_media":10721,"comment_status":"open","ping_status":"closed","template":"","meta":{"inline_featured_image":false},"product_brand":[],"product_cat":[283,287],"product_tag":[],"class_list":{"0":"post-10718","1":"product","2":"type-product","3":"status-publish","4":"has-post-thumbnail","6":"product_cat-motorna-testera","7":"product_cat-testere","9":"first","10":"instock","11":"shipping-taxable","12":"purchasable","13":"product-type-simple"},"_links":{"self":[{"href":"https:\/\/tehnikabacko.rs\/index.php\/wp-json\/wp\/v2\/product\/10718","targetHints":{"allow":["GET"]}}],"collection":[{"href":"https:\/\/tehnikabacko.rs\/index.php\/wp-json\/wp\/v2\/product"}],"about":[{"href":"https:\/\/tehnikabacko.rs\/index.php\/wp-json\/wp\/v2\/types\/product"}],"replies":[{"embeddable":true,"href":"https:\/\/tehnikabacko.rs\/index.php\/wp-json\/wp\/v2\/comments?post=10718"}],"wp:featuredmedia":[{"embeddable":true,"href":"https:\/\/tehnikabacko.rs\/index.php\/wp-json\/wp\/v2\/media\/10721"}],"wp:attachment":[{"href":"https:\/\/tehnikabacko.rs\/index.php\/wp-json\/wp\/v2\/media?parent=10718"}],"wp:term":[{"taxonomy":"product_brand","embeddable":true,"href":"https:\/\/tehnikabacko.rs\/index.php\/wp-json\/wp\/v2\/product_brand?post=10718"},{"taxonomy":"product_cat","embeddable":true,"href":"https:\/\/tehnikabacko.rs\/index.php\/wp-json\/wp\/v2\/product_cat?post=10718"},{"taxonomy":"product_tag","embeddable":true,"href":"https:\/\/tehnikabacko.rs\/index.php\/wp-json\/wp\/v2\/product_tag?post=10718"}],"curies":[{"name":"wp","href":"https:\/\/api.w.org\/{rel}","templated":true}]}}