{"id":10674,"date":"2024-08-19T17:29:23","date_gmt":"2024-08-19T17:29:23","guid":{"rendered":"https:\/\/tehnikabacko.rs\/?post_type=product&#038;p=10674"},"modified":"2025-06-02T18:34:32","modified_gmt":"2025-06-02T18:34:32","slug":"elektricni-bicikl-skakavac-crveni","status":"publish","type":"product","link":"https:\/\/tehnikabacko.rs\/index.php\/product\/elektricni-bicikl-skakavac-crveni\/","title":{"rendered":"ELEKTRICNI BICIKL-SKAKAVAC-crveni"},"content":{"rendered":"<p>Dimenzije:155cm*75cm*108cm<\/p>\n<p>Osnova To\u010dka:115cm<\/p>\n<p>Tip gume:3.00-10<\/p>\n<p>Farovi:LED<\/p>\n<p>Maksimalna brzina:25 km\/h<\/p>\n<p>Motor:Bez \u010detkica<\/p>\n<p>Snaga motora:250W<\/p>\n<p>Tip baterie:Olovno-kiselinski 48v20ah<\/p>\n<p>Instrument tabla:Digitalna u boji<\/p>\n<p>Maksimalni domet:50 km\uff08Laboratorijski podaci, stvarna kilometra\u017ea je odre\u0111ena vremenom, temperaturom, otporom vetra, uslovima na putu, navikama u vo\u017enji itd.\uff09<\/p>\n<p>Prednja ko\u010dnica:Disk (Velika)<\/p>\n<p>Zadnja ko\u010dnica:Disk<\/p>\n<p>Brava:Metalni klju\u010d i daljinski klju\u010d<\/p>\n<p>Bo\u010dno svetlo:Na obe strane<\/p>\n<p><img decoding=\"async\" src=\"https:\/\/c.cdnmp.net\/723480909\/p\/l\/4\/csm-skakavac-crvena~30774.jpg\" \/><\/p>\n<p>&nbsp;<\/p>\n","protected":false},"excerpt":{"rendered":"<p>Dimenzije:155cm*75cm*108cm Osnova To\u010dka:115cm Tip gume:3.00-10 Farovi:LED Maksimalna brzina:25 km\/h Motor:Bez \u010detkica Snaga motora:250W Tip baterie:Olovno-kiselinski 48v20ah Instrument tabla:Digitalna u boji Maksimalni domet:50 km\uff08Laboratorijski podaci, stvarna kilometra\u017ea je odre\u0111ena vremenom, temperaturom, otporom vetra, uslovima na putu, navikama u vo\u017enji itd.\uff09 Prednja ko\u010dnica:Disk (Velika) Zadnja ko\u010dnica:Disk Brava:Metalni klju\u010d i daljinski klju\u010d Bo\u010dno svetlo:Na obe strane &nbsp;<\/p>\n","protected":false},"featured_media":10675,"comment_status":"open","ping_status":"closed","template":"","meta":{"inline_featured_image":false},"product_brand":[],"product_cat":[333,355],"product_tag":[],"class_list":{"0":"post-10674","1":"product","2":"type-product","3":"status-publish","4":"has-post-thumbnail","6":"product_cat-bicikle","7":"product_cat-elektricni-bicikli","9":"first","10":"instock","11":"shipping-taxable","12":"purchasable","13":"product-type-simple"},"_links":{"self":[{"href":"https:\/\/tehnikabacko.rs\/index.php\/wp-json\/wp\/v2\/product\/10674","targetHints":{"allow":["GET"]}}],"collection":[{"href":"https:\/\/tehnikabacko.rs\/index.php\/wp-json\/wp\/v2\/product"}],"about":[{"href":"https:\/\/tehnikabacko.rs\/index.php\/wp-json\/wp\/v2\/types\/product"}],"replies":[{"embeddable":true,"href":"https:\/\/tehnikabacko.rs\/index.php\/wp-json\/wp\/v2\/comments?post=10674"}],"wp:featuredmedia":[{"embeddable":true,"href":"https:\/\/tehnikabacko.rs\/index.php\/wp-json\/wp\/v2\/media\/10675"}],"wp:attachment":[{"href":"https:\/\/tehnikabacko.rs\/index.php\/wp-json\/wp\/v2\/media?parent=10674"}],"wp:term":[{"taxonomy":"product_brand","embeddable":true,"href":"https:\/\/tehnikabacko.rs\/index.php\/wp-json\/wp\/v2\/product_brand?post=10674"},{"taxonomy":"product_cat","embeddable":true,"href":"https:\/\/tehnikabacko.rs\/index.php\/wp-json\/wp\/v2\/product_cat?post=10674"},{"taxonomy":"product_tag","embeddable":true,"href":"https:\/\/tehnikabacko.rs\/index.php\/wp-json\/wp\/v2\/product_tag?post=10674"}],"curies":[{"name":"wp","href":"https:\/\/api.w.org\/{rel}","templated":true}]}}