{"id":10629,"date":"2024-08-09T14:24:29","date_gmt":"2024-08-09T14:24:29","guid":{"rendered":"https:\/\/tehnikabacko.rs\/?post_type=product&#038;p=10629"},"modified":"2025-09-18T13:50:31","modified_gmt":"2025-09-18T13:50:31","slug":"akumulatorska-lancana-testera-cgsli201286-20v-2x40ah-ingco","status":"publish","type":"product","link":"https:\/\/tehnikabacko.rs\/index.php\/product\/akumulatorska-lancana-testera-cgsli201286-20v-2x40ah-ingco\/","title":{"rendered":"Akumulatorska lan\u010dana testera CGSLI201286 20V 2\u00d74,0Ah INGCO"},"content":{"rendered":"<p>Akumulatorska lan\u010dana testera nudi istinsku autonomiju i slobodu kretanja zahvaljujuc\u0301i najja\u010doj litijum-jonskoj bateriji na tr\u017ei\u0161tu.<br \/>\nIsporu\u010dena snaga u kombinaciji sa motorom bez \u010detkica ove motorne testere omoguc\u0301ava vam da se\u010dete bezbedno i bez nepotrebnog napora.<br \/>\nTako\u0111e je mnogo ti\u0161i od termalne motorne testere i omoguc\u0301ava vam da obrezujete ili se\u010dete drvo uzimajuc\u0301i u obzir okolinu.<\/p>\n<p><strong>Tehni\u010dke karakteristike proizvoda:<\/strong><\/p>\n<ul>\n<li>Brend: Ingco<\/li>\n<li>Model: CGSLI201286<\/li>\n<li><strong>BL<\/strong>\u00a0motor bez \u010detkica<\/li>\n<li>Napon: 20V<\/li>\n<li>Napon punjenja: 220 \u2013 240V ~ 50 \/ 60 Hz<\/li>\n<li>Du\u017eina vodilice: 12\u2033(30cm)<\/li>\n<li>Brzina lanca: 7,9m\/s<\/li>\n<li>Funkcija brzog ko\u010denja lanca<\/li>\n<li>Te\u017eina: 3 kg.<\/li>\n<li><strong>Obim isporuke proizvoda:<\/strong>\n<ul>\n<li>CGSLI201286 Akumulatorska lan\u010dana testera INGCO 20V 2\u00d74,0Ah<\/li>\n<li>1 kom 12\u2033 lanac testere<\/li>\n<li>1 kom 12\u2033 vodilica lan\u010dane testere<\/li>\n<li>2 kom 4,0 Ah baterija (FBLI2002)<\/li>\n<li>1 kom punja\u010d (FCLI2001E)<\/li>\n<li>Uputstvo za upotrebu<\/li>\n<li>Kartonsko pakovanje<\/li>\n<\/ul>\n<p><strong>Garancija 3 godine<\/strong><\/p>\n<p><img decoding=\"async\" src=\"https:\/\/koncarelektro.rs\/wp-content\/uploads\/2024\/03\/CGSLI201286-1.jpg\" alt=\"INGCO Akumulatorska lan\u010dana testera\" \/><\/li>\n<\/ul>\n","protected":false},"excerpt":{"rendered":"<ul>\n<li>CGSLI201286 Akumulatorska lan\u010dana testera INGCO 20V 2\u00d74,0Ah<\/li>\n<li>1 kom 12\u2033 lanac testere<\/li>\n<li>1 kom 12\u2033 vodilica lan\u010dane testere<\/li>\n<li>2 kom 4,0 Ah baterija (FBLI2002)<\/li>\n<li>1 kom punja\u010d (FCLI2001E)<\/li>\n<\/ul>\n","protected":false},"featured_media":10631,"comment_status":"open","ping_status":"closed","template":"","meta":{"inline_featured_image":false},"product_brand":[],"product_cat":[288,287],"product_tag":[],"class_list":{"0":"post-10629","1":"product","2":"type-product","3":"status-publish","4":"has-post-thumbnail","6":"product_cat-akumulatorska-testera","7":"product_cat-testere","9":"first","10":"instock","11":"sale","12":"shipping-taxable","13":"purchasable","14":"product-type-simple"},"_links":{"self":[{"href":"https:\/\/tehnikabacko.rs\/index.php\/wp-json\/wp\/v2\/product\/10629","targetHints":{"allow":["GET"]}}],"collection":[{"href":"https:\/\/tehnikabacko.rs\/index.php\/wp-json\/wp\/v2\/product"}],"about":[{"href":"https:\/\/tehnikabacko.rs\/index.php\/wp-json\/wp\/v2\/types\/product"}],"replies":[{"embeddable":true,"href":"https:\/\/tehnikabacko.rs\/index.php\/wp-json\/wp\/v2\/comments?post=10629"}],"wp:featuredmedia":[{"embeddable":true,"href":"https:\/\/tehnikabacko.rs\/index.php\/wp-json\/wp\/v2\/media\/10631"}],"wp:attachment":[{"href":"https:\/\/tehnikabacko.rs\/index.php\/wp-json\/wp\/v2\/media?parent=10629"}],"wp:term":[{"taxonomy":"product_brand","embeddable":true,"href":"https:\/\/tehnikabacko.rs\/index.php\/wp-json\/wp\/v2\/product_brand?post=10629"},{"taxonomy":"product_cat","embeddable":true,"href":"https:\/\/tehnikabacko.rs\/index.php\/wp-json\/wp\/v2\/product_cat?post=10629"},{"taxonomy":"product_tag","embeddable":true,"href":"https:\/\/tehnikabacko.rs\/index.php\/wp-json\/wp\/v2\/product_tag?post=10629"}],"curies":[{"name":"wp","href":"https:\/\/api.w.org\/{rel}","templated":true}]}}