{"id":10590,"date":"2024-08-08T08:30:54","date_gmt":"2024-08-08T08:30:54","guid":{"rendered":"https:\/\/tehnikabacko.rs\/?post_type=product&#038;p=10590"},"modified":"2025-06-02T02:10:32","modified_gmt":"2025-06-02T02:10:32","slug":"hksdb0348-set-preciznih-odvijaca-32kom-ingco","status":"publish","type":"product","link":"https:\/\/tehnikabacko.rs\/index.php\/product\/hksdb0348-set-preciznih-odvijaca-32kom-ingco\/","title":{"rendered":"HKSDB0348 SET PRECIZNIH ODVIJA\u010cA 32KOM INGCO"},"content":{"rendered":"<p>1 kom ru\u010dke jedinstvenog dizajna<\/p>\n<p>1 kom 4x60mm dr\u017ea\u010d bitova<\/p>\n<p>30 kom 4x28mm bitovi: SL1.5, SL2, SL2.5, SL3, SL3.5, SL4, PH000, PH00, PH0, PH1, T4,T5, T6, T7, T8, T9, T10, T15, T20, H0.9, H1. 3, H1.5, H2, H2.5, H3, H4, I2, U2.6,<\/p>\n<p>Five Star 0.8,<\/p>\n<p>Five Star 1.2,<\/p>\n<p>Five Star 0.8,<\/p>\n<p>Five Star 1.2 je pogodan za iPhone i iPad<\/p>\n<p><img decoding=\"async\" src=\"https:\/\/simns.rs\/login\/media\/images\/products\/0-73003400-1666991060.jpg\" \/><\/p>\n","protected":false},"excerpt":{"rendered":"<p>1 kom ru\u010dke jedinstvenog dizajna 1 kom 4x60mm dr\u017ea\u010d bitova 30 kom 4x28mm bitovi: SL1.5, SL2, SL2.5, SL3, SL3.5, SL4, PH000, PH00, PH0, PH1, T4,T5, T6, T7, T8, T9, T10, T15, T20, H0.9, H1. 3, H1.5, H2, H2.5, H3, H4, I2, U2.6, Five Star 0.8, Five Star 1.2, Five Star 0.8, Five Star 1.2 je [&hellip;]<\/p>\n","protected":false},"featured_media":10591,"comment_status":"open","ping_status":"closed","template":"","meta":{"inline_featured_image":false},"product_brand":[],"product_cat":[148],"product_tag":[],"class_list":{"0":"post-10590","1":"product","2":"type-product","3":"status-publish","4":"has-post-thumbnail","6":"product_cat-alati","8":"first","9":"instock","10":"shipping-taxable","11":"purchasable","12":"product-type-simple"},"_links":{"self":[{"href":"https:\/\/tehnikabacko.rs\/index.php\/wp-json\/wp\/v2\/product\/10590","targetHints":{"allow":["GET"]}}],"collection":[{"href":"https:\/\/tehnikabacko.rs\/index.php\/wp-json\/wp\/v2\/product"}],"about":[{"href":"https:\/\/tehnikabacko.rs\/index.php\/wp-json\/wp\/v2\/types\/product"}],"replies":[{"embeddable":true,"href":"https:\/\/tehnikabacko.rs\/index.php\/wp-json\/wp\/v2\/comments?post=10590"}],"wp:featuredmedia":[{"embeddable":true,"href":"https:\/\/tehnikabacko.rs\/index.php\/wp-json\/wp\/v2\/media\/10591"}],"wp:attachment":[{"href":"https:\/\/tehnikabacko.rs\/index.php\/wp-json\/wp\/v2\/media?parent=10590"}],"wp:term":[{"taxonomy":"product_brand","embeddable":true,"href":"https:\/\/tehnikabacko.rs\/index.php\/wp-json\/wp\/v2\/product_brand?post=10590"},{"taxonomy":"product_cat","embeddable":true,"href":"https:\/\/tehnikabacko.rs\/index.php\/wp-json\/wp\/v2\/product_cat?post=10590"},{"taxonomy":"product_tag","embeddable":true,"href":"https:\/\/tehnikabacko.rs\/index.php\/wp-json\/wp\/v2\/product_tag?post=10590"}],"curies":[{"name":"wp","href":"https:\/\/api.w.org\/{rel}","templated":true}]}}