{"id":10584,"date":"2024-08-08T08:22:19","date_gmt":"2024-08-08T08:22:19","guid":{"rendered":"https:\/\/tehnikabacko.rs\/?post_type=product&#038;p=10584"},"modified":"2025-06-01T17:52:45","modified_gmt":"2025-06-01T17:52:45","slug":"hps0601-makaze-za-orezivanje-220mm-ingco","status":"publish","type":"product","link":"https:\/\/tehnikabacko.rs\/index.php\/product\/hps0601-makaze-za-orezivanje-220mm-ingco\/","title":{"rendered":"HPS0601 MAKAZE ZA OREZIVANJE 220MM INGCO"},"content":{"rendered":"<p>Veli\u010dina makaza za orezivanje: 8.5&#8243; (220mm)<\/p>\n<p>Visoko kvalitetne ba\u0161tenske makaze za orezivanje izdr\u017eljivija su i poseduju potpuni metalni okvir.<\/p>\n<p>55# o\u0161trice od ugljeni\u010dnog \u010delika<\/p>\n<p>Termi\u010dki tretirane<\/p>\n<p>Oblo\u017eene teflonom<\/p>\n<p>PP ru\u010dke prekrivene TPR dr\u017ea\u010dima<\/p>\n<p><img decoding=\"async\" src=\"https:\/\/simns.rs\/login\/media\/images\/products\/0-99035800-1687352146.jpg\" \/><\/p>\n","protected":false},"excerpt":{"rendered":"<p>Veli\u010dina makaza za orezivanje: 8.5&#8243; (220mm) Visoko kvalitetne ba\u0161tenske makaze za orezivanje izdr\u017eljivija su i poseduju potpuni metalni okvir. 55# o\u0161trice od ugljeni\u010dnog \u010delika Termi\u010dki tretirane Oblo\u017eene teflonom PP ru\u010dke prekrivene TPR dr\u017ea\u010dima<\/p>\n","protected":false},"featured_media":10585,"comment_status":"open","ping_status":"closed","template":"","meta":{"inline_featured_image":false},"product_brand":[],"product_cat":[148,351],"product_tag":[],"class_list":{"0":"post-10584","1":"product","2":"type-product","3":"status-publish","4":"has-post-thumbnail","6":"product_cat-alati","7":"product_cat-makaze","9":"first","10":"instock","11":"shipping-taxable","12":"purchasable","13":"product-type-simple"},"_links":{"self":[{"href":"https:\/\/tehnikabacko.rs\/index.php\/wp-json\/wp\/v2\/product\/10584","targetHints":{"allow":["GET"]}}],"collection":[{"href":"https:\/\/tehnikabacko.rs\/index.php\/wp-json\/wp\/v2\/product"}],"about":[{"href":"https:\/\/tehnikabacko.rs\/index.php\/wp-json\/wp\/v2\/types\/product"}],"replies":[{"embeddable":true,"href":"https:\/\/tehnikabacko.rs\/index.php\/wp-json\/wp\/v2\/comments?post=10584"}],"wp:featuredmedia":[{"embeddable":true,"href":"https:\/\/tehnikabacko.rs\/index.php\/wp-json\/wp\/v2\/media\/10585"}],"wp:attachment":[{"href":"https:\/\/tehnikabacko.rs\/index.php\/wp-json\/wp\/v2\/media?parent=10584"}],"wp:term":[{"taxonomy":"product_brand","embeddable":true,"href":"https:\/\/tehnikabacko.rs\/index.php\/wp-json\/wp\/v2\/product_brand?post=10584"},{"taxonomy":"product_cat","embeddable":true,"href":"https:\/\/tehnikabacko.rs\/index.php\/wp-json\/wp\/v2\/product_cat?post=10584"},{"taxonomy":"product_tag","embeddable":true,"href":"https:\/\/tehnikabacko.rs\/index.php\/wp-json\/wp\/v2\/product_tag?post=10584"}],"curies":[{"name":"wp","href":"https:\/\/api.w.org\/{rel}","templated":true}]}}