{"id":10524,"date":"2024-06-04T11:15:47","date_gmt":"2024-06-04T11:15:47","guid":{"rendered":"https:\/\/tehnikabacko.rs\/?post_type=product&#038;p=10524"},"modified":"2025-06-01T19:00:06","modified_gmt":"2025-06-01T19:00:06","slug":"karcher-perac-pod-pritiskom-k3-compact","status":"publish","type":"product","link":"https:\/\/tehnikabacko.rs\/index.php\/product\/karcher-perac-pod-pritiskom-k3-compact\/","title":{"rendered":"KARCHER Pera\u010d pod pritiskom K3 COMPACT"},"content":{"rendered":"<p>Pera\u010d pod pritiskom Karcher K3 Compact<\/p>\n<p>Karcher pera\u010d pod pritiskom K3 Compact veoma je kompaktan, lak za transport i lak za odlaganje.<br \/>\nPera\u010d pod pritiskom Karcher K3 Compact opremljen je pi\u0161toljem za prskanje Cuick Connect, crevom visokog pritiska du\u017eine 6 m, Vario Pover mlaznicom, Dirt Blasterom i filterom za vodu.<br \/>\nK 3 Compact je idealan za povremenu upotrebu i laganu prljav\u0161tinu na ba\u0161tenskom name\u0161taju i alatima, biciklima i oko kuc\u0301e.<br \/>\nPerformanse povr\u0161ine su 25 m\u00b2\/h.<\/p>\n<p>Tehni\u010dki podaci Karcher pera\u010da pod pritiskom K3 Compact:<\/p>\n<p>Strujni tip (V\/Hz) 220 &#8211; 240 \/ 50 &#8211; 60<br \/>\nPritisak (bar\/MPa) 20 &#8211; mak. 120 \/ 2 &#8211; mak. 12<br \/>\nProtok (l\/h) 380<br \/>\nPerformanse povr\u0161ine (m\u00b2\/h) 25<br \/>\nUlazna temperatura (\u00b0C) max. 40<br \/>\nPriklju\u010dno opterec\u0301enje (kV) 1,6<br \/>\nTe\u017eina bez pribora (kg) 4,2<br \/>\nTe\u017eina uklj. pakovanje (kg) 6<br \/>\nDimenzije (D \u00d7 \u0160 \u00d7 V) (mm) 264 x 256x 450<\/p>\n<p>Oprema:<\/p>\n<p>Pi\u0161tolj za prskanje visokog pritiska, G 120 K<br \/>\nVario Pover\u2009Jet mlaz<br \/>\nDirt Blaster mlaznica<br \/>\nCrevo visokog pritiska, 6 m<br \/>\nBrzo povezivanje sa strane ure\u0111aja<br \/>\nPrimena deterd\u017eenta preko usisnog creva<br \/>\nTeleskopska ru\u010dka<br \/>\nIntegrisani filter za vodu<br \/>\nAdapter konektora za ba\u0161tensko crevo A3\/4&#8243;<\/p>\n","protected":false},"excerpt":{"rendered":"<p><img fetchpriority=\"high\" decoding=\"async\" class=\"alignnone size-medium wp-image-10525\" src=\"https:\/\/tehnikabacko.rs\/wp-content\/uploads\/2024\/06\/image650d6ce99b7a0-300x300.jpg\" alt=\"\" width=\"300\" height=\"300\" srcset=\"https:\/\/tehnikabacko.rs\/wp-content\/uploads\/2024\/06\/image650d6ce99b7a0-300x300.jpg 300w, https:\/\/tehnikabacko.rs\/wp-content\/uploads\/2024\/06\/image650d6ce99b7a0-150x150.jpg 150w, https:\/\/tehnikabacko.rs\/wp-content\/uploads\/2024\/06\/image650d6ce99b7a0-768x768.jpg 768w, https:\/\/tehnikabacko.rs\/wp-content\/uploads\/2024\/06\/image650d6ce99b7a0-400x400.jpg 400w, https:\/\/tehnikabacko.rs\/wp-content\/uploads\/2024\/06\/image650d6ce99b7a0-600x600.jpg 600w, https:\/\/tehnikabacko.rs\/wp-content\/uploads\/2024\/06\/image650d6ce99b7a0-100x100.jpg 100w, https:\/\/tehnikabacko.rs\/wp-content\/uploads\/2024\/06\/image650d6ce99b7a0-50x50.jpg 50w, https:\/\/tehnikabacko.rs\/wp-content\/uploads\/2024\/06\/image650d6ce99b7a0-96x96.jpg 96w, https:\/\/tehnikabacko.rs\/wp-content\/uploads\/2024\/06\/image650d6ce99b7a0-460x460.jpg 460w, https:\/\/tehnikabacko.rs\/wp-content\/uploads\/2024\/06\/image650d6ce99b7a0.jpg 1000w\" sizes=\"(max-width: 300px) 100vw, 300px\" \/> <img decoding=\"async\" class=\"alignnone size-medium wp-image-10526\" src=\"https:\/\/tehnikabacko.rs\/wp-content\/uploads\/2024\/06\/Karcher-masina-za-pranje-pod-visokim-pritiskom-Karcher-aparat-K-3-Compact-Karcher-akcija-Karcher-Centar-Karcher-Prodaja-9-300x300.jpg\" alt=\"\" width=\"300\" height=\"300\" srcset=\"https:\/\/tehnikabacko.rs\/wp-content\/uploads\/2024\/06\/Karcher-masina-za-pranje-pod-visokim-pritiskom-Karcher-aparat-K-3-Compact-Karcher-akcija-Karcher-Centar-Karcher-Prodaja-9-300x300.jpg 300w, https:\/\/tehnikabacko.rs\/wp-content\/uploads\/2024\/06\/Karcher-masina-za-pranje-pod-visokim-pritiskom-Karcher-aparat-K-3-Compact-Karcher-akcija-Karcher-Centar-Karcher-Prodaja-9-1024x1024.jpg 1024w, https:\/\/tehnikabacko.rs\/wp-content\/uploads\/2024\/06\/Karcher-masina-za-pranje-pod-visokim-pritiskom-Karcher-aparat-K-3-Compact-Karcher-akcija-Karcher-Centar-Karcher-Prodaja-9-150x150.jpg 150w, https:\/\/tehnikabacko.rs\/wp-content\/uploads\/2024\/06\/Karcher-masina-za-pranje-pod-visokim-pritiskom-Karcher-aparat-K-3-Compact-Karcher-akcija-Karcher-Centar-Karcher-Prodaja-9-768x768.jpg 768w, https:\/\/tehnikabacko.rs\/wp-content\/uploads\/2024\/06\/Karcher-masina-za-pranje-pod-visokim-pritiskom-Karcher-aparat-K-3-Compact-Karcher-akcija-Karcher-Centar-Karcher-Prodaja-9-400x400.jpg 400w, https:\/\/tehnikabacko.rs\/wp-content\/uploads\/2024\/06\/Karcher-masina-za-pranje-pod-visokim-pritiskom-Karcher-aparat-K-3-Compact-Karcher-akcija-Karcher-Centar-Karcher-Prodaja-9-600x600.jpg 600w, https:\/\/tehnikabacko.rs\/wp-content\/uploads\/2024\/06\/Karcher-masina-za-pranje-pod-visokim-pritiskom-Karcher-aparat-K-3-Compact-Karcher-akcija-Karcher-Centar-Karcher-Prodaja-9-100x100.jpg 100w, https:\/\/tehnikabacko.rs\/wp-content\/uploads\/2024\/06\/Karcher-masina-za-pranje-pod-visokim-pritiskom-Karcher-aparat-K-3-Compact-Karcher-akcija-Karcher-Centar-Karcher-Prodaja-9-50x50.jpg 50w, https:\/\/tehnikabacko.rs\/wp-content\/uploads\/2024\/06\/Karcher-masina-za-pranje-pod-visokim-pritiskom-Karcher-aparat-K-3-Compact-Karcher-akcija-Karcher-Centar-Karcher-Prodaja-9-96x96.jpg 96w, https:\/\/tehnikabacko.rs\/wp-content\/uploads\/2024\/06\/Karcher-masina-za-pranje-pod-visokim-pritiskom-Karcher-aparat-K-3-Compact-Karcher-akcija-Karcher-Centar-Karcher-Prodaja-9-460x460.jpg 460w, https:\/\/tehnikabacko.rs\/wp-content\/uploads\/2024\/06\/Karcher-masina-za-pranje-pod-visokim-pritiskom-Karcher-aparat-K-3-Compact-Karcher-akcija-Karcher-Centar-Karcher-Prodaja-9.jpg 1200w\" sizes=\"(max-width: 300px) 100vw, 300px\" \/> <img decoding=\"async\" class=\"alignnone size-medium wp-image-10527\" src=\"https:\/\/tehnikabacko.rs\/wp-content\/uploads\/2024\/06\/LV7gjbGK7FctkqM0KIPw4ZnBG9KWHltrNyXyMWwm-300x200.jpg\" alt=\"\" width=\"300\" height=\"200\" srcset=\"https:\/\/tehnikabacko.rs\/wp-content\/uploads\/2024\/06\/LV7gjbGK7FctkqM0KIPw4ZnBG9KWHltrNyXyMWwm-300x200.jpg 300w, https:\/\/tehnikabacko.rs\/wp-content\/uploads\/2024\/06\/LV7gjbGK7FctkqM0KIPw4ZnBG9KWHltrNyXyMWwm-1024x683.jpg 1024w, https:\/\/tehnikabacko.rs\/wp-content\/uploads\/2024\/06\/LV7gjbGK7FctkqM0KIPw4ZnBG9KWHltrNyXyMWwm-768x512.jpg 768w, https:\/\/tehnikabacko.rs\/wp-content\/uploads\/2024\/06\/LV7gjbGK7FctkqM0KIPw4ZnBG9KWHltrNyXyMWwm-1536x1024.jpg 1536w, https:\/\/tehnikabacko.rs\/wp-content\/uploads\/2024\/06\/LV7gjbGK7FctkqM0KIPw4ZnBG9KWHltrNyXyMWwm-600x400.jpg 600w, https:\/\/tehnikabacko.rs\/wp-content\/uploads\/2024\/06\/LV7gjbGK7FctkqM0KIPw4ZnBG9KWHltrNyXyMWwm.jpg 1600w\" sizes=\"(max-width: 300px) 100vw, 300px\" \/><\/p>\n","protected":false},"featured_media":10525,"comment_status":"open","ping_status":"closed","template":"","meta":{"inline_featured_image":false},"product_brand":[],"product_cat":[289],"product_tag":[],"class_list":{"0":"post-10524","1":"product","2":"type-product","3":"status-publish","4":"has-post-thumbnail","6":"product_cat-perac-pod-pritiskom","8":"first","9":"instock","10":"shipping-taxable","11":"purchasable","12":"product-type-simple"},"_links":{"self":[{"href":"https:\/\/tehnikabacko.rs\/index.php\/wp-json\/wp\/v2\/product\/10524","targetHints":{"allow":["GET"]}}],"collection":[{"href":"https:\/\/tehnikabacko.rs\/index.php\/wp-json\/wp\/v2\/product"}],"about":[{"href":"https:\/\/tehnikabacko.rs\/index.php\/wp-json\/wp\/v2\/types\/product"}],"replies":[{"embeddable":true,"href":"https:\/\/tehnikabacko.rs\/index.php\/wp-json\/wp\/v2\/comments?post=10524"}],"wp:featuredmedia":[{"embeddable":true,"href":"https:\/\/tehnikabacko.rs\/index.php\/wp-json\/wp\/v2\/media\/10525"}],"wp:attachment":[{"href":"https:\/\/tehnikabacko.rs\/index.php\/wp-json\/wp\/v2\/media?parent=10524"}],"wp:term":[{"taxonomy":"product_brand","embeddable":true,"href":"https:\/\/tehnikabacko.rs\/index.php\/wp-json\/wp\/v2\/product_brand?post=10524"},{"taxonomy":"product_cat","embeddable":true,"href":"https:\/\/tehnikabacko.rs\/index.php\/wp-json\/wp\/v2\/product_cat?post=10524"},{"taxonomy":"product_tag","embeddable":true,"href":"https:\/\/tehnikabacko.rs\/index.php\/wp-json\/wp\/v2\/product_tag?post=10524"}],"curies":[{"name":"wp","href":"https:\/\/api.w.org\/{rel}","templated":true}]}}