{"id":10515,"date":"2024-06-04T08:40:15","date_gmt":"2024-06-04T08:40:15","guid":{"rendered":"https:\/\/tehnikabacko.rs\/?post_type=product&#038;p=10515"},"modified":"2025-06-02T18:38:27","modified_gmt":"2025-06-02T18:38:27","slug":"akumulator-12v-75ah-d-ciak-starter","status":"publish","type":"product","link":"https:\/\/tehnikabacko.rs\/index.php\/product\/akumulator-12v-75ah-d-ciak-starter\/","title":{"rendered":"AKUMULATOR 12V-75AH D+ CIAK STARTER"},"content":{"rendered":"<div class=\"single-product-tab\">\n<div class=\"tab-content\">\n<div id=\"description\" class=\"tab-pane active\" role=\"tabpanel\">\n<div class=\"hideopis\">\n<table class=\"specs\" cellspacing=\"0\" cellpadding=\"0\">\n<tbody>\n<tr>\n<td class=\"title\">Napon:<\/td>\n<td class=\"value\">12 V<\/td>\n<\/tr>\n<tr>\n<td class=\"title\">Kapacitet:<\/td>\n<td class=\"value\">75 AH<\/td>\n<\/tr>\n<tr>\n<td class=\"title\">Struja hladnog starta:<\/td>\n<td class=\"value\">680 A<\/td>\n<\/tr>\n<\/tbody>\n<\/table>\n<table class=\"specs\" cellspacing=\"0\" cellpadding=\"0\">\n<tbody>\n<tr>\n<td colspan=\"2\">\n<h2>FIZI\u010cKE KARAKTERISTIKE<\/h2>\n<\/td>\n<\/tr>\n<tr>\n<td class=\"title\"><\/td>\n<td class=\"value\"><\/td>\n<\/tr>\n<tr>\n<td class=\"title\"><\/td>\n<td class=\"value\"><\/td>\n<\/tr>\n<tr>\n<td class=\"title\">du\u017eina:<\/td>\n<td class=\"value\">278 mm<\/td>\n<\/tr>\n<tr>\n<td class=\"title\">\u0161irina:<\/td>\n<td class=\"value\">175 mm<\/td>\n<\/tr>\n<tr>\n<td class=\"title\">visina:<\/td>\n<td class=\"value\">190 mm<\/td>\n<\/tr>\n<\/tbody>\n<\/table>\n<p><img decoding=\"async\" src=\"https:\/\/ciakrs.rs\/images\/artikli\/img09-25-2017_024115_31588.png\" \/><\/p>\n<\/div>\n<\/div>\n<\/div>\n<\/div>\n","protected":false},"excerpt":{"rendered":"<p>Napon: 12 V Kapacitet: 75 AH Struja hladnog starta: 680 A FIZI\u010cKE KARAKTERISTIKE du\u017eina: 278 mm \u0161irina: 175 mm visina: 190 mm<\/p>\n","protected":false},"featured_media":10516,"comment_status":"open","ping_status":"closed","template":"","meta":{"inline_featured_image":false},"product_brand":[],"product_cat":[346],"product_tag":[],"class_list":{"0":"post-10515","1":"product","2":"type-product","3":"status-publish","4":"has-post-thumbnail","6":"product_cat-akumulatori","8":"first","9":"instock","10":"shipping-taxable","11":"purchasable","12":"product-type-simple"},"_links":{"self":[{"href":"https:\/\/tehnikabacko.rs\/index.php\/wp-json\/wp\/v2\/product\/10515","targetHints":{"allow":["GET"]}}],"collection":[{"href":"https:\/\/tehnikabacko.rs\/index.php\/wp-json\/wp\/v2\/product"}],"about":[{"href":"https:\/\/tehnikabacko.rs\/index.php\/wp-json\/wp\/v2\/types\/product"}],"replies":[{"embeddable":true,"href":"https:\/\/tehnikabacko.rs\/index.php\/wp-json\/wp\/v2\/comments?post=10515"}],"wp:featuredmedia":[{"embeddable":true,"href":"https:\/\/tehnikabacko.rs\/index.php\/wp-json\/wp\/v2\/media\/10516"}],"wp:attachment":[{"href":"https:\/\/tehnikabacko.rs\/index.php\/wp-json\/wp\/v2\/media?parent=10515"}],"wp:term":[{"taxonomy":"product_brand","embeddable":true,"href":"https:\/\/tehnikabacko.rs\/index.php\/wp-json\/wp\/v2\/product_brand?post=10515"},{"taxonomy":"product_cat","embeddable":true,"href":"https:\/\/tehnikabacko.rs\/index.php\/wp-json\/wp\/v2\/product_cat?post=10515"},{"taxonomy":"product_tag","embeddable":true,"href":"https:\/\/tehnikabacko.rs\/index.php\/wp-json\/wp\/v2\/product_tag?post=10515"}],"curies":[{"name":"wp","href":"https:\/\/api.w.org\/{rel}","templated":true}]}}