{"id":10503,"date":"2024-05-20T12:23:04","date_gmt":"2024-05-20T12:23:04","guid":{"rendered":"https:\/\/tehnikabacko.rs\/?post_type=product&#038;p=10503"},"modified":"2024-05-20T12:23:04","modified_gmt":"2024-05-20T12:23:04","slug":"akumulatorski-trimer-za-travu-40v-farm-flmatr2","status":"publish","type":"product","link":"https:\/\/tehnikabacko.rs\/index.php\/product\/akumulatorski-trimer-za-travu-40v-farm-flmatr2\/","title":{"rendered":"Akumulatorski trimer za travu 40V Farm FLMATR2"},"content":{"rendered":"<p>Neto te\u017eina : 2,8 kg<br \/>\n\u0160irina rezanja : 380 mm (glava sa nitima), 250 mm (metalni no\u017e)<br \/>\nBrzina : 4500 rpm<br \/>\nBaterija : 40V (Li-lon)<br \/>\nSnaga : 500W<br \/>\nKapacitet baterije : 2Ah \/ 4Ah; ( +\/- 43 min; +\/- 86 min)<br \/>\nte\u017eina pakovanja: 5,61kg<br \/>\nPri radu obavezno koristiti za\u0161titnu opremu<\/p>\n<p><img decoding=\"async\" src=\"https:\/\/www.volimsvojdom.rs\/wf-proizvodiPics\/118911\/akumulatorski-trimer-za-travu-40v-farm-flmatr2.jpg\" alt=\"Akumulatorski trimer za travu 40V Farm FLMATR2\" \/><\/p>\n<p><img decoding=\"async\" src=\"https:\/\/www.volimsvojdom.rs\/wf-proizvodiPics\/118911\/akumulatorski-trimer-za-travu-40v-farm-flmatr2-1.jpg\" alt=\"Akumulatorski trimer za travu 40V Farm FLMATR2\" \/><\/p>\n","protected":false},"excerpt":{"rendered":"<h3><strong>Trimer se isporu\u010duje sa pojasom,<\/strong><strong>\u00a0baterijom i punja\u010dem.<\/strong><\/h3>\n<p>Akumulatorski trimer za travu 40V Farm FLMATR2 je prakti\u010dno re\u0161enje za doma\u0107instva, za lak\u0161e ure\u0111enje travnjaka u dvori\u0161tu. Ure\u0111aj se odlikuje glavom sa nitnama sa \u0161irinom rezanja od 380mm i metalnim no\u017eem od 250mm. Snaga trimera iznosi 500W, pa stvara do 4500rpm za lak\u0161i rad. Ure\u0111aj je tih u radu, a po\u0161to se napaja Li-ion baterijom, ne poseduje ni kabl koji bi mogao da predstavlja smetnju u radu.<\/p>\n","protected":false},"featured_media":10504,"comment_status":"open","ping_status":"closed","template":"","meta":{"inline_featured_image":false},"product_brand":[],"product_cat":[318,290],"product_tag":[],"class_list":{"0":"post-10503","1":"product","2":"type-product","3":"status-publish","4":"has-post-thumbnail","6":"product_cat-aku-trimeri","7":"product_cat-trimeri-za-travu","9":"first","10":"instock","11":"shipping-taxable","12":"purchasable","13":"product-type-simple"},"_links":{"self":[{"href":"https:\/\/tehnikabacko.rs\/index.php\/wp-json\/wp\/v2\/product\/10503","targetHints":{"allow":["GET"]}}],"collection":[{"href":"https:\/\/tehnikabacko.rs\/index.php\/wp-json\/wp\/v2\/product"}],"about":[{"href":"https:\/\/tehnikabacko.rs\/index.php\/wp-json\/wp\/v2\/types\/product"}],"replies":[{"embeddable":true,"href":"https:\/\/tehnikabacko.rs\/index.php\/wp-json\/wp\/v2\/comments?post=10503"}],"wp:featuredmedia":[{"embeddable":true,"href":"https:\/\/tehnikabacko.rs\/index.php\/wp-json\/wp\/v2\/media\/10504"}],"wp:attachment":[{"href":"https:\/\/tehnikabacko.rs\/index.php\/wp-json\/wp\/v2\/media?parent=10503"}],"wp:term":[{"taxonomy":"product_brand","embeddable":true,"href":"https:\/\/tehnikabacko.rs\/index.php\/wp-json\/wp\/v2\/product_brand?post=10503"},{"taxonomy":"product_cat","embeddable":true,"href":"https:\/\/tehnikabacko.rs\/index.php\/wp-json\/wp\/v2\/product_cat?post=10503"},{"taxonomy":"product_tag","embeddable":true,"href":"https:\/\/tehnikabacko.rs\/index.php\/wp-json\/wp\/v2\/product_tag?post=10503"}],"curies":[{"name":"wp","href":"https:\/\/api.w.org\/{rel}","templated":true}]}}