{"id":10401,"date":"2024-03-05T10:25:32","date_gmt":"2024-03-05T10:25:32","guid":{"rendered":"https:\/\/tehnikabacko.rs\/?post_type=product&#038;p=10401"},"modified":"2026-02-23T17:21:56","modified_gmt":"2026-02-23T17:21:56","slug":"villager-villy-1200-p-elektricna-kosacica","status":"publish","type":"product","link":"https:\/\/tehnikabacko.rs\/index.php\/product\/villager-villy-1200-p-elektricna-kosacica\/","title":{"rendered":"Villager Villy 1200 P elektri\u010dna kosa\u010dica"},"content":{"rendered":"<p>Kategorija Elektri\u010dne kosa\u010dice<br \/>\nMotor Elektri\u010dni<br \/>\nPogon Guraju\u0107i<br \/>\nPovr\u0161ina ko\u0161enja 400 m\u00b2<br \/>\nTip motora Kolektorski elektromotor<br \/>\nRadni napon 230 V ~ 50 Hz<br \/>\nUlazna snaga 1200 W<br \/>\n\u0160irina ko\u0161enja 320 mm<br \/>\nVisina ko\u0161enja 20 &#8211; 60 mm (3 nivoa)<br \/>\nPre\u010dnik to\u010dka prednji \/ zadnji 140 mm \/ 140 mm<br \/>\nTip ku\u0107i\u0161ta Polipropilensko<br \/>\nZapremina sakuplja\u010da 26 l<br \/>\nMasa 9.8 kg<br \/>\nLinija proizvoda Black edition<\/p>\n<p>&nbsp;<\/p>\n<p>&nbsp;<\/p>\n<p><img fetchpriority=\"high\" decoding=\"async\" class=\"alignnone size-medium wp-image-10402\" src=\"https:\/\/tehnikabacko.rs\/wp-content\/uploads\/2024\/03\/elektricna-kosilica-1200p-300x300.png\" alt=\"\" width=\"300\" height=\"300\" srcset=\"https:\/\/tehnikabacko.rs\/wp-content\/uploads\/2024\/03\/elektricna-kosilica-1200p-300x300.png 300w, https:\/\/tehnikabacko.rs\/wp-content\/uploads\/2024\/03\/elektricna-kosilica-1200p-1024x1024.png 1024w, https:\/\/tehnikabacko.rs\/wp-content\/uploads\/2024\/03\/elektricna-kosilica-1200p-150x150.png 150w, https:\/\/tehnikabacko.rs\/wp-content\/uploads\/2024\/03\/elektricna-kosilica-1200p-768x768.png 768w, https:\/\/tehnikabacko.rs\/wp-content\/uploads\/2024\/03\/elektricna-kosilica-1200p-400x400.png 400w, https:\/\/tehnikabacko.rs\/wp-content\/uploads\/2024\/03\/elektricna-kosilica-1200p-600x600.png 600w, https:\/\/tehnikabacko.rs\/wp-content\/uploads\/2024\/03\/elektricna-kosilica-1200p-100x100.png 100w, https:\/\/tehnikabacko.rs\/wp-content\/uploads\/2024\/03\/elektricna-kosilica-1200p-50x50.png 50w, https:\/\/tehnikabacko.rs\/wp-content\/uploads\/2024\/03\/elektricna-kosilica-1200p-96x96.png 96w, https:\/\/tehnikabacko.rs\/wp-content\/uploads\/2024\/03\/elektricna-kosilica-1200p-460x460.png 460w, https:\/\/tehnikabacko.rs\/wp-content\/uploads\/2024\/03\/elektricna-kosilica-1200p.png 1080w\" sizes=\"(max-width: 300px) 100vw, 300px\" \/><\/p>\n","protected":false},"excerpt":{"rendered":"<p>Kategorija Elektri\u010dne kosa\u010dice Motor Elektri\u010dni Pogon Guraju\u0107i Povr\u0161ina ko\u0161enja 400 m\u00b2 Tip motora Kolektorski elektromotor Radni napon 230 V ~ 50 Hz Ulazna snaga 1200 W \u0160irina ko\u0161enja 320 mm Visina ko\u0161enja 20 &#8211; 60 mm (3 nivoa) Pre\u010dnik to\u010dka prednji \/ zadnji 140 mm \/ 140 mm Tip ku\u0107i\u0161ta Polipropilensko Zapremina sakuplja\u010da 26 l [&hellip;]<\/p>\n","protected":false},"featured_media":10402,"comment_status":"open","ping_status":"closed","template":"","meta":{"inline_featured_image":false},"product_brand":[],"product_cat":[271],"product_tag":[],"class_list":{"0":"post-10401","1":"product","2":"type-product","3":"status-publish","4":"has-post-thumbnail","6":"product_cat-elektricna-kosilica","8":"first","9":"instock","10":"sale","11":"shipping-taxable","12":"purchasable","13":"product-type-simple"},"_links":{"self":[{"href":"https:\/\/tehnikabacko.rs\/index.php\/wp-json\/wp\/v2\/product\/10401","targetHints":{"allow":["GET"]}}],"collection":[{"href":"https:\/\/tehnikabacko.rs\/index.php\/wp-json\/wp\/v2\/product"}],"about":[{"href":"https:\/\/tehnikabacko.rs\/index.php\/wp-json\/wp\/v2\/types\/product"}],"replies":[{"embeddable":true,"href":"https:\/\/tehnikabacko.rs\/index.php\/wp-json\/wp\/v2\/comments?post=10401"}],"wp:featuredmedia":[{"embeddable":true,"href":"https:\/\/tehnikabacko.rs\/index.php\/wp-json\/wp\/v2\/media\/10402"}],"wp:attachment":[{"href":"https:\/\/tehnikabacko.rs\/index.php\/wp-json\/wp\/v2\/media?parent=10401"}],"wp:term":[{"taxonomy":"product_brand","embeddable":true,"href":"https:\/\/tehnikabacko.rs\/index.php\/wp-json\/wp\/v2\/product_brand?post=10401"},{"taxonomy":"product_cat","embeddable":true,"href":"https:\/\/tehnikabacko.rs\/index.php\/wp-json\/wp\/v2\/product_cat?post=10401"},{"taxonomy":"product_tag","embeddable":true,"href":"https:\/\/tehnikabacko.rs\/index.php\/wp-json\/wp\/v2\/product_tag?post=10401"}],"curies":[{"name":"wp","href":"https:\/\/api.w.org\/{rel}","templated":true}]}}