{"id":10373,"date":"2024-02-21T09:48:34","date_gmt":"2024-02-21T09:48:34","guid":{"rendered":"https:\/\/tehnikabacko.rs\/?post_type=product&#038;p=10373"},"modified":"2024-02-21T09:48:34","modified_gmt":"2024-02-21T09:48:34","slug":"motorna-kosilica-agm-5119s","status":"publish","type":"product","link":"https:\/\/tehnikabacko.rs\/index.php\/product\/motorna-kosilica-agm-5119s\/","title":{"rendered":"Motorna Kosilica AGM 5119S"},"content":{"rendered":"<table class=\"table product-attrbite-table\">\n<thead>\n<tr>\n<th>Karakteristika<\/th>\n<th>Vrednost<\/th>\n<\/tr>\n<\/thead>\n<tbody>\n<tr>\n<td>Kategorija<\/td>\n<td><a title=\"Motorne kosa\u010dice\" href=\"https:\/\/www.agromarket.rs\/motorne-kosacice\">Motorne kosa\u010dice<\/a><\/td>\n<\/tr>\n<tr class=\"attr-table-product-weight\">\n<td>Te\u017eina pakovanja<\/td>\n<td>23.7 kg<\/td>\n<\/tr>\n<tr class=\"attr-brend\">\n<td>Brend<\/td>\n<td><a title=\"Agm\" href=\"https:\/\/www.agromarket.rs\/proizvodi\/brend-agm\">Agm<\/a><\/td>\n<\/tr>\n<tr class=\"attr-tip-motora\">\n<td>Tip motora<\/td>\n<td>OHV EURO 5<\/td>\n<\/tr>\n<tr class=\"attr-snaga-motora\">\n<td>Snaga motora<\/td>\n<td>2.6 kW<\/td>\n<\/tr>\n<tr class=\"attr-zapremina-motora\">\n<td>Zapremina motora<\/td>\n<td>146 cm\u00b3<\/td>\n<\/tr>\n<tr class=\"attr-broj-obrtaja\">\n<td>Broj obrtaja<\/td>\n<td>3000 rpm<\/td>\n<\/tr>\n<tr class=\"attr-povrsina-kosenja\">\n<td>Povr\u0161ina ko\u0161enja<\/td>\n<td>1100 m\u00b2<\/td>\n<\/tr>\n<tr class=\"attr-sirina-kosenja\">\n<td>\u0160irina ko\u0161enja<\/td>\n<td>501 mm<\/td>\n<\/tr>\n<tr class=\"attr-visina-kosenja\">\n<td>Visina ko\u0161enja<\/td>\n<td>35 &#8211; 70 mm (3 nivoa)<\/td>\n<\/tr>\n<tr class=\"attr-tip-pogona\">\n<td>Tip pogona<\/td>\n<td>Guraju\u0107i<\/td>\n<\/tr>\n<tr class=\"attr-precnik-tocka-prednjizadnji\">\n<td>Pre\u010dnik to\u010dka (prednji\/zadnji)<\/td>\n<td><a title=\"7\" href=\"https:\/\/www.agromarket.rs\/proizvodi\/precnik-tocka-prednjizadnji-7-7\">7&#8243; \/ 7&#8243;<\/a><\/td>\n<\/tr>\n<tr class=\"attr-tip-kucista\">\n<td>Tip ku\u0107i\u0161ta<\/td>\n<td>\u010celi\u010dno<\/td>\n<\/tr>\n<\/tbody>\n<\/table>\n<p>&nbsp;<\/p>\n<p>&nbsp;<\/p>\n<p>&nbsp;<\/p>\n<p><img fetchpriority=\"high\" decoding=\"async\" class=\"alignnone size-medium wp-image-10374\" src=\"https:\/\/tehnikabacko.rs\/wp-content\/uploads\/2024\/02\/motorna-kosilica-300x300.png\" alt=\"\" width=\"300\" height=\"300\" srcset=\"https:\/\/tehnikabacko.rs\/wp-content\/uploads\/2024\/02\/motorna-kosilica-300x300.png 300w, https:\/\/tehnikabacko.rs\/wp-content\/uploads\/2024\/02\/motorna-kosilica-1024x1024.png 1024w, https:\/\/tehnikabacko.rs\/wp-content\/uploads\/2024\/02\/motorna-kosilica-150x150.png 150w, https:\/\/tehnikabacko.rs\/wp-content\/uploads\/2024\/02\/motorna-kosilica-768x768.png 768w, https:\/\/tehnikabacko.rs\/wp-content\/uploads\/2024\/02\/motorna-kosilica-400x400.png 400w, https:\/\/tehnikabacko.rs\/wp-content\/uploads\/2024\/02\/motorna-kosilica-600x600.png 600w, https:\/\/tehnikabacko.rs\/wp-content\/uploads\/2024\/02\/motorna-kosilica-100x100.png 100w, https:\/\/tehnikabacko.rs\/wp-content\/uploads\/2024\/02\/motorna-kosilica-50x50.png 50w, https:\/\/tehnikabacko.rs\/wp-content\/uploads\/2024\/02\/motorna-kosilica-96x96.png 96w, https:\/\/tehnikabacko.rs\/wp-content\/uploads\/2024\/02\/motorna-kosilica-460x460.png 460w, https:\/\/tehnikabacko.rs\/wp-content\/uploads\/2024\/02\/motorna-kosilica.png 1080w\" sizes=\"(max-width: 300px) 100vw, 300px\" \/><\/p>\n<p>&nbsp;<\/p>\n<p>&nbsp;<\/p>\n","protected":false},"excerpt":{"rendered":"<p>Karakteristika Vrednost Kategorija Motorne kosa\u010dice Te\u017eina pakovanja 23.7 kg Brend Agm Tip motora OHV EURO 5 Snaga motora 2.6 kW Zapremina motora 146 cm\u00b3 Broj obrtaja 3000 rpm Povr\u0161ina ko\u0161enja 1100 m\u00b2 \u0160irina ko\u0161enja 501 mm Visina ko\u0161enja 35 &#8211; 70 mm (3 nivoa) Tip pogona Guraju\u0107i Pre\u010dnik to\u010dka (prednji\/zadnji) 7&#8243; \/ 7&#8243; Tip ku\u0107i\u0161ta [&hellip;]<\/p>\n","protected":false},"featured_media":10374,"comment_status":"open","ping_status":"closed","template":"","meta":{"inline_featured_image":false},"product_brand":[],"product_cat":[272],"product_tag":[],"class_list":{"0":"post-10373","1":"product","2":"type-product","3":"status-publish","4":"has-post-thumbnail","6":"product_cat-motorna-kosilica","8":"first","9":"instock","10":"shipping-taxable","11":"purchasable","12":"product-type-simple"},"_links":{"self":[{"href":"https:\/\/tehnikabacko.rs\/index.php\/wp-json\/wp\/v2\/product\/10373","targetHints":{"allow":["GET"]}}],"collection":[{"href":"https:\/\/tehnikabacko.rs\/index.php\/wp-json\/wp\/v2\/product"}],"about":[{"href":"https:\/\/tehnikabacko.rs\/index.php\/wp-json\/wp\/v2\/types\/product"}],"replies":[{"embeddable":true,"href":"https:\/\/tehnikabacko.rs\/index.php\/wp-json\/wp\/v2\/comments?post=10373"}],"wp:featuredmedia":[{"embeddable":true,"href":"https:\/\/tehnikabacko.rs\/index.php\/wp-json\/wp\/v2\/media\/10374"}],"wp:attachment":[{"href":"https:\/\/tehnikabacko.rs\/index.php\/wp-json\/wp\/v2\/media?parent=10373"}],"wp:term":[{"taxonomy":"product_brand","embeddable":true,"href":"https:\/\/tehnikabacko.rs\/index.php\/wp-json\/wp\/v2\/product_brand?post=10373"},{"taxonomy":"product_cat","embeddable":true,"href":"https:\/\/tehnikabacko.rs\/index.php\/wp-json\/wp\/v2\/product_cat?post=10373"},{"taxonomy":"product_tag","embeddable":true,"href":"https:\/\/tehnikabacko.rs\/index.php\/wp-json\/wp\/v2\/product_tag?post=10373"}],"curies":[{"name":"wp","href":"https:\/\/api.w.org\/{rel}","templated":true}]}}