{"id":10296,"date":"2024-01-15T11:27:31","date_gmt":"2024-01-15T11:27:31","guid":{"rendered":"https:\/\/tehnikabacko.rs\/?post_type=product&#038;p=10296"},"modified":"2024-01-15T11:27:31","modified_gmt":"2024-01-15T11:27:31","slug":"vakuumski-aparat-hv100","status":"publish","type":"product","link":"https:\/\/tehnikabacko.rs\/index.php\/product\/vakuumski-aparat-hv100\/","title":{"rendered":"Vakuumski aparat HV100"},"content":{"rendered":"<table class=\"woocommerce-product-attributes shop_attributes\">\n<tbody>\n<tr class=\"woocommerce-product-attributes-item woocommerce-product-attributes-item--attribute_pa_volumen-pumpanja\">\n<th class=\"woocommerce-product-attributes-item__label\">VOLUMEN PUMPANJA<\/th>\n<td class=\"woocommerce-product-attributes-item__value\"><a href=\"https:\/\/www.status-trgovina.hr\/volumen-pumpanja\/8-litara-minutu\/\" rel=\"tag\">8 litara\/minutu<\/a><\/td>\n<\/tr>\n<tr class=\"woocommerce-product-attributes-item woocommerce-product-attributes-item--attribute_pa_duzina-vakuumskog-kanala\">\n<th class=\"woocommerce-product-attributes-item__label\">DU\u017dINA VAKUUMSKOG KANALA<\/th>\n<td class=\"woocommerce-product-attributes-item__value\">280 mm<\/td>\n<\/tr>\n<tr class=\"woocommerce-product-attributes-item woocommerce-product-attributes-item--attribute_pa_kanal-za-noz\">\n<th class=\"woocommerce-product-attributes-item__label\">KANAL ZA NO\u017d<\/th>\n<td class=\"woocommerce-product-attributes-item__value\">da<\/td>\n<\/tr>\n<tr class=\"woocommerce-product-attributes-item woocommerce-product-attributes-item--attribute_pa_podtlak\">\n<th class=\"woocommerce-product-attributes-item__label\">PODTLAK<\/th>\n<td class=\"woocommerce-product-attributes-item__value\">-750 mbar<\/td>\n<\/tr>\n<tr class=\"woocommerce-product-attributes-item woocommerce-product-attributes-item--attribute_pa_prostor-za-foliju-u-roli\">\n<th class=\"woocommerce-product-attributes-item__label\">PROSTOR ZA FOLIJU U ROLI<\/th>\n<td class=\"woocommerce-product-attributes-item__value\">ne<\/td>\n<\/tr>\n<tr class=\"woocommerce-product-attributes-item woocommerce-product-attributes-item--attribute_pa_boja\">\n<th class=\"woocommerce-product-attributes-item__label\">BOJA<\/th>\n<td class=\"woocommerce-product-attributes-item__value\">bijela<\/td>\n<\/tr>\n<tr class=\"woocommerce-product-attributes-item woocommerce-product-attributes-item--attribute_pa_duzina\">\n<th class=\"woocommerce-product-attributes-item__label\">DU\u017dINA<\/th>\n<td class=\"woocommerce-product-attributes-item__value\">385 mm<\/td>\n<\/tr>\n<tr class=\"woocommerce-product-attributes-item woocommerce-product-attributes-item--attribute_pa_motor\">\n<th class=\"woocommerce-product-attributes-item__label\">MOTOR<\/th>\n<td class=\"woocommerce-product-attributes-item__value\">12 V DC (jednosmjerni elektromotor)<\/td>\n<\/tr>\n<tr class=\"woocommerce-product-attributes-item woocommerce-product-attributes-item--attribute_pa_integriran-noz\">\n<th class=\"woocommerce-product-attributes-item__label\">INTEGRIRAN NO\u017d<\/th>\n<td class=\"woocommerce-product-attributes-item__value\">ne<\/td>\n<\/tr>\n<tr class=\"woocommerce-product-attributes-item woocommerce-product-attributes-item--attribute_pa_sirina\">\n<th class=\"woocommerce-product-attributes-item__label\">\u0160IRINA<\/th>\n<td class=\"woocommerce-product-attributes-item__value\">171 mm<\/td>\n<\/tr>\n<tr class=\"woocommerce-product-attributes-item woocommerce-product-attributes-item--attribute_pa_visina\">\n<th class=\"woocommerce-product-attributes-item__label\">VISINA<\/th>\n<td class=\"woocommerce-product-attributes-item__value\">78 mm<\/td>\n<\/tr>\n<tr class=\"woocommerce-product-attributes-item woocommerce-product-attributes-item--attribute_pa_vrsta-pumpe\">\n<th class=\"woocommerce-product-attributes-item__label\">VRSTA PUMPE<\/th>\n<td class=\"woocommerce-product-attributes-item__value\"><a href=\"https:\/\/www.status-trgovina.hr\/vrsta-pumpe\/jedna\/\" rel=\"tag\">jedna<\/a><\/td>\n<\/tr>\n<\/tbody>\n<\/table>\n","protected":false},"excerpt":{"rendered":"<p>VOLUMEN PUMPANJA 8 litara\/minutu DU\u017dINA VAKUUMSKOG KANALA 280 mm KANAL ZA NO\u017d da PODTLAK -750 mbar PROSTOR ZA FOLIJU U ROLI ne BOJA bijela DU\u017dINA 385 mm MOTOR 12 V DC (jednosmjerni elektromotor) INTEGRIRAN NO\u017d ne \u0160IRINA 171 mm VISINA 78 mm VRSTA PUMPE jedna<\/p>\n","protected":false},"featured_media":10292,"comment_status":"open","ping_status":"closed","template":"","meta":{"inline_featured_image":false},"product_brand":[],"product_cat":[316],"product_tag":[],"class_list":{"0":"post-10296","1":"product","2":"type-product","3":"status-publish","4":"has-post-thumbnail","6":"product_cat-vakumerke","8":"first","9":"instock","10":"shipping-taxable","11":"purchasable","12":"product-type-simple"},"_links":{"self":[{"href":"https:\/\/tehnikabacko.rs\/index.php\/wp-json\/wp\/v2\/product\/10296","targetHints":{"allow":["GET"]}}],"collection":[{"href":"https:\/\/tehnikabacko.rs\/index.php\/wp-json\/wp\/v2\/product"}],"about":[{"href":"https:\/\/tehnikabacko.rs\/index.php\/wp-json\/wp\/v2\/types\/product"}],"replies":[{"embeddable":true,"href":"https:\/\/tehnikabacko.rs\/index.php\/wp-json\/wp\/v2\/comments?post=10296"}],"wp:featuredmedia":[{"embeddable":true,"href":"https:\/\/tehnikabacko.rs\/index.php\/wp-json\/wp\/v2\/media\/10292"}],"wp:attachment":[{"href":"https:\/\/tehnikabacko.rs\/index.php\/wp-json\/wp\/v2\/media?parent=10296"}],"wp:term":[{"taxonomy":"product_brand","embeddable":true,"href":"https:\/\/tehnikabacko.rs\/index.php\/wp-json\/wp\/v2\/product_brand?post=10296"},{"taxonomy":"product_cat","embeddable":true,"href":"https:\/\/tehnikabacko.rs\/index.php\/wp-json\/wp\/v2\/product_cat?post=10296"},{"taxonomy":"product_tag","embeddable":true,"href":"https:\/\/tehnikabacko.rs\/index.php\/wp-json\/wp\/v2\/product_tag?post=10296"}],"curies":[{"name":"wp","href":"https:\/\/api.w.org\/{rel}","templated":true}]}}