{"id":10225,"date":"2023-11-13T16:24:58","date_gmt":"2023-11-13T16:24:58","guid":{"rendered":"https:\/\/tehnikabacko.rs\/?post_type=product&#038;p=10225"},"modified":"2025-06-02T08:53:10","modified_gmt":"2025-06-02T08:53:10","slug":"elektricni-bicikl-mini-power","status":"publish","type":"product","link":"https:\/\/tehnikabacko.rs\/index.php\/product\/elektricni-bicikl-mini-power\/","title":{"rendered":"ELEKTRICNI BICIKL MINI POWER"},"content":{"rendered":"<p>BREND: MINI POWER<br \/>\nBOJA: CRVENA<br \/>\nTIP BATERIJE: OLOVNA<br \/>\nDOMET: 20 DO 30 KM<br \/>\nMOTOR: 250 W<br \/>\nKAPACITET BATERIJE: 48V 20AH<br \/>\nMAX BRZINA: 25 KM\/H<br \/>\nTE\u017dINA: 38 KG<br \/>\nMAXIMALNA NOSIVOST: 100 KG<br \/>\nTO\u010cKOVI: 14 INCHA<br \/>\nPREDNJA KO\u010cNICA: DOBO\u0160<br \/>\nZADNJA KO\u010cNICA: DOBO\u0160<br \/>\nAMORTIZER: OPRUGA<\/p>\n","protected":false},"excerpt":{"rendered":"<p>BREND: MINI POWER BOJA: CRVENA TIP BATERIJE: OLOVNA DOMET: 20 DO 30 KM MOTOR: 250 W KAPACITET BATERIJE: 48V 20AH MAX BRZINA: 25 KM\/H TE\u017dINA: 38 KG MAXIMALNA NOSIVOST: 100 KG TO\u010cKOVI: 14 INCHA PREDNJA KO\u010cNICA: DOBO\u0160 ZADNJA KO\u010cNICA: DOBO\u0160 AMORTIZER: OPRUGA<\/p>\n","protected":false},"featured_media":10226,"comment_status":"open","ping_status":"closed","template":"","meta":{"inline_featured_image":false},"product_brand":[],"product_cat":[333],"product_tag":[],"class_list":{"0":"post-10225","1":"product","2":"type-product","3":"status-publish","4":"has-post-thumbnail","6":"product_cat-bicikle","8":"first","9":"instock","10":"shipping-taxable","11":"purchasable","12":"product-type-simple"},"_links":{"self":[{"href":"https:\/\/tehnikabacko.rs\/index.php\/wp-json\/wp\/v2\/product\/10225","targetHints":{"allow":["GET"]}}],"collection":[{"href":"https:\/\/tehnikabacko.rs\/index.php\/wp-json\/wp\/v2\/product"}],"about":[{"href":"https:\/\/tehnikabacko.rs\/index.php\/wp-json\/wp\/v2\/types\/product"}],"replies":[{"embeddable":true,"href":"https:\/\/tehnikabacko.rs\/index.php\/wp-json\/wp\/v2\/comments?post=10225"}],"wp:featuredmedia":[{"embeddable":true,"href":"https:\/\/tehnikabacko.rs\/index.php\/wp-json\/wp\/v2\/media\/10226"}],"wp:attachment":[{"href":"https:\/\/tehnikabacko.rs\/index.php\/wp-json\/wp\/v2\/media?parent=10225"}],"wp:term":[{"taxonomy":"product_brand","embeddable":true,"href":"https:\/\/tehnikabacko.rs\/index.php\/wp-json\/wp\/v2\/product_brand?post=10225"},{"taxonomy":"product_cat","embeddable":true,"href":"https:\/\/tehnikabacko.rs\/index.php\/wp-json\/wp\/v2\/product_cat?post=10225"},{"taxonomy":"product_tag","embeddable":true,"href":"https:\/\/tehnikabacko.rs\/index.php\/wp-json\/wp\/v2\/product_tag?post=10225"}],"curies":[{"name":"wp","href":"https:\/\/api.w.org\/{rel}","templated":true}]}}